000
CXUS53 KGRB 031505
CF6MFI
PRELIMINARY LOCAL CLIMATOLOGICAL DATA (WS FORM: F-6)
STATION: MARSHFIELD WI
MONTH: NOVEMBER
YEAR: 2020
LATITUDE: 44 37 N
LONGITUDE: 90 11 W
TEMPERATURE IN F: :PCPN: SNOW: WIND :SUNSHINE: SKY :PK WND
================================================================================
1 2 3 4 5 6A 6B 7 8 9 10 11 12 13 14 15 16 17 18
12Z AVG MX 2MIN
DY MAX MIN AVG DEP HDD CDD WTR SNW DPTH SPD SPD DIR MIN PSBL S-S WX SPD DR
================================================================================
1 37 20 29 -11 36 0 0.00 0.0 0 19.5 41 320 M M 5 56 330
2 51 21 36 -4 29 0 0.00 0.0 0 9.2 17 260 M M 1 25 260
3 72 30 51 12 14 0 0.00 0.0 0 8.2 22 230 M M 0 36 240
4 74 41 58 19 7 0 0.00 0.0 0 6.4 15 250 M M 0 21 250
5 69 45 57 19 8 0 0.00 0.0 0 6.7 13 320 M M 0 18 300
6 72 43 58 20 7 0 0.00 0.0 0 7.9 21 210 M M 0 26 200
7 72 47 60 23 5 0 0.00 0.0 0 11.5 23 200 M M 0 12 33 200
8 71 45 58 22 7 0 0.00 0.0 0 10.0 21 180 M M 2 29 170
9 69 45 57 21 8 0 0.45 0.0 0 11.8 24 200 M M 8 1 38 210
10 45 29 37 1 28 0 0.66 T 0 13.2 33 220 M M 10 1 46 220
11 42 28 35 0 30 0 0.00 0.0 0 11.4 28 260 M M 4 40 280
12 45 25 35 1 30 0 T T 0 8.7 21 330 M M 5 1 27 330
13 31 20 26 -8 39 0 0.00 0.0 0 9.8 21 320 M M 3 28 320
14 41 23 32 -1 33 0 0.03 0.0 0 12.0 23 140 M M 6 18 31 160
15 41 27 34 1 31 0 0.08 T 0 19.6 31 290 M M 10 18 47 280
16 32 21 27 -5 38 0 0.01 T T 9.9 26 320 M M 6 36 330
17 36 18 27 -5 38 0 0.00 0.0 0 7.6 18 320 M M 1 8 25 310
18 49 28 39 8 26 0 0.00 0.0 0 12.9 24 180 M M 1 32 180
19 59 35 47 17 18 0 0.00 0.0 0 7.1 17 220 M M 0 24 240
20 41 24 33 3 32 0 0.00 0.0 0 11.0 22 310 M M 5 30 290
21 38 20 29 0 36 0 0.00 0.0 0 2.1 8 250 M M 0 18 12 260
22 35 20 28 -1 37 0 T 0.0 0 6.0 16 320 M M 7 18 23 330
23 36 23 30 2 35 0 0.00 0.0 0 5.8 13 320 M M 2 18 310
24 33 24 29 1 36 0 T T 0 8.8 15 140 M M 9 12 23 150
25 37 33 35 8 30 0 0.00 0.0 0 6.3 13 60 M M 10 12 17 70
26 36 32 34 7 31 0 T T 0 8.3 14 260 M M 10 1 24 260
27 37 22 30 4 35 0 0.00 0.0 0 9.5 20 320 M M 5 26 310
28 50 22 36 10 29 0 0.00 0.0 0 8.5 14 250 M M 0 21 230
29 39 27 33 8 32 0 0.00 0.0 0 14.3 28 320 M M 5 39 310
30 29 15 22 -3 43 0 0.00 0.0 0 10.7 21 360 M M 5 32 340
================================================================================
SM 1419 853 808 0 1.23 T 294.7 M 120
================================================================================
AV 47.3 28.4 9.8 FASTST M M 4 MAX(MPH)
MISC ----> 41 320 56 330
================================================================================
NOTES:
# LAST OF SEVERAL OCCURRENCES
COLUMN 17 PEAK WIND IN M.P.H.
PRELIMINARY LOCAL CLIMATOLOGICAL DATA (WS FORM: F-6) , PAGE 2
STATION: MARSHFIELD WI
MONTH: NOVEMBER
YEAR: 2020
LATITUDE: 44 37 N
LONGITUDE: 90 11 W
[TEMPERATURE DATA] [PRECIPITATION DATA] SYMBOLS USED IN COLUMN 16
AVERAGE MONTHLY: 37.9 TOTAL FOR MONTH: 1.23 1 = FOG OR MIST
DPTR FM NORMAL: 5.5 DPTR FM NORMAL: -0.25 2 = FOG REDUCING VISIBILITY
HIGHEST: 74 ON 4 GRTST 24HR 1.10 ON 9-10 TO 1/4 MILE OR LESS
LOWEST: 15 ON 30 3 = THUNDER
SNOW, ICE PELLETS, HAIL 4 = ICE PELLETS
TOTAL MONTH: T 5 = HAIL
GRTST 24HR T ON 10-10 6 = FREEZING RAIN OR DRIZZLE
GRTST DEPTH: T 7 = DUSTSTORM OR SANDSTORM:
VSBY 1/2 MILE OR LESS
8 = SMOKE OR HAZE
[NO. OF DAYS WITH] [WEATHER - DAYS WITH] 9 = BLOWING SNOW
X = TORNADO
MAX 32 OR BELOW: 3 0.01 INCH OR MORE: 5
MAX 90 OR ABOVE: 0 0.10 INCH OR MORE: 2
MIN 32 OR BELOW: 22 0.50 INCH OR MORE: 1
MIN 0 OR BELOW: 0 1.00 INCH OR MORE: 0
[HDD (BASE 65) ]
TOTAL THIS MO. 808 CLEAR (SCALE 0-3) 13
DPTR FM NORMAL -170 PTCLDY (SCALE 4-7) 11
TOTAL FM JUL 1 1810 CLOUDY (SCALE 8-10) 6
DPTR FM NORMAL -23
[CDD (BASE 65) ]
TOTAL THIS MO. 0
DPTR FM NORMAL 0 [PRESSURE DATA]
TOTAL FM JAN 1 495 HIGHEST SLP 30.60 ON 21
DPTR FM NORMAL 124 LOWEST SLP 29.26 ON 15
[REMARKS]
#FINAL-11-20#