080
CXUS56 KMFR 011710
CF6MFR
PRELIMINARY LOCAL CLIMATOLOGICAL DATA (WS FORM: F-6)
STATION: MEDFORD OR
MONTH: FEBRUARY
YEAR: 2021
LATITUDE: 42 22 N
LONGITUDE: 122 52 W
TEMPERATURE IN F: :PCPN: SNOW: WIND :SUNSHINE: SKY :PK WND
================================================================================
1 2 3 4 5 6A 6B 7 8 9 10 11 12 13 14 15 16 17 18
12Z AVG MX 2MIN
DY MAX MIN AVG DEP HDD CDD WTR SNW DPTH SPD SPD DIR MIN PSBL S-S WX SPD DR
================================================================================
1 62 40 51 9 14 0 0.09 0.0 0 5.9 30 140 M M 7 1 37 160
2 53 42 48 6 17 0 0.05 0.0 0 3.3 16 230 M M 8 1 22 220
3 50 33 42 0 23 0 0.34 0.0 0 4.2 15 170 M M 6 1 20 170
4 47 30 39 -4 26 0 0.00 0.0 0 1.1 7 200 M M 4 1 9 40
5 50 28 39 -4 26 0 0.00 0.0 0 1.9 8 10 M M 5 128 9 10
6 47 32 40 -3 25 0 0.00 0.0 0 1.1 6 210 M M 6 18 7 220
7 45 29 37 -6 28 0 0.00 0.0 0 1.7 8 290 M M 6 128 9 300
8 41 36 39 -4 26 0 0.00 0.0 0 1.3 7 200 M M 8 1 8 340
9 51 35 43 0 22 0 0.00 0.0 0 0.4 5 140 M M 6 5 360
10 58 29 44 0 21 0 0.00 0.0 0 1.0 6 170 M M 2 12 7 200
11 43 35 39 -5 26 0 0.15 0.0 0 1.0 6 10 M M 5 12 7 30
12 49 37 43 -1 22 0 0.13 0.0 0 1.2 8 50 M M 10 12 8 30
13 50 40 45 1 20 0 0.17 0.0 0 2.9 13 250 M M 8 1 16 340
14 46 39 43 -1 22 0 0.34 0.0 0 3.5 10 360 M M 10 1 11 360
15 54 43 49 5 16 0 0.03 0.0 0 3.8 20 260 M M 9 1 27 290
16 53 39 46 2 19 0 0.03 0.0 0 4.8 14 300 M M 8 19 320
17 49 30 40 -5 25 0 0.00 0.0 0 1.9 7 360 M M 2 9 360
18 45 39 42 -3 23 0 0.43 0.0 0 3.2 12 10 M M 8 1 13 10
19 52 41 47 2 18 0 0.09 0.0 0 4.4 18 290 M M 9 128 28 300
20 51 35 43 -2 22 0 T 0.0 0 4.2 14 350 M M 7 17 360
21 49 36 43 -2 22 0 0.00 0.0 0 1.3 7 360 M M 7 7 350
22 56 32 44 -1 21 0 0.00 0.0 0 0.6 7 350 M M 6 128 9 350
23 56 36 46 0 19 0 0.00 0.0 0 3.5 14 10 M M 3 18 17 20
24 56 29 43 -3 22 0 0.00 0.0 0 3.2 10 180 M M 1 13 170
25 57 32 45 -1 20 0 0.00 0.0 0 5.0 18 320 M M 6 23 320
26 51 39 45 -1 20 0 0.02 0.0 0 7.3 21 290 M M 8 27 300
27 50 36 43 -3 22 0 T 0.0 0 4.9 13 350 M M 7 15 320
28 60 29 45 -1 20 0 0.00 0.0 0 1.5 8 200 M M 0 10 170
================================================================================
SM 1431 981 607 0 1.87 0.0 80.1 M 172
================================================================================
AV 51.1 35.0 2.9 FASTST M M 6 MAX(MPH)
MISC ----> 30 140 37 160
================================================================================
NOTES:
# LAST OF SEVERAL OCCURRENCES
COLUMN 17 PEAK WIND IN M.P.H.
PRELIMINARY LOCAL CLIMATOLOGICAL DATA (WS FORM: F-6) , PAGE 2
STATION: MEDFORD OR
MONTH: FEBRUARY
YEAR: 2021
LATITUDE: 42 22 N
LONGITUDE: 122 52 W
[TEMPERATURE DATA] [PRECIPITATION DATA] SYMBOLS USED IN COLUMN 16
AVERAGE MONTHLY: 43.1 TOTAL FOR MONTH: 1.87 1 = FOG OR MIST
DPTR FM NORMAL: -1.1 DPTR FM NORMAL: -0.14 2 = FOG REDUCING VISIBILITY
HIGHEST: 62 ON 1 GRTST 24HR 0.45 ON 18-19 TO 1/4 MILE OR LESS
LOWEST: 28 ON 5 3 = THUNDER
SNOW, ICE PELLETS, HAIL 4 = ICE PELLETS
TOTAL MONTH: 0.0 INCH 5 = HAIL
GRTST 24HR 0.0 6 = FREEZING RAIN OR DRIZZLE
GRTST DEPTH: 0 7 = DUSTSTORM OR SANDSTORM:
VSBY 1/2 MILE OR LESS
8 = SMOKE OR HAZE
[NO. OF DAYS WITH] [WEATHER - DAYS WITH] 9 = BLOWING SNOW
X = TORNADO
MAX 32 OR BELOW: 0 0.01 INCH OR MORE: 12
MAX 90 OR ABOVE: 0 0.10 INCH OR MORE: 6
MIN 32 OR BELOW: 10 0.50 INCH OR MORE: 0
MIN 0 OR BELOW: 0 1.00 INCH OR MORE: 0
[HDD (BASE 65) ]
TOTAL THIS MO. 607 CLEAR (SCALE 0-3) 5
DPTR FM NORMAL 25 PTCLDY (SCALE 4-7) 15
TOTAL FM JUL 1 2748 CLOUDY (SCALE 8-10) 8
DPTR FM NORMAL -366
[CDD (BASE 65) ]
TOTAL THIS MO. 0
DPTR FM NORMAL 0 [PRESSURE DATA]
TOTAL FM JAN 1 0 HIGHEST SLP 30.65 ON 21
DPTR FM NORMAL 0 LOWEST SLP 29.69 ON 1
[REMARKS]
#FINAL-02-21#