000
CXUS51 KPBZ 010730
CF6MGW
PRELIMINARY LOCAL CLIMATOLOGICAL DATA (WS FORM: F-6)
STATION: MORGANTOWN WV
MONTH: APRIL
YEAR: 2023
LATITUDE: 39 39 N
LONGITUDE: 79 55 W
TEMPERATURE IN F: :PCPN: SNOW: WIND :SUNSHINE: SKY :PK WND
================================================================================
1 2 3 4 5 6A 6B 7 8 9 10 11 12 13 14 15 16 17 18
12Z AVG MX 2MIN
DY MAX MIN AVG DEP HDD CDD WTR SNW DPTH SPD SPD DIR MIN PSBL S-S WX SPD DR
================================================================================
1 72 39 56 8 9 0 0.13 M M 8.6 28 230 M M 7 3 46 230
2 51 34 43 -6 22 0 0.03 M M 5.9 14 350 M M 6 1 19 360
3 72 32 52 3 13 0 0.00 M M 2.9 14 230 M M 2 23 230
4 78 52 65 16 0 0 0.00 M M 4.7 13 220 M M 2 21 190
5 87 61 74 24 0 9 0.00 M M 6.7 20 290 M M 3 8 35 310
6 65 47 56 6 9 0 0.04 M M 3.2 15 320 M M 10 18 23 330
7 54 41 48 -3 17 0 0.00 M M 6.0 12 360 M M 2 16 360
8 55 31 43 -8 22 0 0.00 M M 4.3 10 30 M M 0 16 10
9 61 31 46 -5 19 0 0.00 M M 3.8 13 340 M M 0 20 350
10 69 33 51 -1 14 0 0.00 M M 1.3 8 340 M M 0 14 340
11 75 36 56 4 9 0 0.00 M M 4.2 13 220 M M 0 17 280
12 80 47 64 11 1 0 0.00 M M 6.1 15 220 M M 0 21 300
13 84 48 66 13 0 1 0.00 M M 2.1 10 230 M M 0 13 230
14 82 49 66 13 0 1 T M M 3.0 15 220 M M 3 3 19 230
15 76 59 68 14 0 3 0.03 M M 3.8 12 220 M M 7 16 200
16 81 49 65 11 0 0 0.37 M M 4.6 22 270 M M 5 1 34 290
17 49 43 46 -8 19 0 0.01 M M 7.5 18 210 M M 9 1 29 220
18 61 41 51 -4 14 0 0.00 M M 7.1 17 280 M M 4 29 220
19 74 34 54 -1 11 0 0.00 M M 1.3 8 220 M M 0 13 280
20 85 49 67 11 0 2 0.00 M M 3.5 13 230 M M 0 19 240
21 85 53 69 13 0 4 0.02 M M 5.2 15 230 M M 2 23 210
22 63 46 55 -1 10 0 0.17 M M 6.0 18 200 M M 7 18 30 210
23 47 39 43 -14 22 0 0.00 M M 5.6 13 230 M M 9 22 220
24 52 35 44 -13 21 0 0.00 M M 5.2 13 290 M M 7 22 320
25 60 31 46 -11 19 0 0.00 M M 2.5 9 240 M M 5 8 17 220
26 67 40 54 -4 11 0 T M M 4.0 13 280 M M 5 8 21 250
27 71 38 55 -3 10 0 0.00 M M 5.1 15 130 M M 1 1 24 120
28 62 52 57 -1 8 0 0.39 M M 11.0 24 140 M M 9 1 42 120
29 64 53 59 1 6 0 0.03 M M 4.8 14 230 M M 10 138 22 240
30 62 47 55 -4 10 0 0.19 M M 4.6 14 300 M M 8 13 21 310
================================================================================
SM 2044 1290 296 20 1.41 M 144.6 M 123
================================================================================
AV 68.1 43.0 4.8 FASTST M M 4 MAX(MPH)
MISC ----> 28 230 46 230
================================================================================
NOTES:
# LAST OF SEVERAL OCCURRENCES
COLUMN 17 PEAK WIND IN M.P.H.
PRELIMINARY LOCAL CLIMATOLOGICAL DATA (WS FORM: F-6) , PAGE 2
STATION: MORGANTOWN WV
MONTH: APRIL
YEAR: 2023
LATITUDE: 39 39 N
LONGITUDE: 79 55 W
[TEMPERATURE DATA] [PRECIPITATION DATA] SYMBOLS USED IN COLUMN 16
AVERAGE MONTHLY: 55.6 TOTAL FOR MONTH: 1.41 1 = FOG OR MIST
DPTR FM NORMAL: 1.8 DPTR FM NORMAL: -2.46 2 = FOG REDUCING VISIBILITY
HIGHEST: 87 ON 5 GRTST 24HR 0.39 ON 28-28 TO 1/4 MILE OR LESS
LOWEST: 31 ON 25, 9 3 = THUNDER
SNOW, ICE PELLETS, HAIL 4 = ICE PELLETS
TOTAL MONTH: M 5 = HAIL
GRTST 24HR M ON M 6 = FREEZING RAIN OR DRIZZLE
GRTST DEPTH: M ON M 7 = DUSTSTORM OR SANDSTORM:
VSBY 1/2 MILE OR LESS
8 = SMOKE OR HAZE
[NO. OF DAYS WITH] [WEATHER - DAYS WITH] 9 = BLOWING SNOW
X = TORNADO
MAX 32 OR BELOW: 0 0.01 INCH OR MORE: 11
MAX 90 OR ABOVE: 0 0.10 INCH OR MORE: 5
MIN 32 OR BELOW: 4 0.50 INCH OR MORE: 0
MIN 0 OR BELOW: 0 1.00 INCH OR MORE: 0
[HDD (BASE 65) ]
TOTAL THIS MO. 296 CLEAR (SCALE 0-3) 14
DPTR FM NORMAL -58 PTCLDY (SCALE 4-7) 10
TOTAL FM JUL 1 4178 CLOUDY (SCALE 8-10) 6
DPTR FM NORMAL -618
[CDD (BASE 65) ]
TOTAL THIS MO. 20
DPTR FM NORMAL 3 [PRESSURE DATA]
TOTAL FM JAN 1 20 HIGHEST SLP 30.54 ON 8
DPTR FM NORMAL 1 LOWEST SLP 29.32 ON 30
[REMARKS]
#FINAL-04-23#