000
CXUS51 KPBZ 011434
CF6MGW
PRELIMINARY LOCAL CLIMATOLOGICAL DATA (WS FORM: F-6)
STATION: MORGANTOWN WV
MONTH: OCTOBER
YEAR: 2023
LATITUDE: 39 39 N
LONGITUDE: 79 55 W
TEMPERATURE IN F: :PCPN: SNOW: WIND :SUNSHINE: SKY :PK WND
================================================================================
1 2 3 4 5 6A 6B 7 8 9 10 11 12 13 14 15 16 17 18
12Z AVG MX 2MIN
DY MAX MIN AVG DEP HDD CDD WTR SNW DPTH SPD SPD DIR MIN PSBL S-S WX SPD DR
================================================================================
1 76 52 64 3 1 0 0.00 M M 3.3 8 340 M M 2 12 8 340
2 80 53 67 7 0 2 0.00 M M 1.6 6 20 M M 0 6 20
3 86 55 71 11 0 6 0.00 M M 2.6 8 350 M M 1 8 350
4 82 54 68 8 0 3 0.00 M M M M M M M 0 M M
5 81 56 69 10 0 4 0.00 M M M M M M M 2 M M
6 68 59 64 5 1 0 0.14 M M 5.0 9 200 M M 6 18 16 200
7 61 46 54 -4 11 0 T M M 6.2 15 290 M M 7 25 290
8 56 42 49 -9 16 0 T M M 6.7 14 240 M M 7 27 280
9 56 43 50 -8 15 0 0.00 M M 5.3 10 210 M M 9 16 160
10 64 43 54 -3 11 0 0.00 M M 5.0 15 220 M M 5 1 24 220
11 67 37 52 -5 13 0 0.00 M M 3.8 12 240 M M 0 20 230
12 74 44 59 2 6 0 0.00 M M 2.4 12 30 M M 4 18 40
13 73 47 60 4 5 0 0.00 M M 3.5 12 130 M M 2 1 16 130
14 67 47 57 1 8 0 0.88 M M 6.7 16 360 M M 10 13 24 350
15 55 46 51 -5 14 0 0.06 M M 6.7 17 360 M M 10 1 25 340
16 53 45 49 -6 16 0 0.03 M M 4.2 9 330 M M 10 18 13 270
17 55 49 52 -3 13 0 T M M 3.2 10 290 M M 10 1 16 290
18 58 44 51 -3 14 0 0.00 M M 2.1 8 220 M M 8 13 210
19 69 39 54 0 11 0 0.00 M M 4.2 12 170 M M 2 20 170
20 63 52 58 4 7 0 0.57 M M 5.5 14 170 M M 10 1 20 170
21 57 49 53 -1 12 0 0.19 M M 5.7 15 230 M M 10 1 26 230
22 54 37 46 -7 19 0 0.02 M M 4.7 10 290 M M 8 1 20 300
23 62 31 47 -6 18 0 0.00 M M 0.8 7 340 M M 0 1 10 330
24 75 37 56 4 9 0 0.00 M M 2.5 10 200 M M 0 8 17 200
25 76 47 62 10 3 0 0.00 M M 2.9 14 230 M M 0 8 20 220
26 76 44 60 8 5 0 0.00 M M 3.5 13 200 M M 0 8 22 210
27 76 56 66 15 0 1 T M M 4.6 13 200 M M 7 20 190
28 69 59 64 13 1 0 0.06 M M 5.2 12 220 M M 9 12 18 220
29 66 58 62 11 3 0 0.56 M M 3.2 13 230 M M 10 12 21 220
30 64 41 53 3 12 0 0.84 M M 5.8 13 330 M M 10 1 23 340
31 47 34 41 -9 24 0 0.00 M M 2.3 14 300 M M 8 1 26 300
================================================================================
SM 2066 1446 268 16 3.35 M 119.2 M 167
================================================================================
AV 66.6 46.6 4.1 FASTST M M 5 MAX(MPH)
MISC ----> 17 360 27 280
================================================================================
NOTES:
# LAST OF SEVERAL OCCURRENCES
COLUMN 17 PEAK WIND IN M.P.H.
PRELIMINARY LOCAL CLIMATOLOGICAL DATA (WS FORM: F-6) , PAGE 2
STATION: MORGANTOWN WV
MONTH: OCTOBER
YEAR: 2023
LATITUDE: 39 39 N
LONGITUDE: 79 55 W
[TEMPERATURE DATA] [PRECIPITATION DATA] SYMBOLS USED IN COLUMN 16
AVERAGE MONTHLY: 56.6 TOTAL FOR MONTH: 3.35 1 = FOG OR MIST
DPTR FM NORMAL: 1.3 DPTR FM NORMAL: 0.26 2 = FOG REDUCING VISIBILITY
HIGHEST: 86 ON 3 GRTST 24HR 1.26 ON 29-30 TO 1/4 MILE OR LESS
LOWEST: 31 ON 23 3 = THUNDER
SNOW, ICE PELLETS, HAIL 4 = ICE PELLETS
TOTAL MONTH: M 5 = HAIL
GRTST 24HR M ON M 6 = FREEZING RAIN OR DRIZZLE
GRTST DEPTH: M ON M 7 = DUSTSTORM OR SANDSTORM:
VSBY 1/2 MILE OR LESS
8 = SMOKE OR HAZE
[NO. OF DAYS WITH] [WEATHER - DAYS WITH] 9 = BLOWING SNOW
X = TORNADO
MAX 32 OR BELOW: 0 0.01 INCH OR MORE: 10
MAX 90 OR ABOVE: 0 0.10 INCH OR MORE: 6
MIN 32 OR BELOW: 1 0.50 INCH OR MORE: 4
MIN 0 OR BELOW: 0 1.00 INCH OR MORE: 0
[HDD (BASE 65) ]
TOTAL THIS MO. 268 CLEAR (SCALE 0-3) 12
DPTR FM NORMAL -50 PTCLDY (SCALE 4-7) 8
TOTAL FM JUL 1 309 CLOUDY (SCALE 8-10) 11
DPTR FM NORMAL -80
[CDD (BASE 65) ]
TOTAL THIS MO. 16
DPTR FM NORMAL -2 [PRESSURE DATA]
TOTAL FM JAN 1 884 HIGHEST SLP 30.36 ON 25
DPTR FM NORMAL -44 LOWEST SLP 29.52 ON 14
[REMARKS]
#FINAL-10-23#