000
CXUS53 KFSD 012142
CF6MHE
PRELIMINARY LOCAL CLIMATOLOGICAL DATA (WS FORM: F-6)
STATION: MITCHELL SD
MONTH: NOVEMBER
YEAR: 2021
LATITUDE: 43 46 N
LONGITUDE: 98 2 W
TEMPERATURE IN F: :PCPN: SNOW: WIND :SUNSHINE: SKY :PK WND
================================================================================
1 2 3 4 5 6A 6B 7 8 9 10 11 12 13 14 15 16 17 18
12Z AVG MX 2MIN
DY MAX MIN AVG DEP HDD CDD WTR SNW DPTH SPD SPD DIR MIN PSBL S-S WX SPD DR
================================================================================
1 47 25 36 -6 29 0 0.00 0.0 0 6.6 17 300 M M 3 24 290
2 46 19 33 -8 32 0 0.00 0.0 0 4.0 9 110 M M 1 18 12 120
3 52 24 38 -3 27 0 0.00 0.0 0 3.8 10 160 M M 0 12 160
4 60 25 43 3 22 0 0.00 0.0 0 10.4 18 160 M M 2 1 25 160
5 70 42 56 16 9 0 0.00 0.0 0 14.1 26 290 M M 1 33 300
6 70 35 53 14 12 0 0.00 0.0 0 9.0 16 160 M M 0 21 160
7 67 43 55 16 10 0 0.00 0.0 0 6.9 20 340 M M 0 25 340
8 54 34 44 6 21 0 0.00 0.0 0 9.2 22 20 M M 3 27 20
9 55 33 44 6 21 0 T 0.0 0 5.2 14 200 M M 5 18 190
10 50 37 44 6 21 0 0.08 0.0 0 12.1 22 320 M M 7 1 30 320
11 45 32 39 2 26 0 0.02 T 0 24.9 41 300 M M 5 1 55 300
12 32 26 29 -7 36 0 0.04 0.1 T 28.8 46 330 M M 10 1 61 330
13 50 24 37 1 28 0 0.02 T 0 13.5 39 330 M M 8 46 52 320
14 45 31 38 2 27 0 T 0.0 0 8.2 24 320 M M 8 33 330
15 49 30 40 5 25 0 T 0.0 0 9.3 15 150 M M 2 21 130
16 69 37 53 18 12 0 0.00 0.0 0 14.9 32 330 M M 0 43 320
17 44 24 34 0 31 0 0.00 0.0 0 17.8 36 310 M M 3 46 310
18 37 20 29 -5 36 0 0.00 0.0 0 11.2 22 300 M M 0 28 300
19 50 28 39 6 26 0 0.00 0.0 0 12.0 29 150 M M 1 37 150
20 47 35 41 8 24 0 T 0.0 0 4.8 13 20 M M 9 18 360
21 36 19 28 -4 37 0 0.00 0.0 0 12.0 31 350 M M 2 41 350
22 49 20 35 3 30 0 0.00 0.0 0 6.3 13 160 M M 1 16 160
23 67 28 48 17 17 0 0.00 0.0 0 9.5 18 210 M M 0 24 230
24 40 23 32 1 33 0 0.00 0.0 0 18.3 31 350 M M 5 43 340
25 29 8 19 -11 46 0 0.00 0.0 0 10.0 23 340 M M 2 31 310
26 59 25 42 12 23 0 0.00 0.0 0 8.1 16 150 M M 0 20 160
27 51 25 38 8 27 0 0.00 0.0 0 13.1 28 330 M M 2 36 330
28 50 19 35 6 30 0 0.00 0.0 0 7.8 16 160 M M 2 19 160
29 66 37 52 23 13 0 0.00 0.0 0 11.3 29 310 M M 0 36 310
30 55 27 41 13 24 0 T 0.0 0 8.1 18 280 M M 4 25 280
================================================================================
SM 1541 835 755 0 0.16 0.1 331.2 M 86
================================================================================
AV 51.4 27.8 11.0 FASTST M M 3 MAX(MPH)
MISC ----> 46 330 61 330
================================================================================
NOTES:
# LAST OF SEVERAL OCCURRENCES
-COLUMN 17 PEAK WIND IN M.P.H.
-PRECIPITATION AMOUNTS IN COLUMNS 7, 8, AND 9 ARE THE OFFICIAL PRECIPITATION
AMOUNTS FOR MITCHELL, SD.
-SNOW DEPTH IN COLUMN 9 IS RECORDED AT 6 AM CST (12Z)
PRELIMINARY LOCAL CLIMATOLOGICAL DATA (WS FORM: F-6) , PAGE 2
STATION: MITCHELL SD
MONTH: NOVEMBER
YEAR: 2021
LATITUDE: 43 46 N
LONGITUDE: 98 2 W
[TEMPERATURE DATA] [PRECIPITATION DATA] SYMBOLS USED IN COLUMN 16
AVERAGE MONTHLY: 39.6 TOTAL FOR MONTH: 0.16 1 = FOG OR MIST
DPTR FM NORMAL: 4.7 DPTR FM NORMAL: -0.39 2 = FOG REDUCING VISIBILITY
HIGHEST: 70 ON 6, 5 GRTST 24HR 0.08 ON 10-10 TO 1/4 MILE OR LESS
LOWEST: 8 ON 25 3 = THUNDER
SNOW, ICE PELLETS, HAIL 4 = ICE PELLETS
TOTAL MONTH: 0.1 INCH 5 = HAIL
GRTST 24HR 0.1 ON 12-12 6 = FREEZING RAIN OR DRIZZLE
GRTST DEPTH: T 7 = DUSTSTORM OR SANDSTORM:
VSBY 1/2 MILE OR LESS
8 = SMOKE OR HAZE
[NO. OF DAYS WITH] [WEATHER - DAYS WITH] 9 = BLOWING SNOW
X = TORNADO
MAX 32 OR BELOW: 2 0.01 INCH OR MORE: 4
MAX 90 OR ABOVE: 0 0.10 INCH OR MORE: 0
MIN 32 OR BELOW: 21 0.50 INCH OR MORE: 0
MIN 0 OR BELOW: 0 1.00 INCH OR MORE: 0
[HDD (BASE 65) ]
TOTAL THIS MO. 755 CLEAR (SCALE 0-3) 21
DPTR FM NORMAL -148 PTCLDY (SCALE 4-7) 7
TOTAL FM JUL 1 1141 CLOUDY (SCALE 8-10) 2
DPTR FM NORMAL -381
[CDD (BASE 65) ]
TOTAL THIS MO. 0
DPTR FM NORMAL 0 [PRESSURE DATA]
TOTAL FM JAN 1 1135 HIGHEST SLP 30.59 ON 25
DPTR FM NORMAL 256 LOWEST SLP 29.39 ON 16
[REMARKS]
RECORD DAILY MAXIMUM TEMPERATURE WAS ESTABLISHED ON THE 29TH
WITH A HIGH OF 66 DEGREES. THE PREVIOUS RECORD WAS 63 DEGREES IN 1932.
#FINAL-11-21#