000
CXUS52 KMFL 011000
CF6MIA
PRELIMINARY LOCAL CLIMATOLOGICAL DATA (WS FORM: F-6)
STATION: MIAMI
MONTH: AUGUST
YEAR: 2020
LATITUDE: 25 49 N
LONGITUDE: 80 17 W
TEMPERATURE IN F: :PCPN: SNOW: WIND :SUNSHINE: SKY :PK WND
================================================================================
1 2 3 4 5 6A 6B 7 8 9 10 11 12 13 14 15 16 17 18
12Z AVG MX 2MIN
DY MAX MIN AVG DEP HDD CDD WTR SNW DPTH SPD SPD DIR MIN PSBL S-S WX SPD DR
================================================================================
1 92 78 85 0 0 20 0.89 0.0 0 8.9 29 100 M M 7 18 38 90
2 86 78 82 -3 0 17 1.42 0.0 0 9.1 17 250 M M 10 13 25 260
3 90 78 84 -1 0 19 0.33 0.0 0 4.6 17 210 M M 9 13 23 220
4 86 78 82 -3 0 17 0.07 0.0 0 4.8 15 190 M M 8 13 21 180
5 87 71 79 -6 0 14 0.27 0.0 0 5.4 16 220 M M 8 13 21 210
6 93 72 83 -1 0 18 0.27 0.0 0 3.3 18 20 M M 6 13 27 30
7 93 79 86 2 0 21 0.00 0.0 0 5.5 15 100 M M 4 19 90
8 93 81 87 3 0 22 0.02 0.0 0 6.9 18 90 M M 5 1 23 80
9 92 83 88 4 0 23 0.00 0.0 0 7.9 15 90 M M 5 23 100
10 93 81 87 3 0 22 0.00 0.0 0 7.9 17 100 M M 5 3 23 80
11 94 82 88 4 0 23 0.01 0.0 0 6.1 15 100 M M 6 3 19 90
12 92 79 86 2 0 21 0.58 0.0 0 7.7 21 150 M M 6 13 29 140
13 92 81 87 3 0 22 0.15 0.0 0 8.6 16 130 M M 5 18 22 130
14 92 82 87 3 0 22 T 0.0 0 7.9 14 100 M M 4 25 150
15 90 80 85 1 0 20 0.46 0.0 0 3.6 15 130 M M 4 13 18 130
16 92 79 86 2 0 21 0.01 0.0 0 3.8 12 150 M M 3 3 17 160
17 94 76 85 1 0 20 T 0.0 0 4.8 16 140 M M 5 3 25 150
18 93 79 86 2 0 21 0.00 0.0 0 4.9 15 120 M M 6 3 22 160
19 92 77 85 1 0 20 0.37 0.0 0 4.1 16 150 M M 8 13 22 170
20 91 78 85 1 0 20 0.54 0.0 0 3.5 12 160 M M 9 138 19 170
21 92 78 85 1 0 20 0.00 0.0 0 7.5 17 120 M M 8 22 130
22 92 80 86 2 0 21 0.37 0.0 0 12.0 22 100 M M 8 1 30 110
23 92 80 86 2 0 21 0.19 0.0 0 13.3 28 90 M M 7 138 33 90
24 92 78 85 1 0 20 0.18 0.0 0 19.0 38 130 M M 7 138 55 130
25 92 84 88 4 0 23 0.11 0.0 0 15.1 21 120 M M 6 27 110
26 91 81 86 2 0 21 0.05 0.0 0 10.6 18 90 M M 5 24 100
27 91 81 86 2 0 21 0.00 0.0 0 7.7 16 120 M M 7 21 150
28 92 81 87 3 0 22 0.00 0.0 0 6.6 15 130 M M 7 22 150
29 92 82 87 3 0 22 0.60 0.0 0 5.1 22 190 M M 6 3 28 180
30 93 77 85 1 0 20 0.07 0.0 0 5.0 15 160 M M 8 3 22 140
31 92 77 85 1 0 20 0.48 0.0 0 2.6 21 90 M M 8 138 26 40
================================================================================
SM 2838 2451 0 634 7.44 0.0 223.8 M 200
================================================================================
AV 91.6 79.1 7.2 FASTST M M 6 MAX(MPH)
MISC ----> # 38 130 # 55 130
================================================================================
NOTES:
# LAST OF SEVERAL OCCURRENCES
COLUMN 17 PEAK WIND IN M.P.H.
PRELIMINARY LOCAL CLIMATOLOGICAL DATA (WS FORM: F-6) , PAGE 2
STATION: MIAMI
MONTH: AUGUST
YEAR: 2020
LATITUDE: 25 49 N
LONGITUDE: 80 17 W
[TEMPERATURE DATA] [PRECIPITATION DATA] SYMBOLS USED IN COLUMN 16
AVERAGE MONTHLY: 85.3 TOTAL FOR MONTH: 7.44 1 = FOG OR MIST
DPTR FM NORMAL: 1.1 DPTR FM NORMAL: -1.44 2 = FOG REDUCING VISIBILITY
HIGHEST: 94 ON 17,11 GRTST 24HR 1.42 ON 2- 2 TO 1/4 MILE OR LESS
LOWEST: 71 ON 5 3 = THUNDER
SNOW, ICE PELLETS, HAIL 4 = ICE PELLETS
TOTAL MONTH: 0.0 INCH 5 = HAIL
GRTST 24HR 0.0 6 = FREEZING RAIN OR DRIZZLE
GRTST DEPTH: 0 7 = DUSTSTORM OR SANDSTORM:
VSBY 1/2 MILE OR LESS
8 = SMOKE OR HAZE
[NO. OF DAYS WITH] [WEATHER - DAYS WITH] 9 = BLOWING SNOW
X = TORNADO
MAX 32 OR BELOW: 0 0.01 INCH OR MORE: 22
MAX 90 OR ABOVE: 28 0.10 INCH OR MORE: 16
MIN 32 OR BELOW: 0 0.50 INCH OR MORE: 5
MIN 0 OR BELOW: 0 1.00 INCH OR MORE: 1
[HDD (BASE 65) ]
TOTAL THIS MO. 0 CLEAR (SCALE 0-3) 0
DPTR FM NORMAL 0 PTCLDY (SCALE 4-7) 28
TOTAL FM JUL 1 0 CLOUDY (SCALE 8-10) 3
DPTR FM NORMAL 0
[CDD (BASE 65) ]
TOTAL THIS MO. 634
DPTR FM NORMAL 39 [PRESSURE DATA]
TOTAL FM JAN 1 3717 HIGHEST SLP 30.15 ON 8
DPTR FM NORMAL 642 LOWEST SLP 29.71 ON 2
[REMARKS]
#FINAL-08-20#