000
CXUS53 KGRR 011010
CF6MKG
PRELIMINARY LOCAL CLIMATOLOGICAL DATA (WS FORM: F-6)
STATION: MUSKEGON
MONTH: NOVEMBER
YEAR: 2022
LATITUDE: 43 10 N
LONGITUDE: 86 14 W
TEMPERATURE IN F: :PCPN: SNOW: WIND :SUNSHINE: SKY :PK WND
================================================================================
1 2 3 4 5 6A 6B 7 8 9 10 11 12 13 14 15 16 17 18
12Z AVG MX 2MIN
DY MAX MIN AVG DEP HDD CDD WTR SNW DPTH SPD SPD DIR MIN PSBL S-S WX SPD DR
================================================================================
1 64 43 54 8 11 0 0.00 0.0 0 6.0 10 200 M M 6 128 15 220
2 69 38 54 8 11 0 0.00 0.0 0 7.1 15 180 M M 0 18 22 180
3 70 52 61 16 4 0 0.00 0.0 0 13.5 22 180 M M 2 37 190
4 71 61 66 21 0 1 0.44 0.0 0 16.5 28 190 M M 8 13 42 200
5 71 50 61 16 4 0 0.21 0.0 0 23.6 40 210 M M 10 18 58 200
6 58 50 54 10 11 0 0.00 0.0 0 17.7 29 220 M M 4 41 180
7 54 39 47 3 18 0 0.00 0.0 0 12.2 24 270 M M 1 35 290
8 55 35 45 1 20 0 0.00 0.0 0 9.9 20 110 M M 5 26 120
9 68 39 54 11 11 0 T 0.0 0 8.3 22 190 M M 7 38 170
10 71 63 67 24 0 2 0.00 0.0 0 18.0 29 190 M M 4 43 190
11 65 37 51 9 14 0 0.00 0.0 0 12.8 21 290 M M 8 34 290
12 40 34 37 -5 28 0 0.10 T T 10.1 20 310 M M 10 1 30 320
13 37 33 35 -7 30 0 0.02 0.2 0 7.3 16 340 M M 10 8 25 340
14 39 32 36 -5 29 0 0.00 0.0 0 6.4 13 140 M M 10 17 160
15 35 30 33 -8 32 0 0.18 2.1 0 7.6 13 70 M M 8 1 19 70
16 42 28 35 -6 30 0 0.06 0.6 2 5.0 14 340 M M 8 1 18 300
17 37 27 32 -8 33 0 0.18 2.5 1 14.2 26 240 M M 10 18 39 260
18 33 26 30 -10 35 0 0.03 0.5 3 16.0 26 270 M M 10 9 41 240
19 32 22 27 -13 38 0 0.03 0.2 3 19.3 31 290 M M 10 89 46 220
20 38 23 31 -8 34 0 0.02 0.4 4 15.4 30 220 M M 9 41 220
21 43 33 38 -1 27 0 0.00 0.0 3 15.1 31 220 M M 4 43 210
22 47 24 36 -3 29 0 0.00 0.0 T 4.0 15 250 M M 4 18 20 260
23 51 26 39 1 26 0 0.00 0.0 0 5.8 15 200 M M 1 18 20 190
24 54 33 44 6 21 0 0.08 0.0 0 8.2 20 300 M M 6 18 27 320
25 47 36 42 4 23 0 0.00 0.0 0 10.3 18 330 M M 5 8 28 330
26 52 42 47 10 18 0 0.00 0.0 0 13.3 23 190 M M 1 33 190
27 49 37 43 6 22 0 T 0.0 0 7.4 22 350 M M 7 8 29 350
28 45 27 36 -1 29 0 0.00 0.0 0 5.1 13 150 M M 8 1 17 200
29 59 41 50 14 15 0 0.17 0.0 0 14.1 29 130 M M 10 18 41 140
30 52 28 40 4 25 0 T T T 19.3 30 280 M M 10 48 280
================================================================================
SM 1548 1089 628 3 1.52 6.5 349.5 M 196
================================================================================
AV 51.6 36.3 11.6 FASTST M M 7 MAX(MPH)
MISC ----> 40 210 58 200
================================================================================
NOTES:
# LAST OF SEVERAL OCCURRENCES
COLUMN 17 PEAK WIND IN M.P.H.
PRELIMINARY LOCAL CLIMATOLOGICAL DATA (WS FORM: F-6) , PAGE 2
STATION: MUSKEGON
MONTH: NOVEMBER
YEAR: 2022
LATITUDE: 43 10 N
LONGITUDE: 86 14 W
[TEMPERATURE DATA] [PRECIPITATION DATA] SYMBOLS USED IN COLUMN 16
AVERAGE MONTHLY: 43.9 TOTAL FOR MONTH: 1.52 1 = FOG OR MIST
DPTR FM NORMAL: 2.9 DPTR FM NORMAL: -1.40 2 = FOG REDUCING VISIBILITY
HIGHEST: 71 ON 10, 5 GRTST 24HR 0.65 ON 4- 5 TO 1/4 MILE OR LESS
LOWEST: 22 ON 19 3 = THUNDER
SNOW, ICE PELLETS, HAIL 4 = ICE PELLETS
TOTAL MONTH: 6.5 INCHES 5 = HAIL
GRTST 24HR 2.5 ON 17-17 6 = FREEZING RAIN OR DRIZZLE
GRTST DEPTH: 4 ON 20 7 = DUSTSTORM OR SANDSTORM:
VSBY 1/2 MILE OR LESS
8 = SMOKE OR HAZE
[NO. OF DAYS WITH] [WEATHER - DAYS WITH] 9 = BLOWING SNOW
X = TORNADO
MAX 32 OR BELOW: 1 0.01 INCH OR MORE: 12
MAX 90 OR ABOVE: 0 0.10 INCH OR MORE: 6
MIN 32 OR BELOW: 11 0.50 INCH OR MORE: 0
MIN 0 OR BELOW: 0 1.00 INCH OR MORE: 0
[HDD (BASE 65) ]
TOTAL THIS MO. 628 CLEAR (SCALE 0-3) 5
DPTR FM NORMAL -94 PTCLDY (SCALE 4-7) 12
TOTAL FM JUL 1 1128 CLOUDY (SCALE 8-10) 13
DPTR FM NORMAL -144
[CDD (BASE 65) ]
TOTAL THIS MO. 3
DPTR FM NORMAL 3 [PRESSURE DATA]
TOTAL FM JAN 1 878 HIGHEST SLP 30.75 ON 8
DPTR FM NORMAL 228 LOWEST SLP 29.38 ON 5
[REMARKS]
#FINAL-11-22#