000
CXUS53 KGRR 010910
CF6MKG
PRELIMINARY LOCAL CLIMATOLOGICAL DATA (WS FORM: F-6)
STATION: MUSKEGON
MONTH: AUGUST
YEAR: 2023
LATITUDE: 43 10 N
LONGITUDE: 86 14 W
TEMPERATURE IN F: :PCPN: SNOW: WIND :SUNSHINE: SKY :PK WND
================================================================================
1 2 3 4 5 6A 6B 7 8 9 10 11 12 13 14 15 16 17 18
12Z AVG MX 2MIN
DY MAX MIN AVG DEP HDD CDD WTR SNW DPTH SPD SPD DIR MIN PSBL S-S WX SPD DR
================================================================================
1 81 56 69 -3 0 4 0.00 0.0 0 4.2 10 190 M M 3 16 200
2 83 69 76 4 0 11 0.00 0.0 0 10.2 20 220 M M 6 28 210
3 84 67 76 4 0 11 0.03 0.0 0 7.8 22 310 M M 4 138 33 310
4 85 63 74 2 0 9 0.00 0.0 0 6.1 14 280 M M 2 128 19 270
5 83 67 75 3 0 10 0.00 0.0 0 9.7 16 70 M M 4 8 21 60
6 68 64 66 -6 0 1 0.48 0.0 0 10.4 17 50 M M 8 18 25 50
7 80 64 72 0 0 7 0.00 0.0 0 7.8 18 310 M M 8 27 340
8 80 62 71 -1 0 6 0.00 0.0 0 5.2 14 210 M M 5 18 18 220
9 81 63 72 0 0 7 0.00 0.0 0 5.9 15 200 M M 6 18 21 190
10 81 62 72 0 0 7 0.00 0.0 0 6.3 15 320 M M 4 18 23 260
11 83 59 71 -1 0 6 0.01 0.0 0 9.6 23 200 M M 5 138 31 200
12 79 66 73 2 0 8 0.01 0.0 0 7.8 17 300 M M 3 18 24 290
13 81 64 73 2 0 8 0.00 0.0 0 7.0 13 20 M M 6 1 17 290
14 74 62 68 -3 0 3 1.19 0.0 0 8.6 16 50 M M 10 18 24 30
15 81 53 67 -4 0 2 0.82 0.0 0 9.5 21 330 M M 7 18 28 320
16 80 53 67 -4 0 2 0.00 0.0 0 8.7 20 190 M M 4 31 190
17 78 63 71 0 0 6 0.46 0.0 0 15.2 26 320 M M 5 138 38 330
18 75 56 66 -5 0 1 0.00 0.0 0 7.4 17 270 M M 2 18 23 330
19 81 56 69 -2 0 4 0.00 0.0 0 9.3 22 180 M M 2 18 30 200
20 86 70 78 8 0 13 0.00 0.0 0 7.6 15 200 M M 3 8 22 210
21 85 64 75 5 0 10 0.00 0.0 0 6.1 12 60 M M 5 8 16 100
22 81 66 74 4 0 9 0.00 0.0 0 10.4 17 120 M M 8 23 120
23 89 71 80 10 0 15 0.00 0.0 0 9.6 24 210 M M 7 18 32 210
24 91 72 82 12 0 17 T 0.0 0 7.7 25 240 M M 7 1238 47 240
25 81 66 74 4 0 9 0.00 0.0 0 5.0 12 280 M M 8 18 15 280
26 83 62 73 3 0 8 0.00 0.0 0 6.7 14 70 M M 6 1 21 60
27 78 54 66 -3 0 1 0.00 0.0 0 7.0 14 280 M M 1 19 290
28 78 51 65 -4 0 0 0.00 0.0 0 3.6 13 270 M M 1 18 260
29 80 59 70 1 0 5 T 0.0 0 10.6 22 360 M M 5 18 32 350
30 72 56 64 -5 1 0 0.00 0.0 0 10.4 17 350 M M 3 26 350
31 75 47 61 -7 4 0 0.00 0.0 0 3.7 12 250 M M 1 16 270
================================================================================
SM 2497 1907 5 200 3.00 0.0 245.1 M 149
================================================================================
AV 80.5 61.5 7.9 FASTST M M 5 MAX(MPH)
MISC ----> 26 320 47 240
================================================================================
NOTES:
# LAST OF SEVERAL OCCURRENCES
COLUMN 17 PEAK WIND IN M.P.H.
PRELIMINARY LOCAL CLIMATOLOGICAL DATA (WS FORM: F-6) , PAGE 2
STATION: MUSKEGON
MONTH: AUGUST
YEAR: 2023
LATITUDE: 43 10 N
LONGITUDE: 86 14 W
[TEMPERATURE DATA] [PRECIPITATION DATA] SYMBOLS USED IN COLUMN 16
AVERAGE MONTHLY: 71.0 TOTAL FOR MONTH: 3.00 1 = FOG OR MIST
DPTR FM NORMAL: 0.2 DPTR FM NORMAL: -0.10 2 = FOG REDUCING VISIBILITY
HIGHEST: 91 ON 24 GRTST 24HR 2.01 ON 14-15 TO 1/4 MILE OR LESS
LOWEST: 47 ON 31 3 = THUNDER
SNOW, ICE PELLETS, HAIL 4 = ICE PELLETS
TOTAL MONTH: 0.0 INCH 5 = HAIL
GRTST 24HR 0.0 6 = FREEZING RAIN OR DRIZZLE
GRTST DEPTH: 0 7 = DUSTSTORM OR SANDSTORM:
VSBY 1/2 MILE OR LESS
8 = SMOKE OR HAZE
[NO. OF DAYS WITH] [WEATHER - DAYS WITH] 9 = BLOWING SNOW
X = TORNADO
MAX 32 OR BELOW: 0 0.01 INCH OR MORE: 7
MAX 90 OR ABOVE: 1 0.10 INCH OR MORE: 4
MIN 32 OR BELOW: 0 0.50 INCH OR MORE: 2
MIN 0 OR BELOW: 0 1.00 INCH OR MORE: 1
[HDD (BASE 65) ]
TOTAL THIS MO. 5 CLEAR (SCALE 0-3) 9
DPTR FM NORMAL -8 PTCLDY (SCALE 4-7) 20
TOTAL FM JUL 1 5 CLOUDY (SCALE 8-10) 2
DPTR FM NORMAL -11
[CDD (BASE 65) ]
TOTAL THIS MO. 200
DPTR FM NORMAL 9 [PRESSURE DATA]
TOTAL FM JAN 1 654 HIGHEST SLP 30.28 ON 22
DPTR FM NORMAL 81 LOWEST SLP 29.59 ON 17
[REMARKS]
#FINAL-08-23#