375
CXUS54 KTSA 011153
CF6MLC
PRELIMINARY LOCAL CLIMATOLOGICAL DATA (WS FORM: F-6)
STATION: MCALESTER OKLAHOMA
MONTH: MARCH
YEAR: 2021
LATITUDE: 34 52 N
LONGITUDE: 95 47 W
TEMPERATURE IN F: :PCPN: SNOW: WIND :SUNSHINE: SKY :PK WND
================================================================================
1 2 3 4 5 6A 6B 7 8 9 10 11 12 13 14 15 16 17 18
12Z AVG MX 2MIN
DY MAX MIN AVG DEP HDD CDD WTR SNW DPTH SPD SPD DIR MIN PSBL S-S WX SPD DR
================================================================================
1 60 33 47 -2 18 0 0.00 0.0 M 10.6 21 20 M M 3 28 20
2 64 30 47 -2 18 0 0.00 0.0 M 2.9 12 290 M M 1 18 280
3 70 39 55 6 10 0 0.00 0.0 M 6.9 17 220 M M 2 8 23 230
4 74 36 55 5 10 0 0.00 0.0 M 4.0 15 200 M M 2 22 190
5 63 46 55 5 10 0 0.03 0.0 M 8.1 18 40 M M 9 3 30 10
6 65 32 49 -1 16 0 0.00 0.0 M 2.8 10 20 M M 2 1 15 20
7 68 33 51 0 14 0 0.00 0.0 M 4.8 16 200 M M 2 26 160
8 70 35 53 2 12 0 0.00 0.0 M 7.2 22 220 M M 2 8 29 220
9 69 56 63 12 2 0 0.00 0.0 M 12.9 22 180 M M 4 39 160
10 73 61 67 15 0 2 0.00 0.0 M 12.6 22 180 M M 8 40 200
11 73 57 65 13 0 0 T 0.0 M 8.1 17 200 M M 9 33 190
12 78 57 68 16 0 3 0.04 0.0 M 6.7 16 210 M M 8 1 27 200
13 75 66 71 19 0 6 T 0.0 M 7.8 16 130 M M 8 33 120
14 68 50 59 6 6 0 0.03 0.0 M 6.7 20 220 M M 7 1 26 160
15 74 43 59 6 6 0 0.00 0.0 M 9.8 26 240 M M 4 39 220
16 74 43 59 6 6 0 0.00 0.0 M 5.5 16 200 M M 3 8 27 190
17 72 41 57 3 8 0 T 0.0 M 15.1 30 220 M M 5 1 42 220
18 55 42 49 -5 16 0 0.01 0.0 M 15.3 24 320 M M 10 36 320
19 64 38 51 -3 14 0 0.00 0.0 M 8.9 22 10 M M 4 31 360
20 67 34 51 -3 14 0 0.00 0.0 M 4.0 9 100 M M 2 8 18 80
21 69 46 58 3 7 0 0.00 0.0 M 8.1 18 200 M M 2 8 30 210
22 64 55 60 5 5 0 1.04 0.0 M 8.1 21 240 M M 6 138 33 240
23 68 46 57 2 8 0 0.00 0.0 M 13.6 25 230 M M 6 34 210
24 67 38 53 -3 12 0 0.41 0.0 M 6.2 25 310 M M 3 13 39 270
25 63 43 53 -3 12 0 0.36 0.0 M 5.8 20 280 M M 6 13 29 270
26 78 42 60 4 5 0 0.00 0.0 M 6.6 17 180 M M 2 26 170
27 81 52 67 11 0 2 T 0.0 M 9.4 26 350 M M 4 35 360
28 68 46 57 1 8 0 0.00 0.0 M 7.1 18 350 M M 1 25 350
29 75 37 56 -1 9 0 0.00 0.0 M 7.7 16 190 M M 2 37 140
30 73 55 64 7 1 0 T 0.0 M 11.4 26 10 M M 5 38 20
31 64 36 50 -7 15 0 T 0.0 M 10.4 29 20 M M 5 41 360
================================================================================
SM 2146 1368 262 13 1.92 0.0 255.1 M 137
================================================================================
AV 69.2 44.1 8.2 FASTST M M 4 MAX(MPH)
MISC ----> 30 220 42 220
================================================================================
NOTES:
# LAST OF SEVERAL OCCURRENCES
COLUMN 17 PEAK WIND IN M.P.H.
PRELIMINARY LOCAL CLIMATOLOGICAL DATA (WS FORM: F-6) , PAGE 2
STATION: MCALESTER OKLAHOMA
MONTH: MARCH
YEAR: 2021
LATITUDE: 34 52 N
LONGITUDE: 95 47 W
[TEMPERATURE DATA] [PRECIPITATION DATA] SYMBOLS USED IN COLUMN 16
AVERAGE MONTHLY: 56.7 TOTAL FOR MONTH: 1.92 1 = FOG OR MIST
DPTR FM NORMAL: 3.5 DPTR FM NORMAL: -1.63 2 = FOG REDUCING VISIBILITY
HIGHEST: 81 ON 27 GRTST 24HR 1.04 ON 22-22 TO 1/4 MILE OR LESS
LOWEST: 30 ON 2 3 = THUNDER
SNOW, ICE PELLETS, HAIL 4 = ICE PELLETS
TOTAL MONTH: 0.0 INCH 5 = HAIL
GRTST 24HR 0.0 6 = FREEZING RAIN OR DRIZZLE
GRTST DEPTH: M ON M 7 = DUSTSTORM OR SANDSTORM:
VSBY 1/2 MILE OR LESS
8 = SMOKE OR HAZE
[NO. OF DAYS WITH] [WEATHER - DAYS WITH] 9 = BLOWING SNOW
X = TORNADO
MAX 32 OR BELOW: 0 0.01 INCH OR MORE: 7
MAX 90 OR ABOVE: 0 0.10 INCH OR MORE: 3
MIN 32 OR BELOW: 2 0.50 INCH OR MORE: 1
MIN 0 OR BELOW: 0 1.00 INCH OR MORE: 1
[HDD (BASE 65) ]
TOTAL THIS MO. 262 CLEAR (SCALE 0-3) 13
DPTR FM NORMAL -119 PTCLDY (SCALE 4-7) 14
TOTAL FM JUL 1 2965 CLOUDY (SCALE 8-10) 4
DPTR FM NORMAL -25
[CDD (BASE 65) ]
TOTAL THIS MO. 13
DPTR FM NORMAL -2 [PRESSURE DATA]
TOTAL FM JAN 1 13 HIGHEST SLP 30.49 ON 31
DPTR FM NORMAL -5 LOWEST SLP 29.51 ON 23
[REMARKS]
#FINAL-03-21#