000
CXUS54 KSHV 011400
CF6MLU
PRELIMINARY LOCAL CLIMATOLOGICAL DATA (WS FORM: F-6)
STATION: MONROE
MONTH: JANUARY
YEAR: 2023
LATITUDE: 32 30 N
LONGITUDE: 92 2 W
TEMPERATURE IN F: :PCPN: SNOW: WIND :SUNSHINE: SKY :PK WND
================================================================================
1 2 3 4 5 6A 6B 7 8 9 10 11 12 13 14 15 16 17 18
12Z AVG MX 2MIN
DY MAX MIN AVG DEP HDD CDD WTR SNW DPTH SPD SPD DIR MIN PSBL S-S WX SPD DR
================================================================================
1 71 53 62 15 3 0 0.00 0.0 0 6.0 14 210 M M 6 18 18 210
2 79 66 73 26 0 8 1.60 0.0 0 6.9 16 160 M M 9 138 31 170
3 75 61 68 21 0 3 0.45 0.0 0 9.6 26 210 M M 7 13 37 200
4 67 47 57 10 8 0 0.00 0.0 0 5.9 15 260 M M 0 20 270
5 65 38 52 5 13 0 0.00 0.0 0 M M M M M 0 M M
6 64 36 50 3 15 0 0.00 0.0 0 5.8 13 160 M M 0 8 13 160
7 75 54 65 18 0 0 0.89 0.0 0 10.1 23 320 M M 4 13 37 320
8 M M M M M M 0.64 0.0 0 6.1 13 350 M M 5 13 13 350
9 M M M M M M 0.00 0.0 0 5.7 10 100 M M 0 18 10 100
10 M M M M M M 0.00 0.0 0 7.6 13 240 M M 5 18 17 240
11 M M M M M M 0.00 0.0 0 14.3 24 220 M M 3 8 35 220
12 70 43 57 11 8 0 0.13 0.0 0 17.7 26 320 M M 5 3 37 280
13 51 34 43 -3 22 0 0.00 0.0 0 9.0 20 340 M M 3 28 360
14 52 28 40 -6 25 0 0.00 0.0 0 1.4 8 80 M M 0 11 90
15 66 30 48 1 17 0 0.00 0.0 0 5.6 13 160 M M 1 22 120
16 70 55 63 16 2 0 T 0.0 0 7.9 21 190 M M 8 31 200
17 80 60 70 23 0 5 0.00 0.0 0 5.8 15 250 M M 3 18 18 240
18 77 54 66 19 0 1 0.87 0.0 0 9.6 28 310 M M 8 123 38 310
19 65 44 55 8 10 0 0.00 0.0 0 9.3 21 280 M M 0 1 27 270
20 57 38 48 1 17 0 0.01 0.0 0 4.6 15 50 M M 3 20 60
21 54 44 49 2 16 0 0.16 0.0 0 5.3 13 50 M M 7 1 17 70
22 57 39 48 1 17 0 0.00 0.0 0 9.1 24 280 M M 7 1 31 270
23 54 36 45 -2 20 0 0.00 0.0 0 5.9 14 70 M M 0 19 70
24 49 41 45 -2 20 0 2.00 0.0 0 9.4 25 240 M M 7 13 32 220
25 49 41 45 -2 20 0 0.00 0.0 0 13.2 28 260 M M 10 42 250
26 52 34 43 -4 22 0 0.00 0.0 0 6.7 18 280 M M 1 23 300
27 60 32 46 -1 19 0 0.00 0.0 0 6.1 18 200 M M 0 22 200
28 67 38 53 5 12 0 0.04 0.0 0 6.3 13 170 M M 9 1 25 160
29 63 56 60 12 5 0 1.92 0.0 0 5.7 22 320 M M 10 1 28 310
30 57 42 50 2 15 0 T 0.0 0 8.3 14 50 M M 10 1 19 50
31 42 34 38 -10 27 0 T 0.0 0 10.1 17 20 M M 10 1 23 20
================================================================================
SM 1688 1178 333 17 8.71 0.0 235.0 M 141
================================================================================
AV 62.5 43.6 7.8 FASTST M M 5 MAX(MPH)
MISC ----> # 28 310 42 250
================================================================================
NOTES:
# LAST OF SEVERAL OCCURRENCES
COLUMN 17 PEAK WIND IN M.P.H.
PRELIMINARY LOCAL CLIMATOLOGICAL DATA (WS FORM: F-6) , PAGE 2
STATION: MONROE
MONTH: JANUARY
YEAR: 2023
LATITUDE: 32 30 N
LONGITUDE: 92 2 W
[TEMPERATURE DATA] [PRECIPITATION DATA] SYMBOLS USED IN COLUMN 16
AVERAGE MONTHLY: 53.1 TOTAL FOR MONTH: 8.71 1 = FOG OR MIST
DPTR FM NORMAL: 6.3 DPTR FM NORMAL: 3.56 2 = FOG REDUCING VISIBILITY
HIGHEST: 80 ON 17 GRTST 24HR 2.00 ON 24-24 TO 1/4 MILE OR LESS
LOWEST: 28 ON 14 3 = THUNDER
SNOW, ICE PELLETS, HAIL 4 = ICE PELLETS
TOTAL MONTH: 0.0 INCH 5 = HAIL
GRTST 24HR 0.0 6 = FREEZING RAIN OR DRIZZLE
GRTST DEPTH: 0 7 = DUSTSTORM OR SANDSTORM:
VSBY 1/2 MILE OR LESS
8 = SMOKE OR HAZE
[NO. OF DAYS WITH] [WEATHER - DAYS WITH] 9 = BLOWING SNOW
X = TORNADO
MAX 32 OR BELOW: 0 0.01 INCH OR MORE: 11
MAX 90 OR ABOVE: 0 0.10 INCH OR MORE: 9
MIN 32 OR BELOW: 3 0.50 INCH OR MORE: 6
MIN 0 OR BELOW: 0 1.00 INCH OR MORE: 3
[HDD (BASE 65) ]
TOTAL THIS MO. 333 CLEAR (SCALE 0-3) 13
DPTR FM NORMAL -233 PTCLDY (SCALE 4-7) 12
TOTAL FM JUL 1 1136 CLOUDY (SCALE 8-10) 6
DPTR FM NORMAL -328
[CDD (BASE 65) ]
TOTAL THIS MO. 17
DPTR FM NORMAL 13 [PRESSURE DATA]
TOTAL FM JAN 1 17 HIGHEST SLP 30.43 ON 14
DPTR FM NORMAL 13 LOWEST SLP 29.66 ON 24
[REMARKS]
#FINAL-01-23#