000
CXUS54 KSHV 131300
CF6MLU
PRELIMINARY LOCAL CLIMATOLOGICAL DATA (WS FORM: F-6)
STATION: MONROE
MONTH: SEPTEMBER
YEAR: 2022
LATITUDE: 32 30 N
LONGITUDE: 92 2 W
TEMPERATURE IN F: :PCPN: SNOW: WIND :SUNSHINE: SKY :PK WND
================================================================================
1 2 3 4 5 6A 6B 7 8 9 10 11 12 13 14 15 16 17 18
12Z AVG MX 2MIN
DY MAX MIN AVG DEP HDD CDD WTR SNW DPTH SPD SPD DIR MIN PSBL S-S WX SPD DR
================================================================================
1 94 74 84 3 0 19 0.00 0.0 0 2.6 9 50 M M 2 12 40
2 95 73 84 3 0 19 0.00 0.0 0 2.4 10 350 M M 0 1 14 50
3 91 75 83 3 0 18 T 0.0 0 2.7 16 200 M M 4 19 200
4 90 74 82 2 0 17 0.00 0.0 0 3.1 9 350 M M 5 12 340
5 88 75 82 2 0 17 0.00 0.0 0 3.6 12 200 M M 4 1 15 200
6 92 73 83 3 0 18 T 0.0 0 3.8 13 80 M M 2 18 15 80
7 92 71 82 2 0 17 0.00 0.0 0 4.6 16 10 M M 1 21 20
8 90 70 80 1 0 15 0.00 0.0 0 7.4 16 40 M M 1 20 360
9 90 65 78 -1 0 13 0.68 0.0 0 5.2 16 70 M M 2 13 25 90
10 88 71 80 1 0 15 0.00 0.0 0 2.6 12 350 M M 6 1 15 360
11 90 72 81 2 0 16 0.00 0.0 0 6.8 14 350 M M 5 12 17 340
12 83 61 72 -6 0 7 0.00 0.0 0 5.7 14 30 M M 1 19 20
13 87 57 72 -6 0 7 0.00 0.0 0 1.9 12 50 M M 0 12 15 70
14 88 57 73 -5 0 8 0.00 0.0 0 2.0 13 90 M M 0 18 17 90
15 90 61 76 -2 0 11 0.00 0.0 0 2.1 9 80 M M 1 1 14 60
16 90 61 76 -1 0 11 0.00 0.0 0 1.2 8 170 M M 0 1 10 160
17 91 65 78 1 0 13 0.00 0.0 0 2.9 9 220 M M 1 13 230
18 95 66 81 4 0 16 0.00 0.0 0 1.0 6 80 M M 0 8 180
19 96 70 83 7 0 18 0.00 0.0 0 1.5 8 10 M M 1 1 11 360
20 97 69 83 7 0 18 0.00 0.0 0 1.0 8 50 M M 1 12 10 60
21 98 70 84 8 0 19 0.00 0.0 0 2.0 9 330 M M 0 18 13 10
22 98 71 85 10 0 20 0.00 0.0 0 6.7 17 40 M M 0 1 21 40
23 91 63 77 2 0 12 0.00 0.0 0 3.8 13 40 M M 2 17 40
24 96 65 81 6 0 16 0.00 0.0 0 2.2 9 250 M M 0 12 260
25 96 71 84 10 0 19 0.00 0.0 0 5.2 15 320 M M 0 1 19 350
26 87 59 73 -1 0 8 0.00 0.0 0 7.0 17 330 M M 2 23 10
27 85 55 70 -4 0 5 0.00 0.0 0 4.5 14 10 M M 0 21 20
28 85 55 70 -3 0 5 0.00 0.0 0 7.5 17 10 M M 0 23 10
29 76 51 64 -9 1 0 0.00 0.0 0 8.4 18 20 M M 0 24 20
30 81 49 65 -7 0 0 0.00 0.0 0 5.8 17 30 M M 0 23 20
================================================================================
SM 2710 1969 1 397 0.68 0.0 117.2 M 41
================================================================================
AV 90.3 65.6 3.9 FASTST M M 1 MAX(MPH)
MISC ----> 18 20 25 90
================================================================================
NOTES:
# LAST OF SEVERAL OCCURRENCES
COLUMN 17 PEAK WIND IN M.P.H.
PRELIMINARY LOCAL CLIMATOLOGICAL DATA (WS FORM: F-6) , PAGE 2
STATION: MONROE
MONTH: SEPTEMBER
YEAR: 2022
LATITUDE: 32 30 N
LONGITUDE: 92 2 W
[TEMPERATURE DATA] [PRECIPITATION DATA] SYMBOLS USED IN COLUMN 16
AVERAGE MONTHLY: 78.0 TOTAL FOR MONTH: 0.68 1 = FOG OR MIST
DPTR FM NORMAL: 0.9 DPTR FM NORMAL: -2.87 2 = FOG REDUCING VISIBILITY
HIGHEST: 98 ON 22,21 GRTST 24HR 0.68 ON 9- 9 TO 1/4 MILE OR LESS
LOWEST: 49 ON 30 3 = THUNDER
SNOW, ICE PELLETS, HAIL 4 = ICE PELLETS
TOTAL MONTH: 0.0 INCH 5 = HAIL
GRTST 24HR 0.0 6 = FREEZING RAIN OR DRIZZLE
GRTST DEPTH: 0 7 = DUSTSTORM OR SANDSTORM:
VSBY 1/2 MILE OR LESS
8 = SMOKE OR HAZE
[NO. OF DAYS WITH] [WEATHER - DAYS WITH] 9 = BLOWING SNOW
X = TORNADO
MAX 32 OR BELOW: 0 0.01 INCH OR MORE: 1
MAX 90 OR ABOVE: 20 0.10 INCH OR MORE: 1
MIN 32 OR BELOW: 0 0.50 INCH OR MORE: 1
MIN 0 OR BELOW: 0 1.00 INCH OR MORE: 0
[HDD (BASE 65) ]
TOTAL THIS MO. 1 CLEAR (SCALE 0-3) 25
DPTR FM NORMAL -2 PTCLDY (SCALE 4-7) 5
TOTAL FM JUL 1 1 CLOUDY (SCALE 8-10) 0
DPTR FM NORMAL 1
[CDD (BASE 65) ]
TOTAL THIS MO. 397
DPTR FM NORMAL 31 [PRESSURE DATA]
TOTAL FM JAN 1 2670 HIGHEST SLP 30.30 ON 29
DPTR FM NORMAL 326 LOWEST SLP 29.75 ON 9
[REMARKS]
#FINAL-09-22#