000
CXUS54 KSHV 011400
CF6MLU
PRELIMINARY LOCAL CLIMATOLOGICAL DATA (WS FORM: F-6)
STATION: MONROE
MONTH: DECEMBER
YEAR: 2023
LATITUDE: 32 30 N
LONGITUDE: 92 2 W
TEMPERATURE IN F: :PCPN: SNOW: WIND :SUNSHINE: SKY :PK WND
================================================================================
1 2 3 4 5 6A 6B 7 8 9 10 11 12 13 14 15 16 17 18
12Z AVG MX 2MIN
DY MAX MIN AVG DEP HDD CDD WTR SNW DPTH SPD SPD DIR MIN PSBL S-S WX SPD DR
================================================================================
1 77 58 68 17 0 3 0.02 0.0 0 3.8 12 340 M M 7 12 16 180
2 68 52 60 9 5 0 0.88 0.0 0 4.8 15 320 M M 8 12 18 320
3 71 43 57 6 8 0 0.00 0.0 0 2.9 10 220 M M 4 128 15 240
4 66 42 54 3 11 0 0.00 0.0 0 6.7 16 340 M M 0 22 330
5 72 35 54 3 11 0 0.00 0.0 0 5.2 14 290 M M 0 18 20 320
6 58 37 48 -2 17 0 0.00 0.0 0 2.7 12 50 M M 0 17 50
7 65 33 49 -1 16 0 0.00 0.0 0 4.8 15 210 M M 0 19 210
8 69 46 58 8 7 0 0.04 0.0 0 6.4 17 180 M M 8 27 210
9 84 57 71 21 0 6 0.01 0.0 0 11.2 30 330 M M 7 3 40 340
10 59 33 46 -4 19 0 0.00 0.0 0 8.9 18 340 M M 1 28 350
11 61 27 44 -5 21 0 0.00 0.0 0 1.0 8 220 M M 0 12 220
12 64 30 47 -2 18 0 0.00 0.0 0 2.3 8 110 M M 0 13 100
13 65 35 50 1 15 0 0.00 0.0 0 6.9 16 50 M M 0 21 50
14 69 41 55 6 10 0 0.00 0.0 0 5.9 13 50 M M 0 18 60
15 70 40 55 6 10 0 T 0.0 0 4.7 12 100 M M 2 20 110
16 61 46 54 5 11 0 0.62 0.0 0 5.1 14 320 M M 9 18 18 320
17 60 36 48 0 17 0 0.00 0.0 0 4.0 10 300 M M 0 1 24 10
18 65 35 50 2 15 0 0.00 0.0 0 5.7 18 350 M M 0 1 24 350
19 52 29 41 -7 24 0 0.00 0.0 0 2.4 12 100 M M 0 18 100
20 63 30 47 -1 18 0 0.00 0.0 0 1.7 9 80 M M 0 8 13 90
21 59 40 50 2 15 0 0.00 0.0 0 1.7 7 50 M M 0 9 60
22 73 50 62 14 3 0 T 0.0 0 2.2 8 130 M M 9 13 180
23 73 58 66 18 0 1 T 0.0 0 4.6 12 160 M M 9 1 18 170
24 65 61 63 15 2 0 0.83 0.0 0 7.0 14 140 M M 10 1 25 140
25 61 37 49 2 16 0 0.00 0.0 0 8.6 20 250 M M 9 24 250
26 57 30 44 -3 21 0 0.00 0.0 0 1.6 8 90 M M 1 12 12 90
27 62 37 50 3 15 0 0.00 0.0 0 9.2 22 280 M M 1 32 280
28 49 31 40 -7 25 0 0.00 0.0 0 6.1 18 300 M M 5 25 300
29 55 32 44 -3 21 0 0.00 0.0 0 9.2 21 270 M M 2 28 290
30 59 27 43 -4 22 0 0.00 0.0 0 1.9 10 220 M M 0 18 15 260
31 70 29 50 3 15 0 0.00 0.0 0 4.4 16 230 M M 0 24 240
================================================================================
SM 2002 1217 408 10 2.40 0.0 153.6 M 92
================================================================================
AV 64.6 39.3 5.0 FASTST M M 3 MAX(MPH)
MISC ----> 30 330 40 340
================================================================================
NOTES:
# LAST OF SEVERAL OCCURRENCES
COLUMN 17 PEAK WIND IN M.P.H.
PRELIMINARY LOCAL CLIMATOLOGICAL DATA (WS FORM: F-6) , PAGE 2
STATION: MONROE
MONTH: DECEMBER
YEAR: 2023
LATITUDE: 32 30 N
LONGITUDE: 92 2 W
[TEMPERATURE DATA] [PRECIPITATION DATA] SYMBOLS USED IN COLUMN 16
AVERAGE MONTHLY: 51.9 TOTAL FOR MONTH: 2.40 1 = FOG OR MIST
DPTR FM NORMAL: 3.1 DPTR FM NORMAL: -2.82 2 = FOG REDUCING VISIBILITY
HIGHEST: 84 ON 9 GRTST 24HR 0.90 ON 1- 2 TO 1/4 MILE OR LESS
LOWEST: 27 ON 30,11 3 = THUNDER
SNOW, ICE PELLETS, HAIL 4 = ICE PELLETS
TOTAL MONTH: 0.0 INCH 5 = HAIL
GRTST 24HR 0.0 6 = FREEZING RAIN OR DRIZZLE
GRTST DEPTH: 0 7 = DUSTSTORM OR SANDSTORM:
VSBY 1/2 MILE OR LESS
8 = SMOKE OR HAZE
[NO. OF DAYS WITH] [WEATHER - DAYS WITH] 9 = BLOWING SNOW
X = TORNADO
MAX 32 OR BELOW: 0 0.01 INCH OR MORE: 6
MAX 90 OR ABOVE: 0 0.10 INCH OR MORE: 3
MIN 32 OR BELOW: 9 0.50 INCH OR MORE: 3
MIN 0 OR BELOW: 0 1.00 INCH OR MORE: 0
[HDD (BASE 65) ]
TOTAL THIS MO. 408 CLEAR (SCALE 0-3) 20
DPTR FM NORMAL -102 PTCLDY (SCALE 4-7) 6
TOTAL FM JUL 1 737 CLOUDY (SCALE 8-10) 5
DPTR FM NORMAL -161
[CDD (BASE 65) ]
TOTAL THIS MO. 10
DPTR FM NORMAL 2 [PRESSURE DATA]
TOTAL FM JAN 1 3095 HIGHEST SLP 30.61 ON 13
DPTR FM NORMAL 600 LOWEST SLP 29.78 ON 25
[REMARKS]
#FINAL-12-23#