000
CXUS56 KPQR 120203
CF6MMV
PRELIMINARY LOCAL CLIMATOLOGICAL DATA (WS FORM: F-6)
STATION: MCMINNVILLE OR
MONTH: FEBRUARY
YEAR: 2022
LATITUDE: 45 11 N
LONGITUDE: 123 8 W
TEMPERATURE IN F: :PCPN: SNOW: WIND :SUNSHINE: SKY :PK WND
================================================================================
1 2 3 4 5 6A 6B 7 8 9 10 11 12 13 14 15 16 17 18
12Z AVG MX 2MIN
DY MAX MIN AVG DEP HDD CDD WTR SNW DPTH SPD SPD DIR MIN PSBL S-S WX SPD DR
================================================================================
1 48 27 38 -4 27 0 T M M 4.2 12 250 M M 7 12 14 240
2 47 40 44 2 21 0 0.05 M M 5.3 12 220 M M 10 18 15 230
3 53 32 43 1 22 0 0.00 M M 2.7 8 350 M M 6 12 10 340
4 50 32 41 -1 24 0 T M M 5.2 14 200 M M 9 12 17 190
5 51 35 43 1 22 0 0.00 M M 4.4 9 330 M M 6 12 11 10
6 48 28 38 -4 27 0 0.00 M M 2.4 7 90 M M 5 12 8 120
7 55 33 44 2 21 0 0.00 M M 2.1 7 340 M M 7 128 7 60
8 51 32 42 0 23 0 0.00 M M 1.7 7 170 M M 6 128 9 100
9 60 35 48 5 17 0 0.00 M M 1.2 7 120 M M 4 12 9 150
10 52 35 44 1 21 0 0.00 M M 2.5 10 50 M M 8 12 15 50
11 68 41 55 12 10 0 0.00 M M 8.7 16 20 M M 4 20 340
12 65 41 53 10 12 0 0.00 M M 9.2 15 350 M M 0 17 340
13 60 31 46 3 19 0 0.00 M M 2.5 13 240 M M 0 16 250
14 51 38 45 2 20 0 0.18 M M 9.3 17 240 M M 7 1 23 240
15 48 38 43 0 22 0 0.00 M M 4.5 10 240 M M 8 1 14 230
16 53 41 47 4 18 0 0.00 M M 5.0 12 220 M M 9 18 16 220
17 49 34 42 -1 23 0 0.00 M M 1.2 8 240 M M 4 12 42 90
18 60 31 46 3 19 0 0.00 M M 1.3 7 140 M M 5 12 10 140
19 51 32 42 -2 23 0 T M M 6.3 16 210 M M 9 12 20 240
20 50 37 44 0 21 0 T M M 8.6 16 280 M M 6 21 240
21 44 35 40 -4 25 0 0.11 M M 7.2 16 220 M M 7 1 20 220
22 41 28 35 -9 30 0 0.00 M M 11.5 20 50 M M 4 27 40
23 40 25 33 -11 32 0 0.00 M M 7.4 16 10 M M 0 20 20
24 42 25 34 -10 31 0 0.00 M M 2.1 9 340 M M 8 10 340
25 50 24 37 -7 28 0 0.00 M M 4.2 10 10 M M 0 1 12 320
26 42 28 35 -9 30 0 0.23 M M 3.0 9 360 M M 5 1 10 350
27 56 39 48 4 17 0 0.23 M M 10.0 21 190 M M 10 1 28 200
28 58 54 56 12 9 0 1.98 M M 16.1 25 180 M M 10 1 33 180
================================================================================
SM 1443 951 614 0 2.78 M 149.8 M 164
================================================================================
AV 51.5 34.0 5.3 FASTST M M 6 MAX(MPH)
MISC ----> 25 180 42 90
================================================================================
NOTES:
# LAST OF SEVERAL OCCURRENCES
COLUMN 17 PEAK WIND IN M.P.H.
PRELIMINARY LOCAL CLIMATOLOGICAL DATA (WS FORM: F-6) , PAGE 2
STATION: MCMINNVILLE OR
MONTH: FEBRUARY
YEAR: 2022
LATITUDE: 45 11 N
LONGITUDE: 123 8 W
[TEMPERATURE DATA] [PRECIPITATION DATA] SYMBOLS USED IN COLUMN 16
AVERAGE MONTHLY: 42.8 TOTAL FOR MONTH: 2.78 1 = FOG OR MIST
DPTR FM NORMAL: -0.5 DPTR FM NORMAL: -1.30 2 = FOG REDUCING VISIBILITY
HIGHEST: 68 ON 11 GRTST 24HR 1.98 ON 28-28 TO 1/4 MILE OR LESS
LOWEST: 24 ON 25 3 = THUNDER
SNOW, ICE PELLETS, HAIL 4 = ICE PELLETS
TOTAL MONTH: M 5 = HAIL
GRTST 24HR M ON M 6 = FREEZING RAIN OR DRIZZLE
GRTST DEPTH: M ON M 7 = DUSTSTORM OR SANDSTORM:
VSBY 1/2 MILE OR LESS
8 = SMOKE OR HAZE
[NO. OF DAYS WITH] [WEATHER - DAYS WITH] 9 = BLOWING SNOW
X = TORNADO
MAX 32 OR BELOW: 0 0.01 INCH OR MORE: 6
MAX 90 OR ABOVE: 0 0.10 INCH OR MORE: 5
MIN 32 OR BELOW: 13 0.50 INCH OR MORE: 1
MIN 0 OR BELOW: 0 1.00 INCH OR MORE: 1
[HDD (BASE 65) ]
TOTAL THIS MO. 614 CLEAR (SCALE 0-3) 4
DPTR FM NORMAL 2 PTCLDY (SCALE 4-7) 16
TOTAL FM JUL 1 3044 CLOUDY (SCALE 8-10) 8
DPTR FM NORMAL -197
[CDD (BASE 65) ]
TOTAL THIS MO. 0
DPTR FM NORMAL 0 [PRESSURE DATA]
TOTAL FM JAN 1 0 HIGHEST SLP 30.64 ON 8
DPTR FM NORMAL 0 LOWEST SLP 29.84 ON 21
[REMARKS]
#FINAL-02-22#