000
CXUS56 KPQR 011200
CF6MMV
PRELIMINARY LOCAL CLIMATOLOGICAL DATA (WS FORM: F-6)
STATION: MCMINNVILLE OR
MONTH: MAY
YEAR: 2020
LATITUDE: 45 11 N
LONGITUDE: 123 8 W
TEMPERATURE IN F: :PCPN: SNOW: WIND :SUNSHINE: SKY :PK WND
================================================================================
1 2 3 4 5 6A 6B 7 8 9 10 11 12 13 14 15 16 17 18
12Z AVG MX 2MIN
DY MAX MIN AVG DEP HDD CDD WTR SNW DPTH SPD SPD DIR MIN PSBL S-S WX SPD DR
================================================================================
1 60 36 48 -5 17 0 0.10 M M 4.4 17 180 M M 6 1 21 180
2 58 43 51 -2 14 0 0.39 M M 6.1 21 260 M M 8 18 27 250
3 60 40 50 -3 15 0 0.12 M M 4.3 14 200 M M 4 1 21 260
4 67 38 53 0 12 0 0.14 M M 3.9 20 280 M M 5 1 29 280
5 71 47 59 5 6 0 T M M 5.5 18 260 M M 4 12 24 250
6 63 43 53 -1 12 0 0.10 M M 6.5 18 330 M M 5 1 25 280
7 74 39 57 3 8 0 0.00 M M 10.8 18 10 M M 0 24 10
8 82 55 69 15 0 4 0.00 M M 12.1 20 30 M M 0 23 30
9 85 59 72 18 0 7 0.00 M M 8.4 13 340 M M 0 16 350
10 84 52 68 14 0 3 0.00 M M 4.5 21 220 M M 0 3 28 220
11 66 48 57 2 8 0 0.01 M M 4.1 13 210 M M 4 16 220
12 61 48 55 0 10 0 0.14 M M 7.4 22 210 M M 8 1 29 190
13 62 49 56 1 9 0 0.13 M M 7.6 16 190 M M 9 1 22 190
14 57 50 54 -1 11 0 0.40 M M 3.3 10 10 M M 10 1 13 200
15 67 49 58 3 7 0 0.00 M M 3.2 8 100 M M 6 13 120
16 66 50 58 2 7 0 0.14 M M 3.3 12 280 M M 8 1 15 260
17 66 48 57 1 8 0 0.02 M M 3.8 13 250 M M 7 12 17 260
18 59 46 53 -3 12 0 0.37 M M 6.9 13 240 M M 10 1 24 170
19 63 42 53 -3 12 0 0.05 M M 5.9 15 250 M M 7 1 18 250
20 60 47 54 -2 11 0 0.03 M M 8.2 18 260 M M 9 1 25 260
21 59 46 53 -3 12 0 0.03 M M 9.4 21 290 M M 9 8 26 290
22 61 41 51 -5 14 0 T M M 6.5 16 280 M M 7 20 280
23 64 37 51 -6 14 0 0.00 M M 1.9 8 60 M M 5 12 12 20
24 73 45 59 2 6 0 0.00 M M 1.7 9 230 M M 4 11 200
25 69 50 60 3 5 0 0.02 M M 3.1 10 320 M M 5 13 320
26 74 53 64 7 1 0 0.00 M M 3.8 10 10 M M 6 13 50
27 84 42 63 6 2 0 0.00 M M 4.2 13 30 M M 0 128 16 10
28 90 50 70 13 0 5 0.00 M M 4.1 12 240 M M 0 14 210
29 82 52 67 10 0 2 0.00 M M 5.1 14 220 M M 0 8 18 220
30 60 51 56 -1 9 0 0.26 M M 7.6 16 220 M M 5 13 22 230
31 66 46 56 -2 9 0 0.00 M M 5.8 12 360 M M 6 15 360
================================================================================
SM 2113 1442 251 21 2.45 M 173.4 M 157
================================================================================
AV 68.2 46.5 5.6 FASTST M M 5 MAX(MPH)
MISC ----> # 22 210 # 29 280
================================================================================
NOTES:
# LAST OF SEVERAL OCCURRENCES
COLUMN 17 PEAK WIND IN M.P.H.
PRELIMINARY LOCAL CLIMATOLOGICAL DATA (WS FORM: F-6) , PAGE 2
STATION: MCMINNVILLE OR
MONTH: MAY
YEAR: 2020
LATITUDE: 45 11 N
LONGITUDE: 123 8 W
[TEMPERATURE DATA] [PRECIPITATION DATA] SYMBOLS USED IN COLUMN 16
AVERAGE MONTHLY: 57.3 TOTAL FOR MONTH: 2.45 1 = FOG OR MIST
DPTR FM NORMAL: 1.9 DPTR FM NORMAL: 0.21 2 = FOG REDUCING VISIBILITY
HIGHEST: 90 ON 28 GRTST 24HR 0.40 ON 14-14 TO 1/4 MILE OR LESS
LOWEST: 36 ON 1 3 = THUNDER
SNOW, ICE PELLETS, HAIL 4 = ICE PELLETS
TOTAL MONTH: M 5 = HAIL
GRTST 24HR M ON M 6 = FREEZING RAIN OR DRIZZLE
GRTST DEPTH: M ON M 7 = DUSTSTORM OR SANDSTORM:
VSBY 1/2 MILE OR LESS
8 = SMOKE OR HAZE
[NO. OF DAYS WITH] [WEATHER - DAYS WITH] 9 = BLOWING SNOW
X = TORNADO
MAX 32 OR BELOW: 0 0.01 INCH OR MORE: 17
MAX 90 OR ABOVE: 1 0.10 INCH OR MORE: 11
MIN 32 OR BELOW: 0 0.50 INCH OR MORE: 0
MIN 0 OR BELOW: 0 1.00 INCH OR MORE: 0
[HDD (BASE 65) ]
TOTAL THIS MO. 251 CLEAR (SCALE 0-3) 7
DPTR FM NORMAL -53 PTCLDY (SCALE 4-7) 17
TOTAL FM JUL 1 4510 CLOUDY (SCALE 8-10) 7
DPTR FM NORMAL -192
[CDD (BASE 65) ]
TOTAL THIS MO. 21
DPTR FM NORMAL 15 [PRESSURE DATA]
TOTAL FM JAN 1 21 HIGHEST SLP 30.47 ON 6
DPTR FM NORMAL 15 LOWEST SLP 29.67 ON 12
[REMARKS]
#FINAL-05-20#