603
CXUS54 KMOB 010739
CF6MOB
PRELIMINARY LOCAL CLIMATOLOGICAL DATA (WS FORM: F-6)
STATION: MOBILE
MONTH: FEBRUARY
YEAR: 2021
LATITUDE: 30 40 N
LONGITUDE: 88 15 W
TEMPERATURE IN F: :PCPN: SNOW: WIND :SUNSHINE: SKY :PK WND
================================================================================
1 2 3 4 5 6A 6B 7 8 9 10 11 12 13 14 15 16 17 18
12Z AVG MX 2MIN
DY MAX MIN AVG DEP HDD CDD WTR SNW DPTH SPD SPD DIR MIN PSBL S-S WX SPD DR
================================================================================
1 49 36 43 -8 22 0 0.00 0.0 0 14.6 25 340 M M 9 36 320
2 55 31 43 -9 22 0 0.00 0.0 0 7.4 16 340 M M 2 23 320
3 61 29 45 -7 20 0 0.00 0.0 0 3.5 13 30 M M 1 17 30
4 70 36 53 1 12 0 0.00 0.0 0 9.1 22 170 M M 5 30 150
5 63 44 54 2 11 0 0.45 0.0 0 9.9 18 350 M M 10 1 25 340
6 50 45 48 -4 17 0 0.23 0.0 0 8.1 17 80 M M 10 1 22 80
7 57 36 47 -5 18 0 0.00 0.0 0 8.0 20 20 M M 6 1 27 20
8 64 37 51 -1 14 0 0.64 0.0 0 7.8 23 130 M M 7 13 29 140
9 74 55 65 12 0 0 0.09 0.0 0 6.6 13 100 M M 7 13 16 100
10 65 54 60 7 5 0 0.14 0.0 0 4.4 10 140 M M 9 13 14 90
11 70 56 63 10 2 0 1.17 0.0 0 8.0 17 350 M M 10 123 23 350
12 59 40 50 -3 15 0 0.16 0.0 0 10.9 20 350 M M 10 12 27 360
13 44 37 41 -12 24 0 0.00 0.0 0 14.3 20 10 M M 10 1 26 360
14 48 35 42 -12 23 0 0.00 0.0 0 11.5 18 350 M M 10 18 24 360
15 43 23 33 -21 32 0 0.68 0.0 0 9.8 23 310 M M 10 123 45 310
16 39 19 29 -25 36 0 T T 0 8.4 18 360 M M 4 22 350
17 49 24 37 -17 28 0 0.22 0.0 0 10.1 22 340 M M 7 1 30 360
18 48 37 43 -11 22 0 0.04 0.0 0 13.5 22 340 M M 10 1 30 320
19 54 32 43 -12 22 0 0.00 0.0 0 13.1 22 340 M M 5 29 330
20 62 27 45 -10 20 0 0.00 0.0 0 4.1 10 210 M M 0 15 280
21 64 31 48 -7 17 0 0.00 0.0 0 9.3 21 130 M M 4 27 130
22 74 49 62 7 3 0 0.06 0.0 0 6.9 15 270 M M 5 12 24 260
23 71 32 52 -4 13 0 0.00 0.0 0 3.5 15 200 M M 1 20 190
24 74 37 56 0 9 0 0.00 0.0 0 6.0 17 200 M M 4 1 25 210
25 77 56 67 11 0 2 0.00 0.0 0 3.5 9 190 M M 7 128 12 340
26 79 60 70 14 0 5 0.04 0.0 0 8.1 22 210 M M 7 12 29 200
27 75 61 68 12 0 3 0.02 0.0 0 7.8 15 150 M M 9 12 21 150
28 80 67 74 17 0 9 0.00 0.0 0 10.6 18 180 M M 9 18 27 180
================================================================================
SM 1718 1126 407 19 3.94 T 238.8 M 188
================================================================================
AV 61.4 40.2 8.5 FASTST M M 7 MAX(MPH)
MISC ----> 25 340 45 310
================================================================================
NOTES:
# LAST OF SEVERAL OCCURRENCES
COLUMN 17 PEAK WIND IN M.P.H.
PRELIMINARY LOCAL CLIMATOLOGICAL DATA (WS FORM: F-6) , PAGE 2
STATION: MOBILE
MONTH: FEBRUARY
YEAR: 2021
LATITUDE: 30 40 N
LONGITUDE: 88 15 W
[TEMPERATURE DATA] [PRECIPITATION DATA] SYMBOLS USED IN COLUMN 16
AVERAGE MONTHLY: 50.8 TOTAL FOR MONTH: 3.94 1 = FOG OR MIST
DPTR FM NORMAL: -3.0 DPTR FM NORMAL: -1.18 2 = FOG REDUCING VISIBILITY
HIGHEST: 80 ON 28 GRTST 24HR 1.31 ON 11-12 TO 1/4 MILE OR LESS
LOWEST: 19 ON 16 3 = THUNDER
SNOW, ICE PELLETS, HAIL 4 = ICE PELLETS
TOTAL MONTH: T 5 = HAIL
GRTST 24HR T ON 16-16 6 = FREEZING RAIN OR DRIZZLE
GRTST DEPTH: 0 7 = DUSTSTORM OR SANDSTORM:
VSBY 1/2 MILE OR LESS
8 = SMOKE OR HAZE
[NO. OF DAYS WITH] [WEATHER - DAYS WITH] 9 = BLOWING SNOW
X = TORNADO
MAX 32 OR BELOW: 0 0.01 INCH OR MORE: 13
MAX 90 OR ABOVE: 0 0.10 INCH OR MORE: 8
MIN 32 OR BELOW: 9 0.50 INCH OR MORE: 3
MIN 0 OR BELOW: 0 1.00 INCH OR MORE: 1
[HDD (BASE 65) ]
TOTAL THIS MO. 407 CLEAR (SCALE 0-3) 4
DPTR FM NORMAL 86 PTCLDY (SCALE 4-7) 12
TOTAL FM JUL 1 1416 CLOUDY (SCALE 8-10) 12
DPTR FM NORMAL -27
[CDD (BASE 65) ]
TOTAL THIS MO. 19
DPTR FM NORMAL 10 [PRESSURE DATA]
TOTAL FM JAN 1 25 HIGHEST SLP 30.44 ON 20
DPTR FM NORMAL 18 LOWEST SLP 29.79 ON 15
[REMARKS]
#FINAL-02-21#