658
CXUS54 KMOB 011259
CF6MOB
PRELIMINARY LOCAL CLIMATOLOGICAL DATA (WS FORM: F-6)
STATION: MOBILE
MONTH: JUNE
YEAR: 2020
LATITUDE: 30 40 N
LONGITUDE: 88 15 W
TEMPERATURE IN F: :PCPN: SNOW: WIND :SUNSHINE: SKY :PK WND
================================================================================
1 2 3 4 5 6A 6B 7 8 9 10 11 12 13 14 15 16 17 18
12Z AVG MX 2MIN
DY MAX MIN AVG DEP HDD CDD WTR SNW DPTH SPD SPD DIR MIN PSBL S-S WX SPD DR
================================================================================
1 92 66 79 1 0 14 0.00 0.0 0 5.7 13 150 M M 5 16 170
2 88 71 80 2 0 15 0.18 0.0 0 7.3 22 80 M M 6 1 25 80
3 84 70 77 -1 0 12 0.72 0.0 0 4.3 12 160 M M 7 123 17 260
4 87 68 78 0 0 13 0.59 0.0 0 4.0 17 180 M M 4 13 21 180
5 90 69 80 2 0 15 0.00 0.0 0 5.2 15 160 M M 4 1 19 170
6 84 73 79 1 0 14 0.39 0.0 0 11.2 22 130 M M 7 1 27 120
7 79 72 76 -3 0 11 5.56 0.0 0 20.7 36 120 M M 10 128 46 130
8 83 76 80 1 0 15 0.74 0.0 0 18.0 32 200 M M 8 138 44 190
9 87 77 82 3 0 17 0.31 0.0 0 11.0 22 190 M M 8 1 29 200
10 87 72 80 1 0 15 0.05 0.0 0 7.7 17 170 M M 7 138 22 340
11 86 65 76 -3 0 11 0.00 0.0 0 10.1 18 10 M M 2 23 20
12 88 66 77 -3 0 12 0.00 0.0 0 10.3 17 350 M M 2 22 360
13 90 67 79 -1 0 14 0.00 0.0 0 6.9 16 130 M M 3 3 19 70
14 90 70 80 0 0 15 0.00 0.0 0 3.7 13 60 M M 3 17 50
15 92 69 81 1 0 16 0.00 0.0 0 6.3 14 10 M M 4 19 350
16 88 67 78 -2 0 13 0.00 0.0 0 6.0 13 350 M M 2 20 340
17 88 67 78 -2 0 13 0.00 0.0 0 4.3 13 50 M M 4 16 10
18 90 67 79 -1 0 14 0.00 0.0 0 3.4 16 180 M M 4 20 190
19 90 67 79 -1 0 14 0.00 0.0 0 3.6 13 180 M M 4 16 170
20 91 67 79 -1 0 14 0.14 0.0 0 4.2 15 160 M M 4 1 18 150
21 90 70 80 -1 0 15 0.00 0.0 0 6.0 16 200 M M 3 21 220
22 85 73 79 -2 0 14 0.21 0.0 0 6.7 18 240 M M 6 13 25 240
23 89 72 81 0 0 16 0.34 0.0 0 8.5 24 180 M M 5 138 29 250
24 85 71 78 -3 0 13 0.47 0.0 0 6.1 23 270 M M 6 13 48 190
25 90 74 82 1 0 17 T 0.0 0 5.3 15 200 M M 7 18 18 200
26 90 74 82 1 0 17 0.00 0.0 0 4.8 13 190 M M 8 1 15 200
27 88 74 81 0 0 16 0.00 0.0 0 6.0 14 200 M M 5 1 17 200
28 90 74 82 1 0 17 0.00 0.0 0 7.8 16 210 M M 4 1 20 210
29 92 74 83 2 0 18 0.00 0.0 0 6.6 18 190 M M 5 3 23 200
30 92 75 84 3 0 19 0.00 0.0 0 5.9 14 230 M M 4 18 220
================================================================================
SM 2645 2117 0 439 9.70 0.0 217.6 M 151
================================================================================
AV 88.2 70.6 7.3 FASTST M M 5 MAX(MPH)
MISC ----> # 36 120 # 48 190
================================================================================
NOTES:
# LAST OF SEVERAL OCCURRENCES
COLUMN 17 PEAK WIND IN M.P.H.
PRELIMINARY LOCAL CLIMATOLOGICAL DATA (WS FORM: F-6) , PAGE 2
STATION: MOBILE
MONTH: JUNE
YEAR: 2020
LATITUDE: 30 40 N
LONGITUDE: 88 15 W
[TEMPERATURE DATA] [PRECIPITATION DATA] SYMBOLS USED IN COLUMN 16
AVERAGE MONTHLY: 79.4 TOTAL FOR MONTH: 9.70 1 = FOG OR MIST
DPTR FM NORMAL: -0.4 DPTR FM NORMAL: 3.59 2 = FOG REDUCING VISIBILITY
HIGHEST: 92 ON 30,29 GRTST 24HR 5.56 ON 7- 7 TO 1/4 MILE OR LESS
LOWEST: 65 ON 11 3 = THUNDER
SNOW, ICE PELLETS, HAIL 4 = ICE PELLETS
TOTAL MONTH: 0.0 INCH 5 = HAIL
GRTST 24HR 0.0 6 = FREEZING RAIN OR DRIZZLE
GRTST DEPTH: 0 7 = DUSTSTORM OR SANDSTORM:
VSBY 1/2 MILE OR LESS
8 = SMOKE OR HAZE
[NO. OF DAYS WITH] [WEATHER - DAYS WITH] 9 = BLOWING SNOW
X = TORNADO
MAX 32 OR BELOW: 0 0.01 INCH OR MORE: 12
MAX 90 OR ABOVE: 14 0.10 INCH OR MORE: 11
MIN 32 OR BELOW: 0 0.50 INCH OR MORE: 4
MIN 0 OR BELOW: 0 1.00 INCH OR MORE: 1
[HDD (BASE 65) ]
TOTAL THIS MO. 0 CLEAR (SCALE 0-3) 4
DPTR FM NORMAL 0 PTCLDY (SCALE 4-7) 22
TOTAL FM JUL 1 1307 CLOUDY (SCALE 8-10) 4
DPTR FM NORMAL -388
[CDD (BASE 65) ]
TOTAL THIS MO. 439
DPTR FM NORMAL -5 [PRESSURE DATA]
TOTAL FM JAN 1 983 HIGHEST SLP 30.19 ON 26
DPTR FM NORMAL 94 LOWEST SLP 29.53 ON 7
[REMARKS]
#FINAL-06-20#