000
CXUS54 KMOB 011440
CLMMOB
CLIMATE REPORT
NATIONAL WEATHER SERVICE MOBILE AL
940 AM CDT SAT JUL 01 2023
...................................
...THE MOBILE CLIMATE SUMMARY FOR THE MONTH OF JUNE 2023...
CLIMATE NORMAL PERIOD: 1991 TO 2020
CLIMATE RECORD PERIOD: 1842 TO 2023
WEATHER OBSERVED NORMAL DEPART LAST YEAR`S
VALUE DATE(S) VALUE FROM VALUE DATE(S)
NORMAL
................................................................
TEMPERATURE (F)
RECORD
HIGH 103 06/04/2011
LOW 49 06/01/1984
HIGHEST 99 06/30 102 06/23
LOWEST 67 06/02 68 06/05
06/04
06/07
06/24
AVG. MAXIMUM 91.9 89.4 2.5 94.2
AVG. MINIMUM 71.6 70.8 0.8 73.9
MEAN 81.8 80.1 1.7 84.1
DAYS MAX >= 90 23 15.7 7.3 26
DAYS MAX <= 32 0 0.0 0.0 0
DAYS MIN <= 32 0 0.0 0.0 0
DAYS MIN <= 0 0 0.0 0.0 0
PRECIPITATION (INCHES)
RECORD
MAXIMUM 26.67 1900
MINIMUM 0.53 1902
TOTALS 7.11 6.55 0.56 3.26
DAILY AVG. 0.24 0.22 0.02 0.11
DAYS >= .01 12 12.4 -0.4 10
DAYS >= .10 8 8.5 -0.5 5
DAYS >= .50 3 3.8 -0.8 3
DAYS >= 1.00 2 2.1 -0.1 1
GREATEST
24 HR. TOTAL 3.42 06/16 TO 06/16
DEGREE DAYS
COOLING TOTAL 511 453 58 579
SINCE 1/1 1264 930 334 1201
................................................................
WIND (MPH)
AVERAGE WIND SPEED 5.8
HIGHEST WIND SPEED/DIRECTION 37/340 DATE 06/26
HIGHEST GUST SPEED/DIRECTION 47/010 DATE 06/16
47/330 06/26
SKY COVER
POSSIBLE SUNSHINE (PERCENT)
AVERAGE SKY COVER 0.48
NUMBER OF DAYS FAIR 8
NUMBER OF DAYS PC 20
NUMBER OF DAYS CLOUDY 2
AVERAGE RH (PERCENT) 69
WEATHER CONDITIONS. NUMBER OF DAYS WITH
THUNDERSTORM 20 MIXED PRECIP 0
HEAVY RAIN 7 RAIN 7
LIGHT RAIN 9 FREEZING RAIN 0
LT FREEZING RAIN 0 HAIL 0
HEAVY SNOW 0 SNOW 0
LIGHT SNOW 0 SLEET 0
FOG 18 FOG W/VIS <= 1/4 MILE 1
HAZE 10
- INDICATES NEGATIVE NUMBERS.
R INDICATES RECORD WAS SET OR TIED.
MM INDICATES DATA IS MISSING.
T INDICATES TRACE AMOUNT.
$$