000
CXUS53 KBIS 010830
CF6MOT
PRELIMINARY LOCAL CLIMATOLOGICAL DATA (WS FORM: F-6)
STATION: MINOT ND
MONTH: MARCH
YEAR: 2020
LATITUDE: 48 15 N
LONGITUDE: 101 16 W
TEMPERATURE IN F: :PCPN: SNOW: WIND :SUNSHINE: SKY :PK WND
================================================================================
1 2 3 4 5 6A 6B 7 8 9 10 11 12 13 14 15 16 17 18
12Z AVG MX 2MIN
DY MAX MIN AVG DEP HDD CDD WTR SNW DPTH SPD SPD DIR MIN PSBL S-S WX SPD DR
================================================================================
1 41 18 30 8 35 0 T M M 22.6 43 280 M M 7 62 280
2 46 18 32 10 33 0 T M M 17.3 33 270 M M 5 1 45 250
3 41 28 35 13 30 0 0.02 M M 11.2 21 260 M M 5 12 28 260
4 53 27 40 17 25 0 0.03 M M 15.5 37 290 M M 7 1 53 280
5 38 26 32 9 33 0 0.02 M M 12.3 33 280 M M 8 1 44 280
6 52 29 41 17 24 0 0.00 M M 15.8 31 180 M M 0 46 180
7 51 29 40 16 25 0 0.00 M M 9.4 18 90 M M 1 1 26 80
8 32 15 24 0 41 0 0.00 M M 13.4 23 310 M M 10 1 29 320
9 33 14 24 -1 41 0 T M M 3.6 13 350 M M 8 8 16 350
10 43 22 33 8 32 0 0.00 M M 7.5 16 170 M M 5 25 190
11 56 34 45 19 20 0 0.00 M M 13.5 23 280 M M 4 33 170
12 38 21 30 4 35 0 T M M 20.3 37 290 M M 4 1 46 290
13 25 14 20 -7 45 0 T M M 13.3 25 310 M M 3 35 310
14 27 12 20 -7 45 0 0.00 M M 13.9 17 90 M M 5 32 90
15 31 17 24 -4 41 0 0.08 M M 10.4 21 310 M M 10 1 27 310
16 27 18 23 -5 42 0 0.00 M M 17.9 26 270 M M 6 36 270
17 37 12 25 -3 40 0 0.00 M M 9.4 23 240 M M 3 31 240
18 28 17 23 -6 42 0 T M M 9.5 15 80 M M 10 1 20 70
19 19 4 12 -18 53 0 M M M 12.7 22 340 M M 3 18 30 340
20 20 -3 9 -21 56 0 0.00 M M 7.5 15 160 M M 1 8 20 160
21 32 13 23 -7 42 0 0.00 M M 11.9 21 120 M M 8 30 110
22 42 13 28 -3 37 0 0.00 M M 5.5 15 290 M M 2 12 20 310
23 53 23 38 6 27 0 0.00 M M 8.4 22 170 M M 0 32 170
24 57 29 43 11 22 0 0.00 M M 17.0 31 270 M M 3 40 260
25 38 24 31 -2 34 0 0.00 M M 6.9 18 320 M M 5 25 320
26 49 27 38 5 27 0 0.00 M M 6.8 20 180 M M 4 30 200
27 55 31 43 9 22 0 0.00 M M 9.5 17 210 M M 0 25 200
28 60 26 43 9 22 0 0.00 M M 4.7 14 270 M M 3 22 280
29 61 28 45 10 20 0 0.00 M M 7.4 16 160 M M 0 21 120
30 66 35 51 16 14 0 0.00 M M 13.6 26 150 M M 3 36 130
31 61 37 49 13 16 0 0.34 M M 17.6 31 300 M M 3 13 42 300
================================================================================
SM 1312 658 1021 0 0.49 M 366.3 M 136
================================================================================
AV 42.3 21.2 11.8 FASTST M M 4 MAX(MPH)
MISC ----> # 43 280 # 62 280
================================================================================
NOTES:
# LAST OF SEVERAL OCCURRENCES
COLUMN 17 PEAK WIND IN M.P.H.
PRELIMINARY LOCAL CLIMATOLOGICAL DATA (WS FORM: F-6) , PAGE 2
STATION: MINOT ND
MONTH: MARCH
YEAR: 2020
LATITUDE: 48 15 N
LONGITUDE: 101 16 W
[TEMPERATURE DATA] [PRECIPITATION DATA] SYMBOLS USED IN COLUMN 16
AVERAGE MONTHLY: 31.8 TOTAL FOR MONTH: 0.49 1 = FOG OR MIST
DPTR FM NORMAL: 3.5 DPTR FM NORMAL: -0.35 2 = FOG REDUCING VISIBILITY
HIGHEST: 66 ON 30 GRTST 24HR 0.34 ON 31-31 TO 1/4 MILE OR LESS
LOWEST: -3 ON 20 3 = THUNDER
SNOW, ICE PELLETS, HAIL 4 = ICE PELLETS
TOTAL MONTH: M 5 = HAIL
GRTST 24HR M ON M 6 = FREEZING RAIN OR DRIZZLE
GRTST DEPTH: M ON M 7 = DUSTSTORM OR SANDSTORM:
VSBY 1/2 MILE OR LESS
8 = SMOKE OR HAZE
[NO. OF DAYS WITH] [WEATHER - DAYS WITH] 9 = BLOWING SNOW
X = TORNADO
MAX 32 OR BELOW: 9 0.01 INCH OR MORE: 5
MAX 90 OR ABOVE: 0 0.10 INCH OR MORE: 1
MIN 32 OR BELOW: 28 0.50 INCH OR MORE: 0
MIN 0 OR BELOW: 1 1.00 INCH OR MORE: 0
[HDD (BASE 65) ]
TOTAL THIS MO. 1021 CLEAR (SCALE 0-3) 11
DPTR FM NORMAL -118 PTCLDY (SCALE 4-7) 17
TOTAL FM JUL 1 7333 CLOUDY (SCALE 8-10) 3
DPTR FM NORMAL -382
[CDD (BASE 65) ]
TOTAL THIS MO. 0
DPTR FM NORMAL 0 [PRESSURE DATA]
TOTAL FM JAN 1 0 HIGHEST SLP 30.76 ON 20
DPTR FM NORMAL 0 LOWEST SLP 29.35 ON 2
[REMARKS]
#FINAL-03-20#