000
CXUS51 KBTV 010800
CF6MPV
PRELIMINARY LOCAL CLIMATOLOGICAL DATA (WS FORM: F-6)
STATION: MONTPELIER VT
MONTH: NOVEMBER
YEAR: 2020
LATITUDE: 44 12 N
LONGITUDE: 72 34 W
TEMPERATURE IN F: :PCPN: SNOW: WIND :SUNSHINE: SKY :PK WND
================================================================================
1 2 3 4 5 6A 6B 7 8 9 10 11 12 13 14 15 16 17 18
12Z AVG MX 2MIN
DY MAX MIN AVG DEP HDD CDD WTR SNW DPTH SPD SPD DIR MIN PSBL S-S WX SPD DR
================================================================================
1 46 25 36 -4 29 0 0.12 M M 9.8 22 170 M M 5 1 32 190
2 39 25 32 -8 33 0 0.08 M M 11.3 31 300 M M 8 12 42 290
3 32 19 26 -14 39 0 0.05 M M 9.6 24 310 M M 8 12 34 310
4 44 23 34 -6 31 0 T M M 6.8 17 160 M M 3 23 160
5 67 30 49 10 16 0 0.00 M M 6.5 20 160 M M 0 1 23 150
6 66 50 58 19 7 0 0.00 M M 8.0 15 160 M M 0 20 230
7 71 41 56 17 9 0 T M M 2.6 9 270 M M 0 12 280
8 70 37 54 16 11 0 0.00 M M 1.0 6 60 M M 0 1 7 60
9 70 33 52 14 13 0 0.00 M M 1.3 8 160 M M 2 12 12 120
10 73 36 55 17 10 0 0.00 M M 4.3 15 160 M M 0 18 17 160
11 69 54 62 25 3 0 0.06 M M 8.6 18 320 M M 6 1 25 300
12 57 27 42 5 23 0 T M M 6.2 20 310 M M 2 25 310
13 37 22 30 -6 35 0 0.01 M M 2.7 12 170 M M 8 12 15 170
14 39 24 32 -4 33 0 T M M 6.5 16 310 M M 8 22 290
15 41 20 31 -5 34 0 0.82 M M 10.3 29 160 M M 5 1 37 170
16 44 34 39 4 26 0 0.03 M M 8.7 18 290 M M 10 1 28 280
17 37 23 30 -5 35 0 0.01 M M 7.8 18 290 M M 9 1 26 310
18 23 12 18 -17 47 0 T M M 8.7 20 310 M M 9 18 27 320
19 38 11 25 -9 40 0 0.00 M M 7.3 18 160 M M 3 24 170
20 58 36 47 13 18 0 0.00 M M 7.9 20 160 M M 6 27 160
21 53 32 43 10 22 0 0.00 M M 10.1 22 300 M M 5 31 300
22 36 18 27 -6 38 0 0.02 M M 6.6 20 170 M M 5 16 25 170
23 41 29 35 3 30 0 0.60 M M 9.6 24 310 M M 10 12 34 280
24 30 14 22 -10 43 0 0.01 M M 9.0 24 310 M M 6 18 35 310
25 34 17 26 -6 39 0 0.06 M M 5.6 15 190 M M 9 1 20 200
26 38 31 35 4 30 0 0.28 M M 0.6 5 150 M M 10 12 M M
27 44 37 41 10 24 0 0.14 M M 0.7 8 340 M M 10 12 11 320
28 42 30 36 6 29 0 0.05 M M 2.4 18 320 M M 8 12 27 320
29 47 25 36 6 29 0 0.00 M M 3.2 12 160 M M 0 2 14 150
30 55 24 40 10 25 0 1.34 M M 4.0 23 150 M M 6 12 30 160
================================================================================
SM 1441 839 801 0 3.68 M 187.7 M 161
================================================================================
AV 48.0 28.0 6.3 FASTST M M 5 MAX(MPH)
MISC ----> 31 300 42 290
================================================================================
NOTES:
# LAST OF SEVERAL OCCURRENCES
COLUMN 17 PEAK WIND IN M.P.H.
PRELIMINARY LOCAL CLIMATOLOGICAL DATA (WS FORM: F-6) , PAGE 2
STATION: MONTPELIER VT
MONTH: NOVEMBER
YEAR: 2020
LATITUDE: 44 12 N
LONGITUDE: 72 34 W
[TEMPERATURE DATA] [PRECIPITATION DATA] SYMBOLS USED IN COLUMN 16
AVERAGE MONTHLY: 38.0 TOTAL FOR MONTH: 3.68 1 = FOG OR MIST
DPTR FM NORMAL: 2.6 DPTR FM NORMAL: 0.51 2 = FOG REDUCING VISIBILITY
HIGHEST: 73 ON 10 GRTST 24HR 1.34 ON 30-30 TO 1/4 MILE OR LESS
LOWEST: 11 ON 19 3 = THUNDER
SNOW, ICE PELLETS, HAIL 4 = ICE PELLETS
TOTAL MONTH: M 5 = HAIL
GRTST 24HR M ON M 6 = FREEZING RAIN OR DRIZZLE
GRTST DEPTH: M ON M 7 = DUSTSTORM OR SANDSTORM:
VSBY 1/2 MILE OR LESS
8 = SMOKE OR HAZE
[NO. OF DAYS WITH] [WEATHER - DAYS WITH] 9 = BLOWING SNOW
X = TORNADO
MAX 32 OR BELOW: 3 0.01 INCH OR MORE: 16
MAX 90 OR ABOVE: 0 0.10 INCH OR MORE: 6
MIN 32 OR BELOW: 21 0.50 INCH OR MORE: 3
MIN 0 OR BELOW: 0 1.00 INCH OR MORE: 1
[HDD (BASE 65) ]
TOTAL THIS MO. 801 CLEAR (SCALE 0-3) 10
DPTR FM NORMAL -89 PTCLDY (SCALE 4-7) 10
TOTAL FM JUL 1 1699 CLOUDY (SCALE 8-10) 10
DPTR FM NORMAL -146
[CDD (BASE 65) ]
TOTAL THIS MO. 0
DPTR FM NORMAL 0 [PRESSURE DATA]
TOTAL FM JAN 1 402 HIGHEST SLP 30.61 ON 22
DPTR FM NORMAL 138 LOWEST SLP 29.47 ON 30
[REMARKS]
#FINAL-11-20#