000
CXUS53 KMPX 011907
CF6MPX
PRELIMINARY LOCAL CLIMATOLOGICAL DATA (WS FORM: F-6)
STATION: CHANHASSEN MN
MONTH: NOVEMBER
YEAR: 2023
LATITUDE: 44 50 N
LONGITUDE: 93 34 W
TEMPERATURE IN F: :PCPN: SNOW: WIND :SUNSHINE: SKY :PK WND
================================================================================
1 2 3 4 5 6A 6B 7 8 9 10 11 12 13 14 15 16 17 18
12Z AVG MX 2MIN
DY MAX MIN AVG DEP HDD CDD WTR SNW DPTH SPD SPD DIR MIN PSBL S-S WX SPD DR
================================================================================
1 36 20 28 -12 37 0 0.00 0.0 T M M M M M M M M
2 41 22 32 -8 33 0 0.00 0.0 0 M M M M M M M M
3 50 28 39 0 26 0 T 0.0 0 M M M M M M M M
4 50 24 37 -1 28 0 0.00 0.0 0 M M M M M M M M
5 58 34 46 8 19 0 0.00 0.0 0 M M M M M M M M
6 54 38 46 8 19 0 T 0.0 0 M M M M M M M M
7 44 36 40 3 25 0 0.04 0.0 0 M M M M M M M M
8 51 36 44 8 21 0 0.00 0.0 0 M M M M M M M M
9 47 31 39 3 26 0 0.00 0.0 0 M M M M M M M M
10 38 33 36 0 29 0 T T 0 M M M M M M M M
11 46 27 37 2 28 0 T 0.0 0 M M M M M M M M
12 58 37 48 14 17 0 0.00 0.0 0 M M M M M M M M
13 56 35 46 12 19 0 0.00 0.0 0 M M M M M M M M
14 65 45 55 21 10 0 0.00 0.0 0 M M M M M M M M
15 59 31 45 12 20 0 0.00 0.0 0 M M M M M M M M
16 67 33 50 18 15 0 0.00 0.0 0 M M M M M M M M
17 45 26 36 4 29 0 0.00 0.0 0 M M M M M M M M
18 56 27 42 10 23 0 0.00 0.0 0 M M M M M M M M
19 55 28 42 11 23 0 0.00 0.0 0 M M M M M M M M
20 44 39 42 12 23 0 T 0.0 0 M M M M M M M M
21 40 27 34 4 31 0 0.01 0.0 0 M M M M M M M M
22 45 21 33 3 32 0 0.00 0.0 0 M M M M M M M M
23 35 17 26 -3 39 0 0.00 0.0 0 M M M M M M M M
24 26 13 20 -8 45 0 0.00 0.0 0 M M M M M M M M
25 30 20 25 -3 40 0 0.01 0.5 0 M M M M M M M M
26 32 19 26 -2 39 0 T 0.1 T M M M M M M M M
27 19 10 15 -12 50 0 T T 0 M M M M M M M M
28 31 4 18 -8 47 0 0.00 0.0 0 M M M M M M M M
29 47 25 36 10 29 0 0.00 0.0 0 M M M M M M M M
30 40 25 33 7 32 0 0.00 0.0 0 M M M M M M M M
================================================================================
SM 1365 811 854 0 0.06 0.6 M M M
================================================================================
AV 45.5 27.0 M FASTST M M M MAX(MPH)
MISC ----> M M M M
================================================================================
NOTES:
# LAST OF SEVERAL OCCURRENCES
COLUMN 17 PEAK WIND IN M.P.H.
PRELIMINARY LOCAL CLIMATOLOGICAL DATA (WS FORM: F-6) , PAGE 2
STATION: CHANHASSEN MN
MONTH: NOVEMBER
YEAR: 2023
LATITUDE: 44 50 N
LONGITUDE: 93 34 W
[TEMPERATURE DATA] [PRECIPITATION DATA] SYMBOLS USED IN COLUMN 16
AVERAGE MONTHLY: 36.3 TOTAL FOR MONTH: 0.06 1 = FOG OR MIST
DPTR FM NORMAL: 3.6 DPTR FM NORMAL: -1.67 2 = FOG REDUCING VISIBILITY
HIGHEST: 67 ON 16 GRTST 24HR 0.04 ON 7- 7 TO 1/4 MILE OR LESS
LOWEST: 4 ON 28 3 = THUNDER
SNOW, ICE PELLETS, HAIL 4 = ICE PELLETS
TOTAL MONTH: 0.6 INCHES 5 = HAIL
GRTST 24HR 0.5 ON 25-25 6 = FREEZING RAIN OR DRIZZLE
GRTST DEPTH: T ON 26-26 7 = DUSTSTORM OR SANDSTORM:
VSBY 1/2 MILE OR LESS
8 = SMOKE OR HAZE
[NO. OF DAYS WITH] [WEATHER - DAYS WITH] 9 = BLOWING SNOW
X = TORNADO
MAX 32 OR BELOW: 5 0.01 INCH OR MORE: 3
MAX 90 OR ABOVE: 0 0.10 INCH OR MORE: 0
MIN 32 OR BELOW: 20 0.50 INCH OR MORE: 0
MIN 0 OR BELOW: 0 1.00 INCH OR MORE: 0
[HDD (BASE 65) ]
TOTAL THIS MO. 854 CLEAR (SCALE 0-3) 0
DPTR FM NORMAL -114 PTCLDY (SCALE 4-7) 0
TOTAL FM JUL 1 1437 CLOUDY (SCALE 8-10) 30
DPTR FM NORMAL -271
[CDD (BASE 65) ]
TOTAL THIS MO. 0
DPTR FM NORMAL 0 [PRESSURE DATA]
TOTAL FM JAN 1 818 HIGHEST SLP M ON M
DPTR FM NORMAL 235 LOWEST SLP M ON M
[REMARKS]
#FINAL-11-23#