593
CDUS43 KMPX 192127
CLIMPX


CLIMATE REPORT
NATIONAL WEATHER SERVICE CHANHASSEN MN
427 PM CDT SAT MAY 19 2018


...................................

...THE CHANHASSEN MN CLIMATE SUMMARY FOR MAY 19 2018...
VALID TODAY AS OF 0400 PM LOCAL TIME.

CLIMATE NORMAL PERIOD 1981 TO 2010
CLIMATE RECORD PERIOD 1995 TO 2018


WEATHER ITEM   OBSERVED TIME   RECORD YEAR NORMAL DEPARTURE LAST
                VALUE   (LST)  VALUE       VALUE  FROM      YEAR
                                                  NORMAL
..................................................................
TEMPERATURE (F)
 TODAY
  MAXIMUM         64        MM  MM      MM  69     -5       54
  MINIMUM         52        MM  MM          49      3       42
  AVERAGE         58                        59     -1       48

PRECIPITATION (IN)
  TODAY            0.01         MM      MM   0.12  -0.11     0.00
  MONTH TO DATE    1.31                      2.21  -0.90     3.38
  SINCE MAR 1      5.19                      6.99  -1.80     9.08
  SINCE JAN 1      7.89                      8.80  -0.91    10.68

SNOWFALL (IN)
  TODAY            0.0          MM      MM   0.0    0.0      0.0
  MONTH TO DATE    0.0                       0.3   -0.3       T
  SINCE MAR 1     38.7                      14.5   24.2      6.1
  SINCE JUL 1     80.2                      54.2   26.0     38.5
  SNOW DEPTH       0

DEGREE DAYS
 HEATING
  TODAY            7                         7      0       17
  MONTH TO DATE   96                       179    -83      172
  SINCE MAR 1   2081                      1783    298     1686
  SINCE JUL 1   8185                      7798    387     6755

 COOLING
  TODAY            0                         1     -1        0
  MONTH TO DATE   17                        13      4       11
  SINCE MAR 1     19                        16      3       11
  SINCE JAN 1     19                        16      3       11
..................................................................


WIND (MPH)
  HIGHEST WIND SPEED    MM   HIGHEST WIND DIRECTION    MM
  HIGHEST GUST SPEED    MM   HIGHEST GUST DIRECTION    MM
  AVERAGE WIND SPEED    MM


SKY COVER
  POSSIBLE SUNSHINE  MM
  AVERAGE SKY COVER  MM


WEATHER CONDITIONS
 THE FOLLOWING WEATHER WAS RECORDED TODAY.
  NO SIGNIFICANT WEATHER WAS OBSERVED.


RELATIVE HUMIDITY (PERCENT)
 HIGHEST    MM
 LOWEST     MM
 AVERAGE    MM

..........................................................


THE CHANHASSEN MN CLIMATE NORMALS FOR TOMORROW
                         NORMAL    RECORD    YEAR
 MAXIMUM TEMPERATURE (F)   70        MM        MM
 MINIMUM TEMPERATURE (F)   49        MM        MM


SUNRISE AND SUNSET
MAY 19 2018...........SUNRISE   541 AM CDT   SUNSET   841 PM CDT
MAY 20 2018...........SUNRISE   540 AM CDT   SUNSET   842 PM CDT


-  INDICATES NEGATIVE NUMBERS.
R  INDICATES RECORD WAS SET OR TIED.
MM INDICATES DATA IS MISSING.
T  INDICATES TRACE AMOUNT.




$$
