000
CDUS43 KMPX 170034
CLIMPX


CLIMATE REPORT
NATIONAL WEATHER SERVICE CHANHASSEN MN
734 PM CDT MON APR 16 2018


...................................

...THE CHANHASSEN MN CLIMATE SUMMARY FOR APRIL 16 2018...
VALID TODAY AS OF 0700 PM LOCAL TIME.

CLIMATE NORMAL PERIOD 1981 TO 2010
CLIMATE RECORD PERIOD 1995 TO 2018


WEATHER ITEM   OBSERVED TIME   RECORD YEAR NORMAL DEPARTURE LAST
                VALUE   (LST)  VALUE       VALUE  FROM      YEAR
                                                  NORMAL
..................................................................
TEMPERATURE (F)
 TODAY
  MAXIMUM         36        MM  MM      MM  58    -22       64
  MINIMUM         20        MM  MM          36    -16       45
  AVERAGE         28                        47    -19       55

PRECIPITATION (IN)
  TODAY            T            MM      MM   0.10  -0.10     0.00
  MONTH TO DATE    2.55                      1.54   1.01     2.21
  SINCE MAR 1      3.84                      3.32   0.52     2.95
  SINCE JAN 1      6.54                      5.13   1.41     4.55

SNOWFALL (IN)
  TODAY            T            MM      MM   0.1   -0.1      0.0
  MONTH TO DATE   28.1                       2.6   25.5      0.6
  SINCE MAR 1     38.7                      13.4   25.3      6.1
  SINCE JUL 1     80.2                      53.1   27.1     38.5
  SNOW DEPTH      10

DEGREE DAYS
 HEATING
  TODAY           37                        18     19       10
  MONTH TO DATE  626                       352    274      248
  SINCE MAR 1   1707                      1398    309     1262
  SINCE JUL 1   7811                      7413    398     6331

 COOLING
  TODAY            0                         0      0        0
  MONTH TO DATE    0                         0      0        0
  SINCE MAR 1      0                         0      0        0
  SINCE JAN 1      0                         0      0        0
..................................................................


WIND (MPH)
  HIGHEST WIND SPEED    MM   HIGHEST WIND DIRECTION    MM
  HIGHEST GUST SPEED    MM   HIGHEST GUST DIRECTION    MM
  AVERAGE WIND SPEED    MM


SKY COVER
  POSSIBLE SUNSHINE  MM
  AVERAGE SKY COVER  MM


WEATHER CONDITIONS
 THE FOLLOWING WEATHER WAS RECORDED TODAY.
  NO SIGNIFICANT WEATHER WAS OBSERVED.


RELATIVE HUMIDITY (PERCENT)
 HIGHEST    MM
 LOWEST     MM
 AVERAGE    MM

..........................................................


THE CHANHASSEN MN CLIMATE NORMALS FOR TOMORROW
                         NORMAL    RECORD    YEAR
 MAXIMUM TEMPERATURE (F)   58        MM        MM
 MINIMUM TEMPERATURE (F)   37        MM        MM


SUNRISE AND SUNSET
APRIL 16 2018.........SUNRISE   628 AM CDT   SUNSET   801 PM CDT
APRIL 17 2018.........SUNRISE   626 AM CDT   SUNSET   802 PM CDT


-  INDICATES NEGATIVE NUMBERS.
R  INDICATES RECORD WAS SET OR TIED.
MM INDICATES DATA IS MISSING.
T  INDICATES TRACE AMOUNT.




$$
