000
CDUS43 KMPX 092136
CLIMPX


CLIMATE REPORT
NATIONAL WEATHER SERVICE CHANHASSEN MN
435 PM CDT MON APR 9 2018


...................................

...THE CHANHASSEN MN CLIMATE SUMMARY FOR APRIL 9 2018...
VALID TODAY AS OF 0400 PM LOCAL TIME.

CLIMATE NORMAL PERIOD 1981 TO 2010
CLIMATE RECORD PERIOD 1995 TO 2018


WEATHER ITEM   OBSERVED TIME   RECORD YEAR NORMAL DEPARTURE LAST
                VALUE   (LST)  VALUE       VALUE  FROM      YEAR
                                                  NORMAL
..................................................................
TEMPERATURE (F)
 TODAY
  MAXIMUM         35        MM  MM      MM  54    -19       70
  MINIMUM         21        MM  MM          33    -12       50
  AVERAGE         28                        44    -16       60

PRECIPITATION (IN)
  TODAY            0.01         MM      MM   0.10  -0.09     0.05
  MONTH TO DATE    0.81                      0.84  -0.03     0.09
  SINCE MAR 1      2.10                      2.62  -0.52     0.83
  SINCE JAN 1      4.80                      4.43   0.37     2.43

SNOWFALL (IN)
  TODAY            0.2          MM      MM   0.2    0.0      0.0
  MONTH TO DATE   11.4                       1.7    9.7      0.0
  SINCE MAR 1     22.0                      12.5    9.5      5.5
  SINCE JUL 1     63.5                      52.2   11.3     37.9
  SNOW DEPTH       3

DEGREE DAYS
 HEATING
  TODAY           37                        22     15        5
  MONTH TO DATE  393                       214    179      144
  SINCE MAR 1   1474                      1260    214     1158
  SINCE JUL 1   7578                      7275    303     6227

 COOLING
  TODAY            0                         0      0        0
  MONTH TO DATE    0                         0      0        0
  SINCE MAR 1      0                         0      0        0
  SINCE JAN 1      0                         0      0        0
..................................................................


WIND (MPH)
  HIGHEST WIND SPEED    MM   HIGHEST WIND DIRECTION    MM
  HIGHEST GUST SPEED    MM   HIGHEST GUST DIRECTION    MM
  AVERAGE WIND SPEED    MM


SKY COVER
  POSSIBLE SUNSHINE  MM
  AVERAGE SKY COVER  MM


WEATHER CONDITIONS
 THE FOLLOWING WEATHER WAS RECORDED TODAY.
  NO SIGNIFICANT WEATHER WAS OBSERVED.


RELATIVE HUMIDITY (PERCENT)
 HIGHEST    MM
 LOWEST     MM
 AVERAGE    MM

..........................................................


THE CHANHASSEN MN CLIMATE NORMALS FOR TOMORROW
                         NORMAL    RECORD    YEAR
 MAXIMUM TEMPERATURE (F)   54        MM        MM
 MINIMUM TEMPERATURE (F)   34        MM        MM


SUNRISE AND SUNSET
APRIL  9 2018.........SUNRISE   640 AM CDT   SUNSET   752 PM CDT
APRIL 10 2018.........SUNRISE   639 AM CDT   SUNSET   753 PM CDT


-  INDICATES NEGATIVE NUMBERS.
R  INDICATES RECORD WAS SET OR TIED.
MM INDICATES DATA IS MISSING.
T  INDICATES TRACE AMOUNT.




$$
