000
CDUS43 KMPX 110722
CLIMPX


CLIMATE REPORT
NATIONAL WEATHER SERVICE CHANHASSEN MN
221 AM CDT FRI MAY 11 2018


...................................

...THE CHANHASSEN MN CLIMATE SUMMARY FOR MAY 10 2018...

CLIMATE NORMAL PERIOD 1981 TO 2010
CLIMATE RECORD PERIOD 1995 TO 2018


WEATHER ITEM   OBSERVED TIME   RECORD YEAR NORMAL DEPARTURE LAST
                VALUE   (LST)  VALUE       VALUE  FROM      YEAR
                                                  NORMAL
..................................................................
TEMPERATURE (F)
 YESTERDAY
  MAXIMUM         58        MM  MM      MM  67     -9       66
  MINIMUM         43        MM  MM      MM  46     -3       45
  AVERAGE         51                        56     -5       56

PRECIPITATION (IN)
  YESTERDAY        0.00         MM      MM   0.11  -0.11     0.02
  MONTH TO DATE    0.88                      1.15  -0.27     0.35
  SINCE MAR 1      4.76                      5.93  -1.17     6.05
  SINCE JAN 1      7.46                      7.74  -0.28     7.65

SNOWFALL (IN)
  YESTERDAY        0.0          MM      MM   0.0    0.0      0.0
  MONTH TO DATE    0.0                       0.2   -0.2       T
  SINCE MAR 1     38.7                      14.4   24.3      6.1
  SINCE JUL 1     80.2                      54.1   26.1     38.5
  SNOW DEPTH       0

DEGREE DAYS
 HEATING
  YESTERDAY       14                         9      5        9
  MONTH TO DATE   45                       106    -61      115
  SINCE MAR 1   2030                      1710    320     1629
  SINCE JUL 1   8134                      7725    409     6698

 COOLING
  YESTERDAY        0                         1     -1        0
  MONTH TO DATE    5                         4      1        0
  SINCE MAR 1      7                         7      0        0
  SINCE JAN 1      7                         7      0        0
..................................................................


WIND (MPH)
  HIGHEST WIND SPEED    MM   HIGHEST WIND DIRECTION    MM
  HIGHEST GUST SPEED    MM   HIGHEST GUST DIRECTION    MM
  AVERAGE WIND SPEED    MM


SKY COVER
  POSSIBLE SUNSHINE  MM
  AVERAGE SKY COVER  MM


WEATHER CONDITIONS
 THE FOLLOWING WEATHER WAS RECORDED YESTERDAY.
  NO SIGNIFICANT WEATHER WAS OBSERVED.


RELATIVE HUMIDITY (PERCENT)
 HIGHEST    MM
 LOWEST     MM
 AVERAGE    MM

..........................................................


THE CHANHASSEN MN CLIMATE NORMALS FOR TODAY
                         NORMAL    RECORD    YEAR
 MAXIMUM TEMPERATURE (F)   67        MM        MM
 MINIMUM TEMPERATURE (F)   46        MM        MM


SUNRISE AND SUNSET
MAY 11 2018...........SUNRISE   550 AM CDT   SUNSET   832 PM CDT
MAY 12 2018...........SUNRISE   549 AM CDT   SUNSET   833 PM CDT


-  INDICATES NEGATIVE NUMBERS.
R  INDICATES RECORD WAS SET OR TIED.
MM INDICATES DATA IS MISSING.
T  INDICATES TRACE AMOUNT.




$$
