000
CDUS43 KMPX 130719
CLIMPX


CLIMATE REPORT
NATIONAL WEATHER SERVICE CHANHASSEN MN
219 AM CDT FRI APR 13 2018


...................................

...THE CHANHASSEN MN CLIMATE SUMMARY FOR APRIL 12 2018...

CLIMATE NORMAL PERIOD 1981 TO 2010
CLIMATE RECORD PERIOD 1995 TO 2018


WEATHER ITEM   OBSERVED TIME   RECORD YEAR NORMAL DEPARTURE LAST
                VALUE   (LST)  VALUE       VALUE  FROM      YEAR
                                                  NORMAL
..................................................................
TEMPERATURE (F)
 YESTERDAY
  MAXIMUM         49        MM  MM      MM  56     -7       55
  MINIMUM         27        MM  MM      MM  34     -7       34
  AVERAGE         38                        45     -7       45

PRECIPITATION (IN)
  YESTERDAY        0.00         MM      MM   0.10  -0.10     0.21
  MONTH TO DATE    0.82                      1.15  -0.33     0.78
  SINCE MAR 1      2.11                      2.93  -0.82     1.52
  SINCE JAN 1      4.81                      4.74   0.07     3.12

SNOWFALL (IN)
  YESTERDAY        0.0          MM      MM   0.2   -0.2      0.0
  MONTH TO DATE   11.4                       2.1    9.3      0.6
  SINCE MAR 1     22.0                      12.9    9.1      6.1
  SINCE JUL 1     63.5                      52.6   10.9     38.5
  SNOW DEPTH       T

DEGREE DAYS
 HEATING
  YESTERDAY       27                        20      7       20
  MONTH TO DATE  478                       276    202      211
  SINCE MAR 1   1559                      1322    237     1225
  SINCE JUL 1   7663                      7337    326     6294

 COOLING
  YESTERDAY        0                         0      0        0
  MONTH TO DATE    0                         0      0        0
  SINCE MAR 1      0                         0      0        0
  SINCE JAN 1      0                         0      0        0
..................................................................


WIND (MPH)
  HIGHEST WIND SPEED    MM   HIGHEST WIND DIRECTION    MM
  HIGHEST GUST SPEED    MM   HIGHEST GUST DIRECTION    MM
  AVERAGE WIND SPEED    MM


SKY COVER
  POSSIBLE SUNSHINE  MM
  AVERAGE SKY COVER  MM


WEATHER CONDITIONS
 THE FOLLOWING WEATHER WAS RECORDED YESTERDAY.
  NO SIGNIFICANT WEATHER WAS OBSERVED.


RELATIVE HUMIDITY (PERCENT)
 HIGHEST    MM
 LOWEST     MM
 AVERAGE    MM

..........................................................


THE CHANHASSEN MN CLIMATE NORMALS FOR TODAY
                         NORMAL    RECORD    YEAR
 MAXIMUM TEMPERATURE (F)   56        MM        MM
 MINIMUM TEMPERATURE (F)   35        MM        MM


SUNRISE AND SUNSET
APRIL 13 2018.........SUNRISE   633 AM CDT   SUNSET   757 PM CDT
APRIL 14 2018.........SUNRISE   631 AM CDT   SUNSET   758 PM CDT


-  INDICATES NEGATIVE NUMBERS.
R  INDICATES RECORD WAS SET OR TIED.
MM INDICATES DATA IS MISSING.
T  INDICATES TRACE AMOUNT.




$$
