000
CDUS43 KMPX 102126
CLIMPX


CLIMATE REPORT
NATIONAL WEATHER SERVICE CHANHASSEN MN
426 PM CDT TUE APR 10 2018


...................................

...THE CHANHASSEN MN CLIMATE SUMMARY FOR APRIL 10 2018...
VALID TODAY AS OF 0400 PM LOCAL TIME.

CLIMATE NORMAL PERIOD 1981 TO 2010
CLIMATE RECORD PERIOD 1995 TO 2018


WEATHER ITEM   OBSERVED TIME   RECORD YEAR NORMAL DEPARTURE LAST
                VALUE   (LST)  VALUE       VALUE  FROM      YEAR
                                                  NORMAL
..................................................................
TEMPERATURE (F)
 TODAY
  MAXIMUM         40        MM  MM      MM  54    -14       50
  MINIMUM         29        MM  MM          34     -5       32
  AVERAGE         35                        44     -9       41

PRECIPITATION (IN)
  TODAY            T            MM      MM   0.10  -0.10     0.48
  MONTH TO DATE    0.81                      0.94  -0.13     0.57
  SINCE MAR 1      2.10                      2.72  -0.62     1.31
  SINCE JAN 1      4.80                      4.53   0.27     2.91

SNOWFALL (IN)
  TODAY            T            MM      MM   0.1   -0.1      0.6
  MONTH TO DATE   11.4                       1.8    9.6      0.6
  SINCE MAR 1     22.0                      12.6    9.4      6.1
  SINCE JUL 1     63.5                      52.3   11.2     38.5
  SNOW DEPTH       1

DEGREE DAYS
 HEATING
  TODAY           30                        21      9       24
  MONTH TO DATE  423                       235    188      168
  SINCE MAR 1   1504                      1281    223     1182
  SINCE JUL 1   7608                      7296    312     6251

 COOLING
  TODAY            0                         0      0        0
  MONTH TO DATE    0                         0      0        0
  SINCE MAR 1      0                         0      0        0
  SINCE JAN 1      0                         0      0        0
..................................................................


WIND (MPH)
  HIGHEST WIND SPEED    MM   HIGHEST WIND DIRECTION    MM
  HIGHEST GUST SPEED    MM   HIGHEST GUST DIRECTION    MM
  AVERAGE WIND SPEED    MM


SKY COVER
  POSSIBLE SUNSHINE  MM
  AVERAGE SKY COVER  MM


WEATHER CONDITIONS
 THE FOLLOWING WEATHER WAS RECORDED TODAY.
  NO SIGNIFICANT WEATHER WAS OBSERVED.


RELATIVE HUMIDITY (PERCENT)
 HIGHEST    MM
 LOWEST     MM
 AVERAGE    MM

..........................................................


THE CHANHASSEN MN CLIMATE NORMALS FOR TOMORROW
                         NORMAL    RECORD    YEAR
 MAXIMUM TEMPERATURE (F)   55        MM        MM
 MINIMUM TEMPERATURE (F)   34        MM        MM


SUNRISE AND SUNSET
APRIL 10 2018.........SUNRISE   639 AM CDT   SUNSET   753 PM CDT
APRIL 11 2018.........SUNRISE   637 AM CDT   SUNSET   755 PM CDT


-  INDICATES NEGATIVE NUMBERS.
R  INDICATES RECORD WAS SET OR TIED.
MM INDICATES DATA IS MISSING.
T  INDICATES TRACE AMOUNT.




$$
