000
CDUS43 KMPX 200803
CLIMPX


CLIMATE REPORT
NATIONAL WEATHER SERVICE CHANHASSEN MN
301 AM CDT FRI APR 20 2018


...................................

...THE CHANHASSEN MN CLIMATE SUMMARY FOR APRIL 19 2018...

CLIMATE NORMAL PERIOD 1981 TO 2010
CLIMATE RECORD PERIOD 1995 TO 2018


WEATHER ITEM   OBSERVED TIME   RECORD YEAR NORMAL DEPARTURE LAST
                VALUE   (LST)  VALUE       VALUE  FROM      YEAR
                                                  NORMAL
..................................................................
TEMPERATURE (F)
 YESTERDAY
  MAXIMUM         48        MM  MM      MM  59    -11       49
  MINIMUM         23        MM  MM      MM  38    -15       42
  AVERAGE         36                        48    -12       46

PRECIPITATION (IN)
  YESTERDAY        0.00         MM      MM   0.10  -0.10     0.82
  MONTH TO DATE    2.55                      1.83   0.72     3.24
  SINCE MAR 1      3.84                      3.61   0.23     3.98
  SINCE JAN 1      6.54                      5.42   1.12     5.58

SNOWFALL (IN)
  YESTERDAY        0.0          MM      MM   0.1   -0.1      0.0
  MONTH TO DATE   28.1                       2.8   25.3      0.6
  SINCE MAR 1     38.7                      13.6   25.1      6.1
  SINCE JUL 1     80.2                      53.3   26.9     38.5
  SNOW DEPTH       6

DEGREE DAYS
 HEATING
  YESTERDAY       29                        17     12       19
  MONTH TO DATE  718                       404    314      295
  SINCE MAR 1   1799                      1450    349     1309
  SINCE JUL 1   7903                      7465    438     6378

 COOLING
  YESTERDAY        0                         0      0        0
  MONTH TO DATE    0                         0      0        0
  SINCE MAR 1      0                         0      0        0
  SINCE JAN 1      0                         0      0        0
..................................................................


WIND (MPH)
  HIGHEST WIND SPEED    MM   HIGHEST WIND DIRECTION    MM
  HIGHEST GUST SPEED    MM   HIGHEST GUST DIRECTION    MM
  AVERAGE WIND SPEED    MM


SKY COVER
  POSSIBLE SUNSHINE  MM
  AVERAGE SKY COVER  MM


WEATHER CONDITIONS
 THE FOLLOWING WEATHER WAS RECORDED YESTERDAY.
  NO SIGNIFICANT WEATHER WAS OBSERVED.


RELATIVE HUMIDITY (PERCENT)
 HIGHEST    MM
 LOWEST     MM
 AVERAGE    MM

..........................................................


THE CHANHASSEN MN CLIMATE NORMALS FOR TODAY
                         NORMAL    RECORD    YEAR
 MAXIMUM TEMPERATURE (F)   60        MM        MM
 MINIMUM TEMPERATURE (F)   38        MM        MM


SUNRISE AND SUNSET
APRIL 20 2018.........SUNRISE   621 AM CDT   SUNSET   806 PM CDT
APRIL 21 2018.........SUNRISE   620 AM CDT   SUNSET   807 PM CDT


-  INDICATES NEGATIVE NUMBERS.
R  INDICATES RECORD WAS SET OR TIED.
MM INDICATES DATA IS MISSING.
T  INDICATES TRACE AMOUNT.




$$
