866
CDUS43 KMPX 260644
CLIMPX


CLIMATE REPORT
NATIONAL WEATHER SERVICE CHANHASSEN MN
143 AM CDT SAT MAY 26 2018


...................................

...THE CHANHASSEN MN CLIMATE SUMMARY FOR MAY 25 2018...

CLIMATE NORMAL PERIOD 1981 TO 2010
CLIMATE RECORD PERIOD 1995 TO 2018


WEATHER ITEM   OBSERVED TIME   RECORD YEAR NORMAL DEPARTURE LAST
                VALUE   (LST)  VALUE       VALUE  FROM      YEAR
                                                  NORMAL
..................................................................
TEMPERATURE (F)
 YESTERDAY
  MAXIMUM         88        MM  MM      MM  71     17       69
  MINIMUM         64        MM  MM      MM  50     14       42
  AVERAGE         76                        61     15       56

PRECIPITATION (IN)
  YESTERDAY        0.11         MM      MM   0.12  -0.01     0.05
  MONTH TO DATE    1.74                      2.94  -1.20     5.04
  SINCE MAR 1      5.62                      7.72  -2.10    10.74
  SINCE JAN 1      8.32                      9.53  -1.21    12.34

SNOWFALL (IN)
  YESTERDAY        0.0          MM      MM   0.0    0.0      0.0
  MONTH TO DATE    0.0                       0.3   -0.3       T
  SINCE MAR 1     38.7                      14.5   24.2      6.1
  SINCE JUL 1     80.2                      54.2   26.0     38.5
  SNOW DEPTH       0

DEGREE DAYS
 HEATING
  YESTERDAY        0                         6     -6        9
  MONTH TO DATE  108                       217   -109      256
  SINCE MAR 1   2093                      1821    272     1770
  SINCE JUL 1   8197                      7836    361     6839

 COOLING
  YESTERDAY       11                         1     10        0
  MONTH TO DATE   46                        19     27       11
  SINCE MAR 1     48                        22     26       11
  SINCE JAN 1     48                        22     26       11
..................................................................


WIND (MPH)
  HIGHEST WIND SPEED    MM   HIGHEST WIND DIRECTION    MM
  HIGHEST GUST SPEED    MM   HIGHEST GUST DIRECTION    MM
  AVERAGE WIND SPEED    MM


SKY COVER
  POSSIBLE SUNSHINE  MM
  AVERAGE SKY COVER  MM


WEATHER CONDITIONS
 THE FOLLOWING WEATHER WAS RECORDED YESTERDAY.
  NO SIGNIFICANT WEATHER WAS OBSERVED.


RELATIVE HUMIDITY (PERCENT)
 HIGHEST    MM
 LOWEST     MM
 AVERAGE    MM

..........................................................


THE CHANHASSEN MN CLIMATE NORMALS FOR TODAY
                         NORMAL    RECORD    YEAR
 MAXIMUM TEMPERATURE (F)   71        MM        MM
 MINIMUM TEMPERATURE (F)   51        MM        MM


SUNRISE AND SUNSET
MAY 26 2018...........SUNRISE   535 AM CDT   SUNSET   848 PM CDT
MAY 27 2018...........SUNRISE   535 AM CDT   SUNSET   849 PM CDT


-  INDICATES NEGATIVE NUMBERS.
R  INDICATES RECORD WAS SET OR TIED.
MM INDICATES DATA IS MISSING.
T  INDICATES TRACE AMOUNT.




$$
