000
CDUS43 KMPX 132204
CLIMPX


CLIMATE REPORT
NATIONAL WEATHER SERVICE CHANHASSEN MN
504 PM CDT FRI APR 13 2018


...................................

...THE CHANHASSEN MN CLIMATE SUMMARY FOR APRIL 13 2018...
VALID TODAY AS OF 0500 PM LOCAL TIME.

CLIMATE NORMAL PERIOD 1981 TO 2010
CLIMATE RECORD PERIOD 1995 TO 2018


WEATHER ITEM   OBSERVED TIME   RECORD YEAR NORMAL DEPARTURE LAST
                VALUE   (LST)  VALUE       VALUE  FROM      YEAR
                                                  NORMAL
..................................................................
TEMPERATURE (F)
 TODAY
  MAXIMUM         39        MM  MM      MM  56    -17       55
  MINIMUM         36        MM  MM          35      1       44
  AVERAGE         38                        46     -8       50

PRECIPITATION (IN)
  TODAY           MM            MM      MM   0.10  MM        0.00
  MONTH TO DATE    0.82                      1.25  -0.43     0.78
  SINCE MAR 1      2.11                      3.03  -0.92     1.52
  SINCE JAN 1      4.81                      4.84  -0.03     3.12

SNOWFALL (IN)
  TODAY           MM            MM      MM   0.1   MM        0.0
  MONTH TO DATE   11.4                       2.2    9.2      0.6
  SINCE MAR 1     22.0                      13.0    9.0      6.1
  SINCE JUL 1     63.5                      52.7   10.8     38.5
  SNOW DEPTH       T

DEGREE DAYS
 HEATING
  TODAY           27                        20      7       15
  MONTH TO DATE  505                       296    209      226
  SINCE MAR 1   1586                      1342    244     1240
  SINCE JUL 1   7690                      7357    333     6309

 COOLING
  TODAY            0                         0      0        0
  MONTH TO DATE    0                         0      0        0
  SINCE MAR 1      0                         0      0        0
  SINCE JAN 1      0                         0      0        0
..................................................................


WIND (MPH)
  HIGHEST WIND SPEED    MM   HIGHEST WIND DIRECTION    MM
  HIGHEST GUST SPEED    MM   HIGHEST GUST DIRECTION    MM
  AVERAGE WIND SPEED    MM


SKY COVER
  POSSIBLE SUNSHINE  MM
  AVERAGE SKY COVER  MM


WEATHER CONDITIONS
 THE FOLLOWING WEATHER WAS RECORDED TODAY.
  NO SIGNIFICANT WEATHER WAS OBSERVED.


RELATIVE HUMIDITY (PERCENT)
 HIGHEST    MM
 LOWEST     MM
 AVERAGE    MM

..........................................................


THE CHANHASSEN MN CLIMATE NORMALS FOR TOMORROW
                         NORMAL    RECORD    YEAR
 MAXIMUM TEMPERATURE (F)   57        MM        MM
 MINIMUM TEMPERATURE (F)   35        MM        MM


SUNRISE AND SUNSET
APRIL 13 2018.........SUNRISE   633 AM CDT   SUNSET   757 PM CDT
APRIL 14 2018.........SUNRISE   631 AM CDT   SUNSET   758 PM CDT


-  INDICATES NEGATIVE NUMBERS.
R  INDICATES RECORD WAS SET OR TIED.
MM INDICATES DATA IS MISSING.
T  INDICATES TRACE AMOUNT.




$$
