022
CDUS43 KMPX 181245
CLIMPX


CLIMATE REPORT
NATIONAL WEATHER SERVICE CHANHASSEN MN
745 AM CDT WED APR 18 2018


...................................

...THE CHANHASSEN MN CLIMATE SUMMARY FOR APRIL 17 2018...

CLIMATE NORMAL PERIOD 1981 TO 2010
CLIMATE RECORD PERIOD 1995 TO 2018


WEATHER ITEM   OBSERVED TIME   RECORD YEAR NORMAL DEPARTURE LAST
                VALUE   (LST)  VALUE       VALUE  FROM      YEAR
                                                  NORMAL
..................................................................
TEMPERATURE (F)
 YESTERDAY
  MAXIMUM         MM        MM  MM      MM  58     MM       55
  MINIMUM         MM        MM  MM      MM  37     MM       41
  AVERAGE         MM                        47     MM       48

PRECIPITATION (IN)
  YESTERDAY       MM            MM      MM   0.09  MM        0.00
  MONTH TO DATE    2.55                      1.63   0.92     2.21
  SINCE MAR 1      3.84                      3.41   0.43     2.95
  SINCE JAN 1      6.54                      5.22   1.32     4.55

SNOWFALL (IN)
  YESTERDAY       MM            MM      MM   0.0   MM        0.0
  MONTH TO DATE   28.1                       2.6   25.5      0.6
  SINCE MAR 1     38.7                      13.4   25.3      6.1
  SINCE JUL 1     80.2                      53.1   27.1     38.5
  SNOW DEPTH      MM

DEGREE DAYS
 HEATING
  YESTERDAY       MM                        18     MM       17
  MONTH TO DATE  626                       370    256      265
  SINCE MAR 1   1707                      1416    291     1279
  SINCE JUL 1   7811                      7431    380     6348

 COOLING
  YESTERDAY       MM                         0     MM        0
  MONTH TO DATE    0                         0      0        0
  SINCE MAR 1      0                         0      0        0
  SINCE JAN 1      0                         0      0        0
..................................................................


WIND (MPH)
  HIGHEST WIND SPEED    MM   HIGHEST WIND DIRECTION    MM
  HIGHEST GUST SPEED    MM   HIGHEST GUST DIRECTION    MM
  AVERAGE WIND SPEED    MM


SKY COVER
  POSSIBLE SUNSHINE  MM
  AVERAGE SKY COVER  MM


WEATHER CONDITIONS
 THE FOLLOWING WEATHER WAS RECORDED YESTERDAY.
  NO SIGNIFICANT WEATHER WAS OBSERVED.


RELATIVE HUMIDITY (PERCENT)
 HIGHEST    MM
 LOWEST     MM
 AVERAGE    MM

..........................................................


THE CHANHASSEN MN CLIMATE NORMALS FOR TODAY
                         NORMAL    RECORD    YEAR
 MAXIMUM TEMPERATURE (F)   59        MM        MM
 MINIMUM TEMPERATURE (F)   37        MM        MM


SUNRISE AND SUNSET
APRIL 18 2018.........SUNRISE   625 AM CDT   SUNSET   803 PM CDT
APRIL 19 2018.........SUNRISE   623 AM CDT   SUNSET   805 PM CDT


-  INDICATES NEGATIVE NUMBERS.
R  INDICATES RECORD WAS SET OR TIED.
MM INDICATES DATA IS MISSING.
T  INDICATES TRACE AMOUNT.




$$
