000
CDUS43 KMPX 120729
CLIMPX


CLIMATE REPORT
NATIONAL WEATHER SERVICE CHANHASSEN MN
229 AM CDT SAT MAY 12 2018


...................................

...THE CHANHASSEN MN CLIMATE SUMMARY FOR MAY 11 2018...

CLIMATE NORMAL PERIOD 1981 TO 2010
CLIMATE RECORD PERIOD 1995 TO 2018


WEATHER ITEM   OBSERVED TIME   RECORD YEAR NORMAL DEPARTURE LAST
                VALUE   (LST)  VALUE       VALUE  FROM      YEAR
                                                  NORMAL
..................................................................
TEMPERATURE (F)
 YESTERDAY
  MAXIMUM         51        MM  MM      MM  67    -16       64
  MINIMUM         45        MM  MM      MM  46     -1       45
  AVERAGE         48                        57     -9       55

PRECIPITATION (IN)
  YESTERDAY        T            MM      MM   0.12  -0.12     0.00
  MONTH TO DATE    0.88                      1.27  -0.39     0.35
  SINCE MAR 1      4.76                      6.05  -1.29     6.05
  SINCE JAN 1      7.46                      7.86  -0.40     7.65

SNOWFALL (IN)
  YESTERDAY        0.0          MM      MM   0.1   -0.1      0.0
  MONTH TO DATE    0.0                       0.3   -0.3       T
  SINCE MAR 1     38.7                      14.5   24.2      6.1
  SINCE JUL 1     80.2                      54.2   26.0     38.5
  SNOW DEPTH       0

DEGREE DAYS
 HEATING
  YESTERDAY       17                         9      8       10
  MONTH TO DATE   62                       115    -53      125
  SINCE MAR 1   2047                      1719    328     1639
  SINCE JUL 1   8151                      7734    417     6708

 COOLING
  YESTERDAY        0                         1     -1        0
  MONTH TO DATE    5                         5      0        0
  SINCE MAR 1      7                         8     -1        0
  SINCE JAN 1      7                         8     -1        0
..................................................................


WIND (MPH)
  HIGHEST WIND SPEED    MM   HIGHEST WIND DIRECTION    MM
  HIGHEST GUST SPEED    MM   HIGHEST GUST DIRECTION    MM
  AVERAGE WIND SPEED    MM


SKY COVER
  POSSIBLE SUNSHINE  MM
  AVERAGE SKY COVER  MM


WEATHER CONDITIONS
 THE FOLLOWING WEATHER WAS RECORDED YESTERDAY.
  NO SIGNIFICANT WEATHER WAS OBSERVED.


RELATIVE HUMIDITY (PERCENT)
 HIGHEST    MM
 LOWEST     MM
 AVERAGE    MM

..........................................................


THE CHANHASSEN MN CLIMATE NORMALS FOR TODAY
                         NORMAL    RECORD    YEAR
 MAXIMUM TEMPERATURE (F)   68        MM        MM
 MINIMUM TEMPERATURE (F)   46        MM        MM


SUNRISE AND SUNSET
MAY 12 2018...........SUNRISE   549 AM CDT   SUNSET   833 PM CDT
MAY 13 2018...........SUNRISE   548 AM CDT   SUNSET   834 PM CDT


-  INDICATES NEGATIVE NUMBERS.
R  INDICATES RECORD WAS SET OR TIED.
MM INDICATES DATA IS MISSING.
T  INDICATES TRACE AMOUNT.




$$
