048
CDUS43 KMPX 172228
CLIMPX


CLIMATE REPORT
NATIONAL WEATHER SERVICE CHANHASSEN MN
527 PM CDT THU MAY 17 2018


...................................

...THE CHANHASSEN MN CLIMATE SUMMARY FOR MAY 17 2018...
VALID TODAY AS OF 0500 PM LOCAL TIME.

CLIMATE NORMAL PERIOD 1981 TO 2010
CLIMATE RECORD PERIOD 1995 TO 2018


WEATHER ITEM   OBSERVED TIME   RECORD YEAR NORMAL DEPARTURE LAST
                VALUE   (LST)  VALUE       VALUE  FROM      YEAR
                                                  NORMAL
..................................................................
TEMPERATURE (F)
 TODAY
  MAXIMUM         84        MM  MM      MM  69     15       68
  MINIMUM         57        MM  MM          48      9       51
  AVERAGE         71                        58     13       60

PRECIPITATION (IN)
  TODAY            0.00         MM      MM   0.12  -0.12     2.00
  MONTH TO DATE    1.09                      1.97  -0.88     3.07
  SINCE MAR 1      4.97                      6.75  -1.78     8.77
  SINCE JAN 1      7.67                      8.56  -0.89    10.37

SNOWFALL (IN)
  TODAY            0.0          MM      MM   0.0    0.0      0.0
  MONTH TO DATE    0.0                       0.3   -0.3       T
  SINCE MAR 1     38.7                      14.5   24.2      6.1
  SINCE JUL 1     80.2                      54.2   26.0     38.5
  SNOW DEPTH       0

DEGREE DAYS
 HEATING
  TODAY            0                         8     -8        5
  MONTH TO DATE   89                       165    -76      139
  SINCE MAR 1   2074                      1769    305     1653
  SINCE JUL 1   8178                      7784    394     6722

 COOLING
  TODAY            6                         1      5        0
  MONTH TO DATE   12                        11      1       11
  SINCE MAR 1     14                        14      0       11
  SINCE JAN 1     14                        14      0       11
..................................................................


WIND (MPH)
  HIGHEST WIND SPEED    MM   HIGHEST WIND DIRECTION    MM
  HIGHEST GUST SPEED    MM   HIGHEST GUST DIRECTION    MM
  AVERAGE WIND SPEED    MM


SKY COVER
  POSSIBLE SUNSHINE  MM
  AVERAGE SKY COVER  MM


WEATHER CONDITIONS
 THE FOLLOWING WEATHER WAS RECORDED TODAY.
  NO SIGNIFICANT WEATHER WAS OBSERVED.


RELATIVE HUMIDITY (PERCENT)
 HIGHEST    MM
 LOWEST     MM
 AVERAGE    MM

..........................................................


THE CHANHASSEN MN CLIMATE NORMALS FOR TOMORROW
                         NORMAL    RECORD    YEAR
 MAXIMUM TEMPERATURE (F)   69        MM        MM
 MINIMUM TEMPERATURE (F)   48        MM        MM


SUNRISE AND SUNSET
MAY 17 2018...........SUNRISE   543 AM CDT   SUNSET   839 PM CDT
MAY 18 2018...........SUNRISE   542 AM CDT   SUNSET   840 PM CDT


-  INDICATES NEGATIVE NUMBERS.
R  INDICATES RECORD WAS SET OR TIED.
MM INDICATES DATA IS MISSING.
T  INDICATES TRACE AMOUNT.




$$
