000
CDUS43 KMPX 152140
CLIMPX


CLIMATE REPORT
NATIONAL WEATHER SERVICE CHANHASSEN MN
439 PM CDT TUE MAY 15 2018


...................................

...THE CHANHASSEN MN CLIMATE SUMMARY FOR MAY 15 2018...
VALID TODAY AS OF 0400 PM LOCAL TIME.

CLIMATE NORMAL PERIOD 1981 TO 2010
CLIMATE RECORD PERIOD 1995 TO 2018


WEATHER ITEM   OBSERVED TIME   RECORD YEAR NORMAL DEPARTURE LAST
                VALUE   (LST)  VALUE       VALUE  FROM      YEAR
                                                  NORMAL
..................................................................
TEMPERATURE (F)
 TODAY
  MAXIMUM         75        MM  MM      MM  68      7       68
  MINIMUM         52        MM  MM          47      5       58
  AVERAGE         64                        58      6       63

PRECIPITATION (IN)
  TODAY            0.00         MM      MM   0.12  -0.12     0.43
  MONTH TO DATE    1.09                      1.73  -0.64     0.78
  SINCE MAR 1      4.97                      6.51  -1.54     6.48
  SINCE JAN 1      7.67                      8.32  -0.65     8.08

SNOWFALL (IN)
  TODAY            0.0          MM      MM   0.0    0.0      0.0
  MONTH TO DATE    0.0                       0.3   -0.3       T
  SINCE MAR 1     38.7                      14.5   24.2      6.1
  SINCE JUL 1     80.2                      54.2   26.0     38.5
  SNOW DEPTH       0

DEGREE DAYS
 HEATING
  TODAY            1                         8     -7        2
  MONTH TO DATE   88                       149    -61      134
  SINCE MAR 1   2073                      1753    320     1648
  SINCE JUL 1   8177                      7768    409     6717

 COOLING
  TODAY            0                         1     -1        0
  MONTH TO DATE    5                         9     -4        5
  SINCE MAR 1      7                        12     -5        5
  SINCE JAN 1      7                        12     -5        5
..................................................................


WIND (MPH)
  HIGHEST WIND SPEED    MM   HIGHEST WIND DIRECTION    MM
  HIGHEST GUST SPEED    MM   HIGHEST GUST DIRECTION    MM
  AVERAGE WIND SPEED    MM


SKY COVER
  POSSIBLE SUNSHINE  MM
  AVERAGE SKY COVER  MM


WEATHER CONDITIONS
 THE FOLLOWING WEATHER WAS RECORDED TODAY.
  NO SIGNIFICANT WEATHER WAS OBSERVED.


RELATIVE HUMIDITY (PERCENT)
 HIGHEST    MM
 LOWEST     MM
 AVERAGE    MM

..........................................................


THE CHANHASSEN MN CLIMATE NORMALS FOR TOMORROW
                         NORMAL    RECORD    YEAR
 MAXIMUM TEMPERATURE (F)   69        MM        MM
 MINIMUM TEMPERATURE (F)   48        MM        MM


SUNRISE AND SUNSET
MAY 15 2018...........SUNRISE   546 AM CDT   SUNSET   836 PM CDT
MAY 16 2018...........SUNRISE   545 AM CDT   SUNSET   837 PM CDT


-  INDICATES NEGATIVE NUMBERS.
R  INDICATES RECORD WAS SET OR TIED.
MM INDICATES DATA IS MISSING.
T  INDICATES TRACE AMOUNT.




$$
