000
CDUS43 KMPX 160737
CLIMPX


CLIMATE REPORT
NATIONAL WEATHER SERVICE CHANHASSEN MN
235 AM CDT MON APR 16 2018


...................................

...THE CHANHASSEN MN CLIMATE SUMMARY FOR APRIL 15 2018...

CLIMATE NORMAL PERIOD 1981 TO 2010
CLIMATE RECORD PERIOD 1995 TO 2018


WEATHER ITEM   OBSERVED TIME   RECORD YEAR NORMAL DEPARTURE LAST
                VALUE   (LST)  VALUE       VALUE  FROM      YEAR
                                                  NORMAL
..................................................................
TEMPERATURE (F)
 YESTERDAY
  MAXIMUM         29        MM  MM      MM  57    -28       71
  MINIMUM         20        MM  MM      MM  36    -16       50
  AVERAGE         25                        46    -21       61

PRECIPITATION (IN)
  YESTERDAY        0.31         MM      MM   0.09   0.22     1.30
  MONTH TO DATE    2.55                      1.44   1.11     2.21
  SINCE MAR 1      3.84                      3.22   0.62     2.95
  SINCE JAN 1      6.54                      5.03   1.51     4.55

SNOWFALL (IN)
  YESTERDAY        3.8          MM      MM   0.2    3.6      0.0
  MONTH TO DATE   28.1                       2.5   25.6      0.6
  SINCE MAR 1     38.7                      13.3   25.4      6.1
  SINCE JUL 1     80.2                      53.0   27.2     38.5
  SNOW DEPTH      10

DEGREE DAYS
 HEATING
  YESTERDAY       40                        19     21        4
  MONTH TO DATE  589                       334    255      238
  SINCE MAR 1   1670                      1380    290     1252
  SINCE JUL 1   7774                      7395    379     6321

 COOLING
  YESTERDAY        0                         0      0        0
  MONTH TO DATE    0                         0      0        0
  SINCE MAR 1      0                         0      0        0
  SINCE JAN 1      0                         0      0        0
..................................................................


WIND (MPH)
  HIGHEST WIND SPEED    MM   HIGHEST WIND DIRECTION    MM
  HIGHEST GUST SPEED    MM   HIGHEST GUST DIRECTION    MM
  AVERAGE WIND SPEED    MM


SKY COVER
  POSSIBLE SUNSHINE  MM
  AVERAGE SKY COVER  MM


WEATHER CONDITIONS
 THE FOLLOWING WEATHER WAS RECORDED YESTERDAY.
  NO SIGNIFICANT WEATHER WAS OBSERVED.


RELATIVE HUMIDITY (PERCENT)
 HIGHEST    MM
 LOWEST     MM
 AVERAGE    MM

..........................................................


THE CHANHASSEN MN CLIMATE NORMALS FOR TODAY
                         NORMAL    RECORD    YEAR
 MAXIMUM TEMPERATURE (F)   58        MM        MM
 MINIMUM TEMPERATURE (F)   36        MM        MM


SUNRISE AND SUNSET
APRIL 16 2018.........SUNRISE   628 AM CDT   SUNSET   801 PM CDT
APRIL 17 2018.........SUNRISE   626 AM CDT   SUNSET   802 PM CDT


-  INDICATES NEGATIVE NUMBERS.
R  INDICATES RECORD WAS SET OR TIED.
MM INDICATES DATA IS MISSING.
T  INDICATES TRACE AMOUNT.




$$
