000
CDUS43 KMPX 072135
CLIMPX


CLIMATE REPORT
NATIONAL WEATHER SERVICE CHANHASSEN MN
435 PM CDT SAT APR 7 2018


...................................

...THE CHANHASSEN MN CLIMATE SUMMARY FOR APRIL 7 2018...
VALID TODAY AS OF 0400 PM LOCAL TIME.

CLIMATE NORMAL PERIOD 1981 TO 2010
CLIMATE RECORD PERIOD 1995 TO 2018


WEATHER ITEM   OBSERVED TIME   RECORD YEAR NORMAL DEPARTURE LAST
                VALUE   (LST)  VALUE       VALUE  FROM      YEAR
                                                  NORMAL
..................................................................
TEMPERATURE (F)
 TODAY
  MAXIMUM         29        MM  MM      MM  53    -24       58
  MINIMUM         10        MM  MM          32    -22       25
  AVERAGE         20                        42    -22       42

PRECIPITATION (IN)
  TODAY            0.00         MM      MM   0.10  -0.10     0.00
  MONTH TO DATE    0.70                      0.64   0.06     0.04
  SINCE MAR 1      1.99                      2.42  -0.43     0.78
  SINCE JAN 1      4.69                      4.23   0.46     2.38

SNOWFALL (IN)
  TODAY            0.0          MM      MM   0.2   -0.2      0.0
  MONTH TO DATE    9.7                       1.4    8.3      0.0
  SINCE MAR 1     20.3                      12.2    8.1      5.5
  SINCE JUL 1     61.8                      51.9    9.9     37.9
  SNOW DEPTH       3

DEGREE DAYS
 HEATING
  TODAY           45                        23     22       23
  MONTH TO DATE  311                       170    141      134
  SINCE MAR 1   1392                      1216    176     1148
  SINCE JUL 1   7496                      7231    265     6217

 COOLING
  TODAY            0                         0      0        0
  MONTH TO DATE    0                         0      0        0
  SINCE MAR 1      0                         0      0        0
  SINCE JAN 1      0                         0      0        0
..................................................................


WIND (MPH)
  HIGHEST WIND SPEED    MM   HIGHEST WIND DIRECTION    MM
  HIGHEST GUST SPEED    MM   HIGHEST GUST DIRECTION    MM
  AVERAGE WIND SPEED    MM


SKY COVER
  POSSIBLE SUNSHINE  MM
  AVERAGE SKY COVER  MM


WEATHER CONDITIONS
 THE FOLLOWING WEATHER WAS RECORDED TODAY.
  NO SIGNIFICANT WEATHER WAS OBSERVED.


RELATIVE HUMIDITY (PERCENT)
 HIGHEST    MM
 LOWEST     MM
 AVERAGE    MM

..........................................................


THE CHANHASSEN MN CLIMATE NORMALS FOR TOMORROW
                         NORMAL    RECORD    YEAR
 MAXIMUM TEMPERATURE (F)   53        MM        MM
 MINIMUM TEMPERATURE (F)   33        MM        MM


SUNRISE AND SUNSET
APRIL  7 2018.........SUNRISE   644 AM CDT   SUNSET   750 PM CDT
APRIL  8 2018.........SUNRISE   642 AM CDT   SUNSET   751 PM CDT


-  INDICATES NEGATIVE NUMBERS.
R  INDICATES RECORD WAS SET OR TIED.
MM INDICATES DATA IS MISSING.
T  INDICATES TRACE AMOUNT.




$$
