000
CXUS53 KMPX 011534
CLMMPX
CLIMATE REPORT
NATIONAL WEATHER SERVICE TWIN CITIES/CHANHASSEN MN
1034 AM CDT WED NOV 01 2023
...................................
...THE CHANHASSEN MN CLIMATE SUMMARY FOR THE MONTH OF OCTOBER 2023...
CLIMATE NORMAL PERIOD 1991 TO 2020
CLIMATE RECORD PERIOD 1995 TO 2023
WEATHER OBSERVED NORMAL DEPART LAST YEAR`S
VALUE DATE(S) VALUE FROM VALUE DATE(S)
NORMAL
................................................................
TEMPERATURE (F)
HIGHEST 90 10/01 MM MM 80 10/11
LOWEST 21 10/30 MM MM 20 10/19
AVG. MAXIMUM 57.2 57.1 0.1 60.4
AVG. MINIMUM 41.4 37.8 3.6 38.0
MEAN 49.3 47.4 1.9 49.2
DAYS MAX >= 90 1 0
DAYS MAX <= 32 1 0
DAYS MIN <= 32 6 12
DAYS MIN <= 0 0 0
PRECIPITATION (INCHES)
TOTALS 5.86 2.66 3.20 0.28
DAILY AVG. 0.19 0.01
DAYS >= .01 13 5
DAYS >= .10 4 1
DAYS >= .50 4 0
DAYS >= 1.00 2 0
GREATEST
24 HR. TOTAL 2.92 10/13 TO 10/13 0.13
SNOWFALL (INCHES)
TOTALS 1.3 0.6 0.7 0.3
SINCE 7/1 1.3 0.6 0.7 MM
SNOWDEPTH AVG. 0 -1
DAYS >= 1.0 0 0
GREATEST
SNOW DEPTH 1 10/31 MM 10/29
10/30
10/14
24 HR TOTAL 0.8 10/31 TO 10/31
DEGREE DAYS
HEATING TOTAL 511 549 -38 488
SINCE 7/1 583 741 -158 MM
COOLING TOTAL 33 5 28 5
SINCE 1/1 818 583 235 MM
................................................................
- INDICATES NEGATIVE NUMBERS.
R INDICATES RECORD WAS SET OR TIED.
MM INDICATES DATA IS MISSING.
T INDICATES TRACE AMOUNT.
$$