000
CXUS53 KMPX 011916
CLMMPX
CLIMATE REPORT
NATIONAL WEATHER SERVICE TWIN CITIES/CHANHASSEN MN
216 PM CDT TUE AUG 01 2023
...................................
...THE CHANHASSEN MN CLIMATE SUMMARY FOR THE MONTH OF JULY 2023...
CLIMATE NORMAL PERIOD 1991 TO 2020
CLIMATE RECORD PERIOD 1995 TO 2023
WEATHER OBSERVED NORMAL DEPART LAST YEAR`S
VALUE DATE(S) VALUE FROM VALUE DATE(S)
NORMAL
................................................................
TEMPERATURE (F)
HIGHEST 93 07/25 MM MM 92 07/18
07/27
LOWEST 50 07/07 MM MM 54 07/25
AVG. MAXIMUM 82.4 81.4 1.0 82.5
AVG. MINIMUM 59.5 62.1 -2.6 63.7
MEAN 70.9 71.7 -0.8 73.1
DAYS MAX >= 90 5 1
DAYS MAX <= 32 0 0
DAYS MIN <= 32 0 0
DAYS MIN <= 0 0 0
PRECIPITATION (INCHES)
TOTALS 1.77 3.87 -2.10 1.40
DAILY AVG. 0.06 0.05
DAYS >= .01 8 9
DAYS >= .10 6 5
DAYS >= .50 1 1
DAYS >= 1.00 0 0
GREATEST
24 HR. TOTAL 0.75 07/26 TO 07/26 0.73
SNOWFALL (INCHES)
TOTALS 0.0 0.0 0.0 0.0
SINCE 7/1 0.0 0.0 0.0 MM
SNOWDEPTH AVG. 0 0
DAYS >= 1.0 0 0
GREATEST
SNOW DEPTH 0 0 MM
24 HR TOTAL MM
DEGREE DAYS
HEATING TOTAL 8 8 0 0
SINCE 7/1 8 0 8 MM
COOLING TOTAL 199 218 -19 258
SINCE 1/1 457 371 86 MM
................................................................
- INDICATES NEGATIVE NUMBERS.
R INDICATES RECORD WAS SET OR TIED.
MM INDICATES DATA IS MISSING.
T INDICATES TRACE AMOUNT.
$$