000
CXUS51 KLWX 010829
CF6MRB
PRELIMINARY LOCAL CLIMATOLOGICAL DATA (WS FORM: F-6)
STATION: MARTINSBURG WV
MONTH: FEBRUARY
YEAR: 2022
LATITUDE: 39 24 N
LONGITUDE: 77 58 W
TEMPERATURE IN F: :PCPN: SNOW: WIND :SUNSHINE: SKY :PK WND
================================================================================
1 2 3 4 5 6A 6B 7 8 9 10 11 12 13 14 15 16 17 18
12Z AVG MX 2MIN
DY MAX MIN AVG DEP HDD CDD WTR SNW DPTH SPD SPD DIR MIN PSBL S-S WX SPD DR
================================================================================
1 39 15 27 -6 38 0 0.00 M M 3.2 14 140 M M 0 18 17 170
2 46 19 33 0 32 0 0.01 M M 3.9 14 150 M M 1 18 18 150
3 48 37 43 10 22 0 0.69 M M 2.0 7 160 M M 10 12 9 170
4 46 30 38 5 27 0 0.27 M M 9.4 18 310 M M 10 12 24 320
5 30 16 23 -10 42 0 T M M 11.1 23 320 M M 3 32 290
6 35 12 24 -9 41 0 0.00 M M 3.1 14 150 M M 0 8 18 170
7 39 16 28 -6 37 0 0.00 M M 1.3 8 140 M M 3 11 140
8 43 19 31 -3 34 0 0.00 M M 4.3 22 300 M M 1 28 300
9 56 19 38 4 27 0 0.00 M M 4.3 16 150 M M 1 8 22 180
10 55 29 42 8 23 0 T M M 8.9 28 250 M M 2 38 250
11 66 23 45 11 20 0 0.00 M M 7.0 22 190 M M 1 30 220
12 54 36 45 11 20 0 T M M 10.7 26 270 M M 5 32 260
13 37 28 33 -1 32 0 0.07 M M 8.1 15 280 M M 10 1 21 360
14 30 17 24 -11 41 0 T M M 8.5 20 270 M M 3 23 270
15 38 10 24 -11 41 0 0.00 M M 2.3 10 170 M M 0 13 270
16 52 21 37 2 28 0 0.00 M M 7.2 18 160 M M 0 26 160
17 64 43 54 19 11 0 0.23 M M 8.2 18 160 M M 5 1 25 190
18 63 21 42 6 23 0 0.09 M M 14.4 51 280 M M 5 60 280
19 42 20 31 -5 34 0 0.00 M M 12.7 37 260 M M 2 50 270
20 42 11 27 -9 38 0 0.00 M M 4.8 14 150 M M 0 20 190
21 65 23 44 8 21 0 0.00 M M 4.5 17 170 M M 0 23 180
22 64 33 49 13 16 0 0.08 M M 7.1 23 190 M M 4 1 34 180
23 71 36 54 17 11 0 0.00 M M 11.7 28 280 M M 2 38 280
24 36 31 34 -3 31 0 0.42 M M 6.3 15 340 M M 8 168 20 150
25 53 31 42 5 23 0 0.36 M M 11.3 36 280 M M 8 16 46 280
26 44 29 37 -1 28 0 0.00 M M 9.2 18 330 M M 5 22 330
27 52 31 42 4 23 0 0.00 M M 14.2 26 270 M M 0 34 280
28 48 29 39 1 26 0 0.00 M M 6.1 18 290 M M 3 24 280
================================================================================
SM 1358 685 790 0 2.22 M 205.8 M 92
================================================================================
AV 48.5 24.5 7.3 FASTST M M 3 MAX(MPH)
MISC ----> 51 280 60 280
================================================================================
NOTES:
# LAST OF SEVERAL OCCURRENCES
COLUMN 17 PEAK WIND IN M.P.H.
PRELIMINARY LOCAL CLIMATOLOGICAL DATA (WS FORM: F-6) , PAGE 2
STATION: MARTINSBURG WV
MONTH: FEBRUARY
YEAR: 2022
LATITUDE: 39 24 N
LONGITUDE: 77 58 W
[TEMPERATURE DATA] [PRECIPITATION DATA] SYMBOLS USED IN COLUMN 16
AVERAGE MONTHLY: 36.5 TOTAL FOR MONTH: 2.22 1 = FOG OR MIST
DPTR FM NORMAL: 1.5 DPTR FM NORMAL: 0.08 2 = FOG REDUCING VISIBILITY
HIGHEST: 71 ON 23 GRTST 24HR 0.69 ON 3- 3 TO 1/4 MILE OR LESS
LOWEST: 10 ON 15 3 = THUNDER
SNOW, ICE PELLETS, HAIL 4 = ICE PELLETS
TOTAL MONTH: M 5 = HAIL
GRTST 24HR M ON M 6 = FREEZING RAIN OR DRIZZLE
GRTST DEPTH: M ON M 7 = DUSTSTORM OR SANDSTORM:
VSBY 1/2 MILE OR LESS
8 = SMOKE OR HAZE
[NO. OF DAYS WITH] [WEATHER - DAYS WITH] 9 = BLOWING SNOW
X = TORNADO
MAX 32 OR BELOW: 2 0.01 INCH OR MORE: 9
MAX 90 OR ABOVE: 0 0.10 INCH OR MORE: 5
MIN 32 OR BELOW: 23 0.50 INCH OR MORE: 1
MIN 0 OR BELOW: 0 1.00 INCH OR MORE: 0
[HDD (BASE 65) ]
TOTAL THIS MO. 790 CLEAR (SCALE 0-3) 16
DPTR FM NORMAL -50 PTCLDY (SCALE 4-7) 9
TOTAL FM JUL 1 3475 CLOUDY (SCALE 8-10) 3
DPTR FM NORMAL -271
[CDD (BASE 65) ]
TOTAL THIS MO. 0
DPTR FM NORMAL 0 [PRESSURE DATA]
TOTAL FM JAN 1 0 HIGHEST SLP 30.66 ON 15
DPTR FM NORMAL 0 LOWEST SLP 29.39 ON 18
[REMARKS]
#FINAL-02-22#