000
CXUS56 KMTR 010900
CF6MRY
PRELIMINARY LOCAL CLIMATOLOGICAL DATA (WS FORM: F-6)
STATION: MONTEREY AIRPORT
MONTH: OCTOBER
YEAR: 2023
LATITUDE: 36 34 N
LONGITUDE: 121 51 W
TEMPERATURE IN F: :PCPN: SNOW: WIND :SUNSHINE: SKY :PK WND
================================================================================
1 2 3 4 5 6A 6B 7 8 9 10 11 12 13 14 15 16 17 18
12Z AVG MX 2MIN
DY MAX MIN AVG DEP HDD CDD WTR SNW DPTH SPD SPD DIR MIN PSBL S-S WX SPD DR
================================================================================
1 67 53 60 -2 5 0 0.00 M M 4.8 16 240 M M 5 21 260
2 63 50 57 -5 8 0 0.00 M M 3.2 9 350 M M 4 12 15 360
3 70 47 59 -3 6 0 0.00 M M 3.6 15 320 M M 3 12 20 320
4 88 53 71 9 0 6 0.00 M M 4.0 9 120 M M 0 13 320
5 92 64 78 17 0 13 0.00 M M 5.4 12 300 M M 0 17 300
6 91 68 80 19 0 15 0.00 M M 4.7 14 270 M M 0 16 260
7 79 58 69 8 0 4 0.00 M M 3.6 10 120 M M 0 13 340
8 69 53 61 0 4 0 0.00 M M 4.7 14 240 M M 5 128 19 240
9 70 57 64 3 1 0 0.00 M M 3.3 12 340 M M 8 1 16 300
10 69 59 64 3 1 0 T M M 5.4 14 280 M M 7 1 20 270
11 65 55 60 -1 5 0 0.00 M M 8.0 18 290 M M 0 8 29 310
12 73 47 60 -1 5 0 0.00 M M 4.6 13 300 M M 0 8 17 320
13 68 51 60 -1 5 0 0.00 M M 4.5 16 250 M M 0 21 250
14 74 50 62 1 3 0 0.00 M M 4.4 13 260 M M 3 12 18 260
15 71 50 61 0 4 0 0.00 M M 2.5 8 350 M M 3 12 12 330
16 70 49 60 0 5 0 0.00 M M 3.2 10 270 M M 1 12 15 250
17 70 55 63 3 2 0 0.00 M M 3.5 12 330 M M 1 1 17 330
18 81 52 67 7 0 2 0.00 M M 2.1 8 110 M M 0 12 11 110
19 85 54 70 10 0 5 0.00 M M 3.0 12 260 M M 1 1 15 260
20 64 54 59 -1 6 0 0.00 M M 3.8 14 260 M M 6 18 19 270
21 69 53 61 1 4 0 0.00 M M 5.7 12 280 M M 2 17 300
22 69 58 64 4 1 0 0.04 M M 6.1 17 230 M M 10 18 27 230
23 69 59 64 4 1 0 0.05 M M 5.6 15 300 M M 9 1 21 290
24 66 55 61 2 4 0 0.00 M M 5.6 12 260 M M 8 8 18 260
25 64 53 59 0 6 0 0.00 M M 6.3 15 290 M M 6 21 280
26 62 52 57 -2 8 0 0.00 M M 5.7 14 290 M M 2 20 310
27 61 44 53 -6 12 0 0.00 M M 6.1 13 270 M M 0 18 260
28 65 45 55 -4 10 0 0.00 M M 5.1 9 340 M M 0 14 40
29 76 43 60 1 5 0 0.00 M M 6.6 14 270 M M 0 19 50
30 75 43 59 1 6 0 0.00 M M 4.2 12 120 M M 0 13 300
31 77 45 61 3 4 0 0.00 M M 2.6 9 120 M M 0 11 110
================================================================================
SM 2232 1629 121 45 0.09 M 141.9 M 84
================================================================================
AV 72.0 52.5 4.6 FASTST M M 3 MAX(MPH)
MISC ----> 18 290 29 310
================================================================================
NOTES:
# LAST OF SEVERAL OCCURRENCES
COLUMN 17 PEAK WIND IN M.P.H.
PRELIMINARY LOCAL CLIMATOLOGICAL DATA (WS FORM: F-6) , PAGE 2
STATION: MONTEREY AIRPORT
MONTH: OCTOBER
YEAR: 2023
LATITUDE: 36 34 N
LONGITUDE: 121 51 W
[TEMPERATURE DATA] [PRECIPITATION DATA] SYMBOLS USED IN COLUMN 16
AVERAGE MONTHLY: 62.3 TOTAL FOR MONTH: 0.09 1 = FOG OR MIST
DPTR FM NORMAL: 2.0 DPTR FM NORMAL: -0.77 2 = FOG REDUCING VISIBILITY
HIGHEST: 92 ON 5 GRTST 24HR 0.09 ON 22-23 TO 1/4 MILE OR LESS
LOWEST: 43 ON 30,29 3 = THUNDER
SNOW, ICE PELLETS, HAIL 4 = ICE PELLETS
TOTAL MONTH: M 5 = HAIL
GRTST 24HR M ON M 6 = FREEZING RAIN OR DRIZZLE
GRTST DEPTH: M ON M 7 = DUSTSTORM OR SANDSTORM:
VSBY 1/2 MILE OR LESS
8 = SMOKE OR HAZE
[NO. OF DAYS WITH] [WEATHER - DAYS WITH] 9 = BLOWING SNOW
X = TORNADO
MAX 32 OR BELOW: 0 0.01 INCH OR MORE: 2
MAX 90 OR ABOVE: 2 0.10 INCH OR MORE: 0
MIN 32 OR BELOW: 0 0.50 INCH OR MORE: 0
MIN 0 OR BELOW: 0 1.00 INCH OR MORE: 0
[HDD (BASE 65) ]
TOTAL THIS MO. 121 CLEAR (SCALE 0-3) 20
DPTR FM NORMAL -42 PTCLDY (SCALE 4-7) 8
TOTAL FM JUL 1 399 CLOUDY (SCALE 8-10) 3
DPTR FM NORMAL -73
[CDD (BASE 65) ]
TOTAL THIS MO. 45
DPTR FM NORMAL 28 [PRESSURE DATA]
TOTAL FM JAN 1 78 HIGHEST SLP M ON M
DPTR FM NORMAL 5 LOWEST SLP 29.85 ON 10
[REMARKS]
#FINAL-10-23#