000
CXUS56 KMTR 010900
CLMMRY
CLIMATE REPORT
NATIONAL WEATHER SERVICE SAN FRANCISCO BAY AREA
200 AM PDT SUN OCT 01 2023
...................................
...THE MONTEREY AIRPORT CLIMATE SUMMARY FOR THE MONTH OF SEPTEMBER 2023...
CLIMATE NORMAL PERIOD: 1991 TO 2020
CLIMATE RECORD PERIOD: 1998 TO 2023
WEATHER OBSERVED LAST YEAR`S
VALUE DATE(S) VALUE DATE(S)
.........................................................
TEMPERATURE (F)
RECORD
HIGH 103 MM
LOW 47 09/23/2018
09/18/2016
09/06/2016
HIGHEST 75 09/08 91 09/07
LOWEST 49 09/08 51 09/30
AVG. MAXIMUM 69.0 72.0
AVG. MINIMUM 55.3 56.5
MEAN 62.2 64.3
DAYS MAX >= 90 0 1
DAYS MAX <= 32 0 0
DAYS MIN <= 32 0 0
DAYS MIN <= 0 0 0
PRECIPITATION (INCHES)
TOTALS 0.06 1.06
DAILY AVG. 0.00 0.04
DAYS >= .01 3 2
DAYS >= .10 0 1
DAYS >= .50 0 1
DAYS >= 1.00 0 1
GREATEST
24 HR. TOTAL 0.04 09/30 TO 09/30 1.06 09/18 TO 09/19
DEGREE DAYS
HEATING TOTAL 81 54
SINCE 7/1 278 MM
COOLING TOTAL 4 36
SINCE 1/1 33 MM
.........................................................
WIND (MPH)
AVERAGE WIND SPEED 5.8
RESULTANT WIND SPEED/DIRECTION 3/260
HIGHEST WIND SPEED/DIRECTION 20/250 DATE 09/20
HIGHEST GUST SPEED/DIRECTION 30/270 DATE 09/27
SKY COVER
POSSIBLE SUNSHINE (PERCENT) MM
AVERAGE SKY COVER 0.59
NUMBER OF DAYS FAIR 4
NUMBER OF DAYS PC 17
NUMBER OF DAYS CLOUDY 9
AVERAGE RH (PERCENT) 78
WEATHER CONDITIONS. NUMBER OF DAYS WITH
THUNDERSTORM 1 MIXED PRECIP 0
HEAVY RAIN 0 RAIN 0
LIGHT RAIN 3 FREEZING RAIN 0
LT FREEZING RAIN 0 HAIL 0
HEAVY SNOW 0 SNOW 0
LIGHT SNOW 0 SLEET 0
FOG 19 FOG W/VIS <= 1/4 MILE 5
HAZE 7
- INDICATES NEGATIVE NUMBERS.
R INDICATES RECORD WAS SET OR TIED.
MM INDICATES DATA IS MISSING.
T INDICATES TRACE AMOUNT.
$$