000
CXUS53 KMKX 010910
CF6MSN
PRELIMINARY LOCAL CLIMATOLOGICAL DATA (WS FORM: F-6)
STATION: MADISON WI
MONTH: NOVEMBER
YEAR: 2022
LATITUDE: 43 7 N
LONGITUDE: 89 20 W
TEMPERATURE IN F: :PCPN: SNOW: WIND :SUNSHINE: SKY :PK WND
================================================================================
1 2 3 4 5 6A 6B 7 8 9 10 11 12 13 14 15 16 17 18
12Z AVG MX 2MIN
DY MAX MIN AVG DEP HDD CDD WTR SNW DPTH SPD SPD DIR MIN PSBL S-S WX SPD DR
================================================================================
1 70 33 52 9 13 0 0.00 0.0 0 3.3 12 190 M M 0 18 17 160
2 72 39 56 13 9 0 0.00 0.0 0 6.9 16 170 M M 0 21 170
3 71 46 59 17 6 0 0.00 0.0 0 11.6 24 190 M M 5 38 210
4 65 47 56 14 9 0 1.50 0.0 0 7.7 18 190 M M 8 13 30 190
5 62 44 53 12 12 0 0.61 0.0 0 13.5 35 190 M M 9 1 52 190
6 58 43 51 10 14 0 0.00 0.0 0 9.6 20 190 M M 5 33 200
7 49 35 42 2 23 0 0.00 0.0 0 6.8 13 320 M M 3 19 330
8 54 34 44 4 21 0 0.00 0.0 0 10.3 21 110 M M 5 25 110
9 69 48 59 19 6 0 0.00 0.0 0 11.1 20 170 M M 8 25 170
10 71 46 59 20 6 0 0.59 0.0 0 10.4 20 290 M M 7 1 33 270
11 46 30 38 -1 27 0 0.02 T 0 9.2 16 320 M M 9 4 23 310
12 35 30 33 -5 32 0 0.03 0.1 0 8.0 14 340 M M 10 15 22 340
13 33 22 28 -10 37 0 0.00 0.0 0 5.0 12 320 M M 7 20 330
14 37 20 29 -8 36 0 0.00 0.0 0 5.8 16 160 M M 6 21 170
15 34 30 32 -5 33 0 0.27 2.8 T 7.0 15 70 M M 10 1 20 70
16 34 28 31 -5 34 0 0.03 0.3 2 5.2 10 330 M M 9 1 15 280
17 32 25 29 -7 36 0 0.06 1.2 1 8.3 16 290 M M 9 12 30 280
18 26 19 23 -13 42 0 T 0.1 2 10.0 16 260 M M 9 29 290
19 25 12 19 -16 46 0 T 0.1 1 9.9 21 310 M M 6 33 280
20 32 10 21 -14 44 0 0.00 0.0 1 8.7 20 180 M M 3 26 190
21 41 21 31 -3 34 0 0.00 0.0 1 5.9 15 220 M M 1 27 230
22 43 18 31 -3 34 0 0.00 0.0 1 2.8 10 290 M M 2 17 300
23 52 23 38 5 27 0 0.00 0.0 T 2.6 10 170 M M 1 1 13 180
24 49 30 40 7 25 0 0.00 0.0 0 4.1 12 330 M M 5 1 17 320
25 51 29 40 8 25 0 0.00 0.0 0 4.9 13 330 M M 0 1 20 330
26 53 35 44 12 21 0 0.00 0.0 0 6.8 15 210 M M 4 26 200
27 44 24 34 2 31 0 0.00 0.0 0 6.9 23 20 M M 6 30 20
28 44 19 32 1 33 0 0.00 0.0 0 8.1 18 170 M M 5 26 170
29 52 27 40 9 25 0 0.26 0.0 0 12.6 21 310 M M 10 18 37 290
30 27 17 22 -8 43 0 T T 0 10.9 20 290 M M 6 37 300
================================================================================
SM 1431 884 784 0 3.37 4.6 233.9 M 168
================================================================================
AV 47.7 29.5 7.8 FASTST M M 6 MAX(MPH)
MISC ----> 35 190 52 190
================================================================================
NOTES:
# LAST OF SEVERAL OCCURRENCES
COLUMN 17 PEAK WIND IN M.P.H.
PRELIMINARY LOCAL CLIMATOLOGICAL DATA (WS FORM: F-6) , PAGE 2
STATION: MADISON WI
MONTH: NOVEMBER
YEAR: 2022
LATITUDE: 43 7 N
LONGITUDE: 89 20 W
[TEMPERATURE DATA] [PRECIPITATION DATA] SYMBOLS USED IN COLUMN 16
AVERAGE MONTHLY: 38.6 TOTAL FOR MONTH: 3.37 1 = FOG OR MIST
DPTR FM NORMAL: 1.9 DPTR FM NORMAL: 1.15 2 = FOG REDUCING VISIBILITY
HIGHEST: 72 ON 2 GRTST 24HR 2.06 ON 4- 5 TO 1/4 MILE OR LESS
LOWEST: 10 ON 20 3 = THUNDER
SNOW, ICE PELLETS, HAIL 4 = ICE PELLETS
TOTAL MONTH: 4.6 INCHES 5 = HAIL
GRTST 24HR 2.8 ON 15-15 6 = FREEZING RAIN OR DRIZZLE
GRTST DEPTH: 2 ON 18,16 7 = DUSTSTORM OR SANDSTORM:
VSBY 1/2 MILE OR LESS
8 = SMOKE OR HAZE
[NO. OF DAYS WITH] [WEATHER - DAYS WITH] 9 = BLOWING SNOW
X = TORNADO
MAX 32 OR BELOW: 5 0.01 INCH OR MORE: 9
MAX 90 OR ABOVE: 0 0.10 INCH OR MORE: 5
MIN 32 OR BELOW: 19 0.50 INCH OR MORE: 3
MIN 0 OR BELOW: 0 1.00 INCH OR MORE: 1
[HDD (BASE 65) ]
TOTAL THIS MO. 784 CLEAR (SCALE 0-3) 7
DPTR FM NORMAL -64 PTCLDY (SCALE 4-7) 14
TOTAL FM JUL 1 1375 CLOUDY (SCALE 8-10) 9
DPTR FM NORMAL -131
[CDD (BASE 65) ]
TOTAL THIS MO. 0
DPTR FM NORMAL 0 [PRESSURE DATA]
TOTAL FM JAN 1 787 HIGHEST SLP 30.67 ON 8
DPTR FM NORMAL 159 LOWEST SLP 29.24 ON 5
[REMARKS]
#FINAL-11-22#