339
CDUS43 KMPX 230629
CLIMSP


CLIMATE REPORT
NATIONAL WEATHER SERVICE CHANHASSEN MN
128 AM CDT MON APR 23 2018


...................................

...THE TWIN CITIES MN CLIMATE SUMMARY FOR APRIL 22 2018...

CLIMATE NORMAL PERIOD 1981 TO 2010
CLIMATE RECORD PERIOD 1871 TO 2018


WEATHER ITEM   OBSERVED TIME   RECORD YEAR NORMAL DEPARTURE LAST
                VALUE   (LST)  VALUE       VALUE  FROM      YEAR
                                                  NORMAL
..................................................................
TEMPERATURE (F)
 YESTERDAY
  MAXIMUM         64    437 PM  90    1980  61      3       69
  MINIMUM         34    543 AM  23    1874  40     -6       41
  AVERAGE         49                        51     -2       55

PRECIPITATION (IN)
  YESTERDAY        0.00          2.21 2001   0.09  -0.09     0.00
  MONTH TO DATE    2.17                      1.82   0.35     2.88
  SINCE MAR 1      3.36                      3.71  -0.35     3.56
  SINCE JAN 1      6.24                      5.38   0.86     5.18

SNOWFALL (IN)
  YESTERDAY        0.0           5.4  1963   0.0    0.0      0.0
  MONTH TO DATE   26.1                       2.0   24.1      0.5
  SINCE MAR 1     34.9                      12.3   22.6      5.2
  SINCE JUL 1     78.3                      54.0   24.3     32.0
  SNOW DEPTH       T

DEGREE DAYS
 HEATING
  YESTERDAY       16                        15      1       10
  MONTH TO DATE  737                       430    307      294
  SINCE MAR 1   1739                      1428    311     1249
  SINCE JUL 1   7430                      7218    212     5950

 COOLING
  YESTERDAY        0                         0      0        0
  MONTH TO DATE    0                         0      0        0
  SINCE MAR 1      0                         0      0        0
  SINCE JAN 1      0                         0      0        0
..................................................................


WIND (MPH)
  HIGHEST WIND SPEED    12   HIGHEST WIND DIRECTION    SE (150)
  HIGHEST GUST SPEED    15   HIGHEST GUST DIRECTION     S (160)
  AVERAGE WIND SPEED     3.6


SKY COVER
  POSSIBLE SUNSHINE  MM
  AVERAGE SKY COVER 0.1


WEATHER CONDITIONS
 THE FOLLOWING WEATHER WAS RECORDED YESTERDAY.
  NO SIGNIFICANT WEATHER WAS OBSERVED.


RELATIVE HUMIDITY (PERCENT)
 HIGHEST    82           400 AM
 LOWEST     34           300 PM
 AVERAGE    58

..........................................................


THE TWIN CITIES MN CLIMATE NORMALS FOR TODAY
                         NORMAL    RECORD    YEAR
 MAXIMUM TEMPERATURE (F)   62        86      1990
 MINIMUM TEMPERATURE (F)   41        19      1910


SUNRISE AND SUNSET
APRIL 23 2018.........SUNRISE   615 AM CDT   SUNSET   808 PM CDT
APRIL 24 2018.........SUNRISE   613 AM CDT   SUNSET   810 PM CDT


-  INDICATES NEGATIVE NUMBERS.
R  INDICATES RECORD WAS SET OR TIED.
MM INDICATES DATA IS MISSING.
T  INDICATES TRACE AMOUNT.




$$
