000
CDUS43 KMPX 160624
CLIMSP


CLIMATE REPORT
NATIONAL WEATHER SERVICE CHANHASSEN MN
124 AM CDT WED MAY 16 2018


...................................

...THE TWIN CITIES MN CLIMATE SUMMARY FOR MAY 15 2018...

CLIMATE NORMAL PERIOD 1981 TO 2010
CLIMATE RECORD PERIOD 1871 TO 2018


WEATHER ITEM   OBSERVED TIME   RECORD YEAR NORMAL DEPARTURE LAST
                VALUE   (LST)  VALUE       VALUE  FROM      YEAR
                                                  NORMAL
..................................................................
TEMPERATURE (F)
 YESTERDAY
  MAXIMUM         78    437 PM  94    2001  69      9       70
  MINIMUM         52    457 AM  31    1980  49      3       60
                                      1907
  AVERAGE         65                        59      6       65

PRECIPITATION (IN)
  YESTERDAY        0.00          1.95 1911   0.10  -0.10     0.24
  MONTH TO DATE    1.22                      1.63  -0.41     0.81
  SINCE MAR 1      4.62                      6.18  -1.56     5.94
  SINCE JAN 1      7.50                      7.85  -0.35     7.56

SNOWFALL (IN)
  YESTERDAY        0.0           0.8  1907   0.0    0.0      0.0
  MONTH TO DATE    0.0                       0.0    0.0       T
  SINCE MAR 1     34.9                      12.7   22.2      5.2
  SINCE JUL 1     78.3                      54.4   23.9     32.0
  SNOW DEPTH       0

DEGREE DAYS
 HEATING
  YESTERDAY        0                         7     -7        0
  MONTH TO DATE   55                       134    -79      102
  SINCE MAR 1   1879                      1662    217     1485
  SINCE JUL 1   7570                      7452    118     6186

 COOLING
  YESTERDAY        0                         1     -1        0
  MONTH TO DATE   17                        13      4        7
  SINCE MAR 1     21                        18      3        7
  SINCE JAN 1     21                        18      3        7
..................................................................


WIND (MPH)
  HIGHEST WIND SPEED    13   HIGHEST WIND DIRECTION    NE (40)
  HIGHEST GUST SPEED    23   HIGHEST GUST DIRECTION    NE (50)
  AVERAGE WIND SPEED     4.7


SKY COVER
  POSSIBLE SUNSHINE  MM
  AVERAGE SKY COVER 0.1


WEATHER CONDITIONS
 THE FOLLOWING WEATHER WAS RECORDED YESTERDAY.
  FOG
  FOG W/VISIBILITY <= 1/4 MILE


RELATIVE HUMIDITY (PERCENT)
 HIGHEST   100          1200 AM
 LOWEST     23           400 PM
 AVERAGE    62

..........................................................


THE TWIN CITIES MN CLIMATE NORMALS FOR TODAY
                         NORMAL    RECORD    YEAR
 MAXIMUM TEMPERATURE (F)   69        94      1934
 MINIMUM TEMPERATURE (F)   49        31      1929
                                             1890


SUNRISE AND SUNSET
MAY 16 2018...........SUNRISE   543 AM CDT   SUNSET   836 PM CDT
MAY 17 2018...........SUNRISE   542 AM CDT   SUNSET   837 PM CDT


-  INDICATES NEGATIVE NUMBERS.
R  INDICATES RECORD WAS SET OR TIED.
MM INDICATES DATA IS MISSING.
T  INDICATES TRACE AMOUNT.




$$
