158
CDUS43 KMPX 150804
CLIMSP


CLIMATE REPORT
NATIONAL WEATHER SERVICE CHANHASSEN MN
304 AM CDT SUN APR 15 2018


...................................

...THE TWIN CITIES MN CLIMATE SUMMARY FOR APRIL 14 2018...

CLIMATE NORMAL PERIOD 1981 TO 2010
CLIMATE RECORD PERIOD 1871 TO 2018


WEATHER ITEM   OBSERVED TIME   RECORD YEAR NORMAL DEPARTURE LAST
                VALUE   (LST)  VALUE       VALUE  FROM      YEAR
                                                  NORMAL
..................................................................
TEMPERATURE (F)
 YESTERDAY
  MAXIMUM         30    629 AM  89    2003  57    -27       66
  MINIMUM         22   1159 PM  18    1928  37    -15       48
                                      1926
  AVERAGE         26                        47    -21       57

PRECIPITATION (IN)
  YESTERDAY        0.79          1.56 1983   0.09   0.70     0.30
  MONTH TO DATE    1.95                      1.11   0.84     0.78
  SINCE MAR 1      3.14                      3.00   0.14     1.46
  SINCE JAN 1      6.02                      4.67   1.35     3.08

SNOWFALL (IN)
  YESTERDAY       11.1          13.6  1983   0.1   11.0      0.0
  MONTH TO DATE   22.5                       1.5   21.0      0.5
  SINCE MAR 1     31.3                      11.8   19.5      5.2
  SINCE JUL 1     74.7                      53.5   21.2     32.0
  SNOW DEPTH       1

DEGREE DAYS
 HEATING
  YESTERDAY       39                        18     21        8
  MONTH TO DATE  516                       301    215      201
  SINCE MAR 1   1518                      1299    219     1156
  SINCE JUL 1   7209                      7089    120     5857

 COOLING
  YESTERDAY        0                         0      0        0
  MONTH TO DATE    0                         0      0        0
  SINCE MAR 1      0                         0      0        0
  SINCE JAN 1      0                         0      0        0
..................................................................


WIND (MPH)
  HIGHEST WIND SPEED    33   HIGHEST WIND DIRECTION    NE (50)
  HIGHEST GUST SPEED    45   HIGHEST GUST DIRECTION    NE (30)
  AVERAGE WIND SPEED    20.0


SKY COVER
  POSSIBLE SUNSHINE  MM
  AVERAGE SKY COVER 1.0


WEATHER CONDITIONS
 THE FOLLOWING WEATHER WAS RECORDED YESTERDAY.
  THUNDERSTORM
  HEAVY SNOW
  SNOW
  LIGHT SNOW
  FOG
  FOG W/VISIBILITY <= 1/4 MILE
  HAZE
  BLOWING SNOW


RELATIVE HUMIDITY (PERCENT)
 HIGHEST   100           100 AM
 LOWEST     63           400 AM
 AVERAGE    82

..........................................................


THE TWIN CITIES MN CLIMATE NORMALS FOR TODAY
                         NORMAL    RECORD    YEAR
 MAXIMUM TEMPERATURE (F)   58        91      2002
 MINIMUM TEMPERATURE (F)   37        18      2014
                                             1935
                                             1875


SUNRISE AND SUNSET
APRIL 15 2018.........SUNRISE   628 AM CDT   SUNSET   758 PM CDT
APRIL 16 2018.........SUNRISE   627 AM CDT   SUNSET   800 PM CDT


-  INDICATES NEGATIVE NUMBERS.
R  INDICATES RECORD WAS SET OR TIED.
MM INDICATES DATA IS MISSING.
T  INDICATES TRACE AMOUNT.




$$
