000
CDUS43 KMPX 080024
CLIMSP


CLIMATE REPORT
NATIONAL WEATHER SERVICE CHANHASSEN MN
723 PM CDT SAT APR 7 2018


...................................

...THE TWIN CITIES MN CLIMATE SUMMARY FOR APRIL 7 2018...
VALID TODAY AS OF 0700 PM LOCAL TIME.

CLIMATE NORMAL PERIOD 1981 TO 2010
CLIMATE RECORD PERIOD 1871 TO 2018


WEATHER ITEM   OBSERVED TIME   RECORD YEAR NORMAL DEPARTURE LAST
                VALUE   (LST)  VALUE       VALUE  FROM      YEAR
                                                  NORMAL
..................................................................
TEMPERATURE (F)
 TODAY
  MAXIMUM         32    357 PM  83    1991  53    -21       60
  MINIMUM         12    613 AM   6    1936  33    -21       33
  AVERAGE         22                        43    -21       47

PRECIPITATION (IN)
  TODAY            0.00          1.72 1919   0.08  -0.08     0.00
  MONTH TO DATE    0.71                      0.52   0.19     0.12
  SINCE MAR 1      1.90                      2.41  -0.51     0.80
  SINCE JAN 1      4.78                      4.08   0.70     2.42

SNOWFALL (IN)
  TODAY            0.0           8.9  1923   0.1   -0.1      0.0
  MONTH TO DATE    9.0                       0.8    8.2      0.0
  SINCE MAR 1     17.8                      11.1    6.7      4.7
  SINCE JUL 1     61.2                      52.8    8.4     31.5
  SNOW DEPTH       3

DEGREE DAYS
 HEATING
  TODAY           43                        22     21       18
  MONTH TO DATE  293                       163    130      111
  SINCE MAR 1   1295                      1161    134     1066
  SINCE JUL 1   6986                      6951     35     5767

 COOLING
  TODAY            0                         0      0        0
  MONTH TO DATE    0                         0      0        0
  SINCE MAR 1      0                         0      0        0
  SINCE JAN 1      0                         0      0        0
..................................................................


WIND (MPH)
  HIGHEST WIND SPEED    20   HIGHEST WIND DIRECTION    NW (310)
  HIGHEST GUST SPEED    27   HIGHEST GUST DIRECTION    NW (300)
  AVERAGE WIND SPEED    10.4


SKY COVER
  POSSIBLE SUNSHINE  MM
  AVERAGE SKY COVER 0.1


WEATHER CONDITIONS
 THE FOLLOWING WEATHER WAS RECORDED TODAY.
  NO SIGNIFICANT WEATHER WAS OBSERVED.


RELATIVE HUMIDITY (PERCENT)
 HIGHEST    84           200 AM
 LOWEST     42          1100 AM
 AVERAGE    63

..........................................................


THE TWIN CITIES MN CLIMATE NORMALS FOR TOMORROW
                         NORMAL    RECORD    YEAR
 MAXIMUM TEMPERATURE (F)   54        83      1931
 MINIMUM TEMPERATURE (F)   34         9      1997


SUNRISE AND SUNSET
APRIL  7 2018.........SUNRISE   643 AM CDT   SUNSET   748 PM CDT
APRIL  8 2018.........SUNRISE   641 AM CDT   SUNSET   749 PM CDT


-  INDICATES NEGATIVE NUMBERS.
R  INDICATES RECORD WAS SET OR TIED.
MM INDICATES DATA IS MISSING.
T  INDICATES TRACE AMOUNT.




$$
