830
CDUS43 KMPX 220726
CLIMSP


CLIMATE REPORT
NATIONAL WEATHER SERVICE CHANHASSEN MN
224 AM CDT SUN APR 22 2018


...................................

...THE TWIN CITIES MN CLIMATE SUMMARY FOR APRIL 21 2018...

CLIMATE NORMAL PERIOD 1981 TO 2010
CLIMATE RECORD PERIOD 1871 TO 2018


WEATHER ITEM   OBSERVED TIME   RECORD YEAR NORMAL DEPARTURE LAST
                VALUE   (LST)  VALUE       VALUE  FROM      YEAR
                                                  NORMAL
..................................................................
TEMPERATURE (F)
 YESTERDAY
  MAXIMUM         60    321 PM  95    1980  61     -1       63
  MINIMUM         36    235 AM  22    1966  40     -4       37
  AVERAGE         48                        50     -2       50

PRECIPITATION (IN)
  YESTERDAY        0.00          0.74 1912   0.09  -0.09     0.00
  MONTH TO DATE    2.17                      1.73   0.44     2.88
  SINCE MAR 1      3.36                      3.62  -0.26     3.56
  SINCE JAN 1      6.24                      5.29   0.95     5.18

SNOWFALL (IN)
  YESTERDAY        0.0           4.8  1972   0.1   -0.1      0.0
  MONTH TO DATE   26.1                       2.0   24.1      0.5
  SINCE MAR 1     34.9                      12.3   22.6      5.2
  SINCE JUL 1     78.3                      54.0   24.3     32.0
  SNOW DEPTH       1

DEGREE DAYS
 HEATING
  YESTERDAY       17                        15      2       15
  MONTH TO DATE  721                       415    306      284
  SINCE MAR 1   1723                      1413    310     1239
  SINCE JUL 1   7414                      7203    211     5940

 COOLING
  YESTERDAY        0                         0      0        0
  MONTH TO DATE    0                         0      0        0
  SINCE MAR 1      0                         0      0        0
  SINCE JAN 1      0                         0      0        0
..................................................................


WIND (MPH)
  HIGHEST WIND SPEED     9   HIGHEST WIND DIRECTION     W (280)
  HIGHEST GUST SPEED    13   HIGHEST GUST DIRECTION     W (280)
  AVERAGE WIND SPEED     3.2


SKY COVER
  POSSIBLE SUNSHINE  MM
  AVERAGE SKY COVER 0.4


WEATHER CONDITIONS
 THE FOLLOWING WEATHER WAS RECORDED YESTERDAY.
  NO SIGNIFICANT WEATHER WAS OBSERVED.


RELATIVE HUMIDITY (PERCENT)
 HIGHEST    70           200 AM
 LOWEST     19          1200 PM
 AVERAGE    45

..........................................................


THE TWIN CITIES MN CLIMATE NORMALS FOR TODAY
                         NORMAL    RECORD    YEAR
 MAXIMUM TEMPERATURE (F)   61        90      1980
 MINIMUM TEMPERATURE (F)   40        23      1874


SUNRISE AND SUNSET
APRIL 22 2018.........SUNRISE   616 AM CDT   SUNSET   807 PM CDT
APRIL 23 2018.........SUNRISE   615 AM CDT   SUNSET   808 PM CDT


-  INDICATES NEGATIVE NUMBERS.
R  INDICATES RECORD WAS SET OR TIED.
MM INDICATES DATA IS MISSING.
T  INDICATES TRACE AMOUNT.




$$
