886
CDUS43 KMPX 242144
CLIMSP


CLIMATE REPORT
NATIONAL WEATHER SERVICE CHANHASSEN MN
443 PM CDT THU MAY 24 2018


...................................

...THE TWIN CITIES MN CLIMATE SUMMARY FOR MAY 24 2018...
VALID TODAY AS OF 0400 PM LOCAL TIME.

CLIMATE NORMAL PERIOD 1981 TO 2010
CLIMATE RECORD PERIOD 1871 TO 2018


WEATHER ITEM   OBSERVED TIME   RECORD YEAR NORMAL DEPARTURE LAST
                VALUE   (LST)  VALUE       VALUE  FROM      YEAR
                                                  NORMAL
..................................................................
TEMPERATURE (F)
 TODAY
  MAXIMUM         92    255 PM  95    2010  72     20       63
  MINIMUM         71    510 AM  32    1925  51     20       46
  AVERAGE         82                        62     20       55

PRECIPITATION (IN)
  TODAY            0.00          2.58 2012   0.11  -0.11     0.00
  MONTH TO DATE    1.25                      2.60  -1.35     4.77
  SINCE MAR 1      4.65                      7.15  -2.50     9.90
  SINCE JAN 1      7.53                      8.82  -1.29    11.52

SNOWFALL (IN)
  TODAY            0.0           T    1924   0.0    0.0      0.0
  MONTH TO DATE    0.0                       0.0    0.0       T
  SINCE MAR 1     34.9                      12.7   22.2      5.2
  SINCE JUL 1     78.3                      54.4   23.9     32.0
  SNOW DEPTH       0

DEGREE DAYS
 HEATING
  TODAY            0                         5     -5       10
  MONTH TO DATE   63                       188   -125      194
  SINCE MAR 1   1887                      1716    171     1577
  SINCE JUL 1   7578                      7506     72     6278

 COOLING
  TODAY           17                         2     15        0
  MONTH TO DATE   63                        24     39       15
  SINCE MAR 1     67                        29     38       15
  SINCE JAN 1     67                        29     38       15
..................................................................


WIND (MPH)
  HIGHEST WIND SPEED    24   HIGHEST WIND DIRECTION     S (180)
  HIGHEST GUST SPEED    34   HIGHEST GUST DIRECTION    SW (210)
  AVERAGE WIND SPEED    11.0


SKY COVER
  POSSIBLE SUNSHINE  MM
  AVERAGE SKY COVER 0.5


WEATHER CONDITIONS
 THE FOLLOWING WEATHER WAS RECORDED TODAY.
  NO SIGNIFICANT WEATHER WAS OBSERVED.


RELATIVE HUMIDITY (PERCENT)
 HIGHEST    84          1200 AM
 LOWEST     36           200 PM
 AVERAGE    60

..........................................................


THE TWIN CITIES MN CLIMATE NORMALS FOR TOMORROW
                         NORMAL    RECORD    YEAR
 MAXIMUM TEMPERATURE (F)   72        94      1978
 MINIMUM TEMPERATURE (F)   52        33      1901


SUNRISE AND SUNSET
MAY 24 2018...........SUNRISE   535 AM CDT   SUNSET   845 PM CDT
MAY 25 2018...........SUNRISE   535 AM CDT   SUNSET   846 PM CDT


-  INDICATES NEGATIVE NUMBERS.
R  INDICATES RECORD WAS SET OR TIED.
MM INDICATES DATA IS MISSING.
T  INDICATES TRACE AMOUNT.




$$
