000
CDUS43 KMPX 210623
CLIMSP


CLIMATE REPORT
NATIONAL WEATHER SERVICE CHANHASSEN MN
122 AM CDT SAT APR 21 2018


...................................

...THE TWIN CITIES MN CLIMATE SUMMARY FOR APRIL 20 2018...

CLIMATE NORMAL PERIOD 1981 TO 2010
CLIMATE RECORD PERIOD 1871 TO 2018


WEATHER ITEM   OBSERVED TIME   RECORD YEAR NORMAL DEPARTURE LAST
                VALUE   (LST)  VALUE       VALUE  FROM      YEAR
                                                  NORMAL
..................................................................
TEMPERATURE (F)
 YESTERDAY
  MAXIMUM         53    306 PM  83    1980  60     -7       52
  MINIMUM         28    555 AM  21    2013  39    -11       40
  AVERAGE         41                        50     -9       46

PRECIPITATION (IN)
  YESTERDAY        0.00          0.85 1893   0.09  -0.09     0.15
  MONTH TO DATE    2.17                      1.64   0.53     2.88
  SINCE MAR 1      3.36                      3.53  -0.17     3.56
  SINCE JAN 1      6.24                      5.20   1.04     5.18

SNOWFALL (IN)
  YESTERDAY        0.0           8.5  1893   0.1   -0.1      0.0
  MONTH TO DATE   26.1                       1.9   24.2      0.5
  SINCE MAR 1     34.9                      12.2   22.7      5.2
  SINCE JUL 1     78.3                      53.9   24.4     32.0
  SNOW DEPTH       3

DEGREE DAYS
 HEATING
  YESTERDAY       24                        15      9       19
  MONTH TO DATE  704                       400    304      269
  SINCE MAR 1   1706                      1398    308     1224
  SINCE JUL 1   7397                      7188    209     5925

 COOLING
  YESTERDAY        0                         0      0        0
  MONTH TO DATE    0                         0      0        0
  SINCE MAR 1      0                         0      0        0
  SINCE JAN 1      0                         0      0        0
..................................................................


WIND (MPH)
  HIGHEST WIND SPEED    10   HIGHEST WIND DIRECTION    SE (140)
  HIGHEST GUST SPEED    14   HIGHEST GUST DIRECTION     S (160)
  AVERAGE WIND SPEED     2.5


SKY COVER
  POSSIBLE SUNSHINE  MM
  AVERAGE SKY COVER 0.6


WEATHER CONDITIONS
 THE FOLLOWING WEATHER WAS RECORDED YESTERDAY.
  NO SIGNIFICANT WEATHER WAS OBSERVED.


RELATIVE HUMIDITY (PERCENT)
 HIGHEST    92           600 AM
 LOWEST     24           400 PM
 AVERAGE    58

..........................................................


THE TWIN CITIES MN CLIMATE NORMALS FOR TODAY
                         NORMAL    RECORD    YEAR
 MAXIMUM TEMPERATURE (F)   61        95      1980
 MINIMUM TEMPERATURE (F)   40        22      1966


SUNRISE AND SUNSET
APRIL 21 2018.........SUNRISE   618 AM CDT   SUNSET   806 PM CDT
APRIL 22 2018.........SUNRISE   616 AM CDT   SUNSET   807 PM CDT


-  INDICATES NEGATIVE NUMBERS.
R  INDICATES RECORD WAS SET OR TIED.
MM INDICATES DATA IS MISSING.
T  INDICATES TRACE AMOUNT.




$$
