000
CDUS43 KMPX 170045
CLIMSP


CLIMATE REPORT
NATIONAL WEATHER SERVICE CHANHASSEN MN
743 PM CDT WED MAY 16 2018


...................................

...THE TWIN CITIES MN CLIMATE SUMMARY FOR MAY 16 2018...
VALID TODAY AS OF 0500 PM LOCAL TIME.

CLIMATE NORMAL PERIOD 1981 TO 2010
CLIMATE RECORD PERIOD 1871 TO 2018


WEATHER ITEM   OBSERVED TIME   RECORD YEAR NORMAL DEPARTURE LAST
                VALUE   (LST)  VALUE       VALUE  FROM      YEAR
                                                  NORMAL
..................................................................
TEMPERATURE (F)
 TODAY
  MAXIMUM         87    417 PM  94    1934  69     18       84
  MINIMUM         55    233 AM  31    1929  49      6       61
                                      1890
  AVERAGE         71                        59     12       73

PRECIPITATION (IN)
  TODAY            0.00          1.10 1905   0.11  -0.11     0.35
  MONTH TO DATE    1.22                      1.74  -0.52     1.16
  SINCE MAR 1      4.62                      6.29  -1.67     6.29
  SINCE JAN 1      7.50                      7.96  -0.46     7.91

SNOWFALL (IN)
  TODAY            0.0           T    1916   0.0    0.0      0.0
  MONTH TO DATE    0.0                       0.0    0.0       T
  SINCE MAR 1     34.9                      12.7   22.2      5.2
  SINCE JUL 1     78.3                      54.4   23.9     32.0
  SNOW DEPTH       0

DEGREE DAYS
 HEATING
  TODAY            0                         7     -7        0
  MONTH TO DATE   55                       141    -86      102
  SINCE MAR 1   1879                      1669    210     1485
  SINCE JUL 1   7570                      7459    111     6186

 COOLING
  TODAY            6                         1      5        8
  MONTH TO DATE   23                        14      9       15
  SINCE MAR 1     27                        19      8       15
  SINCE JAN 1     27                        19      8       15
..................................................................


WIND (MPH)
  HIGHEST WIND SPEED    15   HIGHEST WIND DIRECTION     W (250)
  HIGHEST GUST SPEED    22   HIGHEST GUST DIRECTION     W (270)
  AVERAGE WIND SPEED     5.6


SKY COVER
  POSSIBLE SUNSHINE  MM
  AVERAGE SKY COVER 0.1


WEATHER CONDITIONS
 THE FOLLOWING WEATHER WAS RECORDED TODAY.
  NO SIGNIFICANT WEATHER WAS OBSERVED.


RELATIVE HUMIDITY (PERCENT)
 HIGHEST    77           300 AM
 LOWEST     29           400 PM
 AVERAGE    53

..........................................................


THE TWIN CITIES MN CLIMATE NORMALS FOR TOMORROW
                         NORMAL    RECORD    YEAR
 MAXIMUM TEMPERATURE (F)   70        93      1987
 MINIMUM TEMPERATURE (F)   49        31      1915


SUNRISE AND SUNSET
MAY 16 2018...........SUNRISE   543 AM CDT   SUNSET   836 PM CDT
MAY 17 2018...........SUNRISE   542 AM CDT   SUNSET   837 PM CDT


-  INDICATES NEGATIVE NUMBERS.
R  INDICATES RECORD WAS SET OR TIED.
MM INDICATES DATA IS MISSING.
T  INDICATES TRACE AMOUNT.




$$
