000
CDUS43 KMPX 202134
CLIMSP


CLIMATE REPORT
NATIONAL WEATHER SERVICE CHANHASSEN MN
434 PM CDT SUN MAY 20 2018


...................................

...THE TWIN CITIES MN CLIMATE SUMMARY FOR MAY 20 2018...
VALID TODAY AS OF 0400 PM LOCAL TIME.

CLIMATE NORMAL PERIOD 1981 TO 2010
CLIMATE RECORD PERIOD 1871 TO 2018


WEATHER ITEM   OBSERVED TIME   RECORD YEAR NORMAL DEPARTURE LAST
                VALUE   (LST)  VALUE       VALUE  FROM      YEAR
                                                  NORMAL
..................................................................
TEMPERATURE (F)
 TODAY
  MAXIMUM         72    257 PM  94    2009  71      1       51
  MINIMUM         46    551 AM  31    1892  50     -4       42
  AVERAGE         59                        60     -1       47

PRECIPITATION (IN)
  TODAY            0.00          1.47 2017   0.11  -0.11     1.47
  MONTH TO DATE    1.25                      2.17  -0.92     4.71
  SINCE MAR 1      4.65                      6.72  -2.07     9.84
  SINCE JAN 1      7.53                      8.39  -0.86    11.46

SNOWFALL (IN)
  TODAY            0.0           3.0  1892   0.0    0.0      0.0
  MONTH TO DATE    0.0                       0.0    0.0       T
  SINCE MAR 1     34.9                      12.7   22.2      5.2
  SINCE JUL 1     78.3                      54.4   23.9     32.0
  SNOW DEPTH       0

DEGREE DAYS
 HEATING
  TODAY            6                         6      0       18
  MONTH TO DATE   64                       166   -102      149
  SINCE MAR 1   1888                      1694    194     1532
  SINCE JUL 1   7579                      7484     95     6233

 COOLING
  TODAY            0                         1     -1        0
  MONTH TO DATE   36                        18     18       15
  SINCE MAR 1     40                        23     17       15
  SINCE JAN 1     40                        23     17       15
..................................................................


WIND (MPH)
  HIGHEST WIND SPEED    18   HIGHEST WIND DIRECTION    NE (60)
  HIGHEST GUST SPEED    24   HIGHEST GUST DIRECTION    NE (60)
  AVERAGE WIND SPEED    10.9


SKY COVER
  POSSIBLE SUNSHINE  MM
  AVERAGE SKY COVER 0.6


WEATHER CONDITIONS
 THE FOLLOWING WEATHER WAS RECORDED TODAY.
  NO SIGNIFICANT WEATHER WAS OBSERVED.


RELATIVE HUMIDITY (PERCENT)
 HIGHEST    71           400 AM
 LOWEST     25           300 PM
 AVERAGE    48

..........................................................


THE TWIN CITIES MN CLIMATE NORMALS FOR TOMORROW
                         NORMAL    RECORD    YEAR
 MAXIMUM TEMPERATURE (F)   71        92      1964
 MINIMUM TEMPERATURE (F)   51        33      1997


SUNRISE AND SUNSET
MAY 20 2018...........SUNRISE   539 AM CDT   SUNSET   841 PM CDT
MAY 21 2018...........SUNRISE   538 AM CDT   SUNSET   842 PM CDT


-  INDICATES NEGATIVE NUMBERS.
R  INDICATES RECORD WAS SET OR TIED.
MM INDICATES DATA IS MISSING.
T  INDICATES TRACE AMOUNT.




$$
